{"id":81,"date":"2020-06-30T11:42:08","date_gmt":"2020-06-30T11:42:08","guid":{"rendered":"https:\/\/edublog.educastur.es\/espaolparatodosytodas\/?page_id=81"},"modified":"2021-01-30T10:33:20","modified_gmt":"2021-01-30T10:33:20","slug":"canciones-para-aprender-espanol","status":"publish","type":"page","link":"https:\/\/edublog.educastur.es\/espaolparatodosytodas\/canciones-para-aprender-espanol\/","title":{"rendered":"Canciones para aprender espa\u00f1ol"},"content":{"rendered":"<p style=\"text-align: justify\">Las canciones son herramientas muy \u00fatiles para aprender espa\u00f1ol. Es un ejercicio que nos gusta mucho a todos y a todas. Es perfecto para reconocer y practicar la expresi\u00f3n oral, as\u00ed como para aprender vocabulario nuevo.<\/p>\n<p style=\"text-align: justify\">La m\u00fasica nos motiva y las tem\u00e1ticas de las canciones pueden ser muy diversas y variadas: amor, desamor, amistad, libertad, rencor&#8230; pero tambi\u00e9n se pueden aprender los d\u00edas de la semana, los utensilios de cocina, se pueden trabajar cuestiones gramaticales como el uso de pronombres, adjetivos o verbos, es decir, podemos observar c\u00f3mo se conjugan los verbos en presente, pasado, futuro, imperativo, etc.<\/p>\n<p><img loading=\"lazy\" decoding=\"async\" class=\"size-full wp-image-287 aligncenter\" src=\"http:\/\/edublog.educastur.es\/espaolparatodosytodas\/files\/2021\/01\/cantantes.jpg\" alt=\"\" width=\"655\" height=\"300\" srcset=\"https:\/\/edublog.educastur.es\/espaolparatodosytodas\/files\/2021\/01\/cantantes.jpg 655w, https:\/\/edublog.educastur.es\/espaolparatodosytodas\/files\/2021\/01\/cantantes-300x137.jpg 300w\" sizes=\"auto, (max-width: 655px) 100vw, 655px\" \/><\/p>\n<p style=\"text-align: justify\">En este apartado os recomendamos algunas canciones para practicar la expresi\u00f3n oral, el vocabulario, algunas cuestiones gramaticales y algunos ejercicios para practicar. \u00a1An\u00edmate, escucha, juega y aprende!<\/p>\n<p style=\"text-align: justify\"><b>1.-\u00a0<i>El men\u00fa<\/i>\u00a0de Golden Apple Quartet.\u00a0<\/b>Podemos aprender vocabulario relacionado con el\u00a0men\u00fa, que es un conjunto de platos que constituyen una comida. Tambi\u00e9n significa carta de un restaurante.<\/p>\n<p style=\"text-align: justify\"><a href=\"https:\/\/www.youtube.com\/watch?v=2Nde-HoCpaA\">https:\/\/www.youtube.com\/watch?v=2Nde-HoCpaA<\/a><\/p>\n<p style=\"text-align: justify\"><b>2.- El baile del cuerpo de Coreokds<\/b>. Interesante para practicar algunas partes del cuerpo y hace ejercicio en casa y en cualquier lugar.<\/p>\n<p style=\"text-align: justify\"><a href=\"https:\/\/www.youtube.com\/watch?v=z6DoPp-LkTA\">https:\/\/www.youtube.com\/watch?v=z6DoPp-LkTA<\/a><\/p>\n<p style=\"text-align: justify\"><b>3.-\u00a0<i>Volar<\/i>\u00a0de \u00c1lvaro Soler<\/b>. El t\u00e9rmino volar se emplea como sin\u00f3nimo de libertad. Es interesante que la parte subtitulada incluida en la propia canci\u00f3n que nos ayuda a comprender su contenido.<\/p>\n<p><a href=\"https:\/\/www.youtube.com\/watch?v=x5SHQShUSSI\">https:\/\/www.youtube.com\/watch?v=x5SHQShUSSI<\/a><\/p>\n<p style=\"text-align: justify\"><b>4.-\u00a0<i>Soy una taza<\/i>\u00a0de CantaJuego<\/b>. Interesante para aprender los utensilios m\u00e1s b\u00e1sicos que nos podemos encontrar en la cocina y que utilizamos normalmente cuando desayunamos, comemos o cenamos.<\/p>\n<p style=\"text-align: justify\"><a href=\"https:\/\/www.youtube.com\/watch?v=fTzTFQbdYEQ\">https:\/\/www.youtube.com\/watch?v=fTzTFQbdYEQ<\/a><\/p>\n<p style=\"text-align: justify\"><b>5.-\u00a0\u00a0<i>Verano<\/i>\u00a0de CantaJuego<\/b>. Se pueden trabajar las estaciones, en este caso el verano, qu\u00e9 se hace y c\u00f3mo es el clima. Tambi\u00e9n se puede trabajar la canci\u00f3n\u00a0<b><i>D\u00edas de verano<\/i>\u00a0de Amaral<\/b>.<\/p>\n<p style=\"text-align: justify\"><a href=\"https:\/\/www.youtube.com\/watch?v=8JHcQe5vv-w\">https:\/\/www.youtube.com\/watch?v=8JHcQe5vv-w<\/a><\/p>\n<p style=\"text-align: justify\"><b>6.-\u00a0<i>Pen\u00e9lope<\/i>\u00a0de Joan Manuel Serrat<\/b>. Se pueden tener en cuenta aspectos textuales como la narraci\u00f3n,\u00a0 la descripci\u00f3n y el di\u00e1logo. Se incluye el v\u00eddeo con los subt\u00edtulos.<\/p>\n<p style=\"text-align: justify\"><a href=\"https:\/\/www.youtube.com\/watch?v=GXGYBybj5qo\">https:\/\/www.youtube.com\/watch?v=GXGYBybj5qo<\/a><\/p>\n<p style=\"text-align: justify\"><b>7.-\u00a0<i>La Reina del Pop<\/i>\u00a0de La Oreja de Van Gogh<\/b>. Interesante para trabajar los verbos en presente,\u00a0 infinitivos y las per\u00edfrasis verbales.<\/p>\n<p style=\"text-align: justify\"><a href=\"https:\/\/www.youtube.com\/watch?v=wNgETv6Pn7E\">https:\/\/www.youtube.com\/watch?v=wNgETv6Pn7E<\/a><\/p>\n<p style=\"text-align: justify\"><b>8.-\u00a0<i>Marta, Sebas, Guille y los dem\u00e1s\u00a0<\/i>de Amaral<\/b>. Canci\u00f3n que exalta la amistad. Se puede trabajar la narraci\u00f3n y la descripci\u00f3n, as\u00ed como la situaci\u00f3n social y los verbo.<\/p>\n<p style=\"text-align: justify\"><a href=\"https:\/\/www.youtube.com\/watch?v=HPX-b6ZQD0s\">https:\/\/www.youtube.com\/watch?v=HPX-b6ZQD0s<\/a><\/p>\n<p style=\"text-align: justify\"><b>9.-\u00a0<i>A Dios le pido<\/i>\u00a0de Juanes<\/b>. Se puede practicar el vocabulario relacionado con la familia, pronombres personales, uso del voseo (\u00abvos\u00bb en vez \u00abt\u00fa\u00bb), verbos en presente.<\/p>\n<p style=\"text-align: justify\"><a href=\"https:\/\/www.youtube.com\/watch?v=kMIaYXxLnUA\">https:\/\/www.youtube.com\/watch?v=kMIaYXxLnUA<\/a><\/p>\n<p style=\"text-align: justify\"><b>10.-\u00a0<i>Despacito<\/i>\u00a0de Luis Fonsi y Daddy Yankee<\/b>. Canci\u00f3n muy conocida, se pueden trabajar los verbos en presente y en pasado, as\u00ed como los pronombres, los diminutivos, tambi\u00e9n se podr\u00eda abordar el lenguaje figurado.<\/p>\n<p style=\"text-align: justify\"><a href=\"https:\/\/www.youtube.com\/watch?v=kJQP7kiw5Fk\">https:\/\/www.youtube.com\/watch?v=kJQP7kiw5Fk<\/a><\/p>\n<p style=\"text-align: justify\"><b>EJERCICIO: <\/b><\/p>\n<p style=\"text-align: justify\"><b>Escucha la canci\u00f3n de Julieta Venegas titulada\u00a0<i>Me voy<\/i>\u00a0y completa las palabras que faltan<\/b>.<\/p>\n<p style=\"text-align: justify\"><a href=\"https:\/\/www.youtube.com\/watch?v=y8rBC6GCUjg\">https:\/\/www.youtube.com\/watch?v=y8rBC6GCUjg<\/a><\/p>\n<p>Por que no supiste entender a mi coraz\u00f3n<br \/>\nLo que hab\u00eda en\u00a0<b>_______<\/b><\/p>\n<p>Por que no\u00a0<b>__________ <\/b>el valor de ver quien<b>\u00a0_____<\/b><\/p>\n<p>Por que no\u00a0<b>__________\u00a0<\/b>lo que esta tan cerca de ti<br \/>\nSolo el ruido de afuera y\u00a0<b>_______<\/b><br \/>\nQue\u00a0<b>_________<\/b>a un lado desaparezco para ti<\/p>\n<p>No\u00a0<b>_________________\u00a0<\/b>y decir<br \/>\nQue no merezco esto<br \/>\nPor que<br \/>\nEs probable que<br \/>\nLo merezco, pero no lo quiero por eso\u00a0<b>_____________<\/b><\/p>\n<p>Que l\u00e1stima pero\u00a0<b>__________<\/b><br \/>\nMe despido de ti y me voy<br \/>\nQue l\u00e1stima pero\u00a0<b>__________-<\/b><br \/>\nMe _________ de ti<\/p>\n<p>Por que\u00a0<b>_______\u00a0<\/b>que me espera algo mejor<br \/>\nAlguien que sepa darme\u00a0<b>_______<\/b><br \/>\nDe ese que endulza la\u00a0<b>______<br \/>\n<\/b>Y hace que salga el\u00a0<b>_______<\/b><br \/>\nYo que pens\u00e9 nunca\u00a0<b>______ <\/b>de ti<br \/>\nQue es amor del bueno de toda la vida<br \/>\nPero hoy entend\u00ed que no hay suficiente para los\u00a0<b>______<\/b><\/p>\n<p>No voy a llorar y decir<br \/>\nQue no merezco esto<br \/>\nPorque ______ probable que<br \/>\nLo merezco, pero _____ lo quiero por eso ________<\/p>\n<p>Que lastima pero _______<br \/>\nMe ________ de ti y me voy<br \/>\nQue l\u00e1stima pero adi\u00f3s<br \/>\nMe despido de ti y\u2026<\/p>\n<p>Me voy<br \/>\nQue ________ pero adi\u00f3s<br \/>\nMe __________ de ti y me voy<br \/>\nQue l\u00e1stima pero adi\u00f3s<br \/>\nMe despido de ti y me voy<\/p>\n<p>Que l\u00e1stima pero adi\u00f3s<br \/>\nMe despido de ti y me voy<br \/>\nQue ___________ pero adi\u00f3s<br \/>\n_____________ de ti y me voy<\/p>\n<p><img loading=\"lazy\" decoding=\"async\" class=\"size-full wp-image-289 aligncenter\" src=\"http:\/\/edublog.educastur.es\/espaolparatodosytodas\/files\/2021\/01\/juli.jpg\" alt=\"\" width=\"300\" height=\"300\" srcset=\"https:\/\/edublog.educastur.es\/espaolparatodosytodas\/files\/2021\/01\/juli.jpg 300w, https:\/\/edublog.educastur.es\/espaolparatodosytodas\/files\/2021\/01\/juli-150x150.jpg 150w, https:\/\/edublog.educastur.es\/espaolparatodosytodas\/files\/2021\/01\/juli-88x88.jpg 88w\" sizes=\"auto, (max-width: 300px) 100vw, 300px\" \/><\/p>\n","protected":false},"excerpt":{"rendered":"<p>Las canciones son herramientas muy \u00fatiles para aprender espa\u00f1ol. Es un ejercicio que nos gusta mucho a todos y a todas. Es perfecto para reconocer y practicar la expresi\u00f3n oral, as\u00ed como para aprender vocabulario nuevo. La m\u00fasica nos motiva y las tem\u00e1ticas de las canciones pueden ser muy diversas y variadas: amor, desamor, amistad, [&hellip;]<\/p>\n","protected":false},"author":36,"featured_media":0,"parent":0,"menu_order":0,"comment_status":"closed","ping_status":"closed","template":"","meta":{"footnotes":""},"class_list":["post-81","page","type-page","status-publish","hentry"],"_links":{"self":[{"href":"https:\/\/edublog.educastur.es\/espaolparatodosytodas\/wp-json\/wp\/v2\/pages\/81","targetHints":{"allow":["GET"]}}],"collection":[{"href":"https:\/\/edublog.educastur.es\/espaolparatodosytodas\/wp-json\/wp\/v2\/pages"}],"about":[{"href":"https:\/\/edublog.educastur.es\/espaolparatodosytodas\/wp-json\/wp\/v2\/types\/page"}],"author":[{"embeddable":true,"href":"https:\/\/edublog.educastur.es\/espaolparatodosytodas\/wp-json\/wp\/v2\/users\/36"}],"replies":[{"embeddable":true,"href":"https:\/\/edublog.educastur.es\/espaolparatodosytodas\/wp-json\/wp\/v2\/comments?post=81"}],"version-history":[{"count":6,"href":"https:\/\/edublog.educastur.es\/espaolparatodosytodas\/wp-json\/wp\/v2\/pages\/81\/revisions"}],"predecessor-version":[{"id":290,"href":"https:\/\/edublog.educastur.es\/espaolparatodosytodas\/wp-json\/wp\/v2\/pages\/81\/revisions\/290"}],"wp:attachment":[{"href":"https:\/\/edublog.educastur.es\/espaolparatodosytodas\/wp-json\/wp\/v2\/media?parent=81"}],"curies":[{"name":"wp","href":"https:\/\/api.w.org\/{rel}","templated":true}]}}