{"id":2,"date":"2021-01-18T18:10:32","date_gmt":"2021-01-18T18:10:32","guid":{"rendered":"https:\/\/edublog.educastur.es\/estrehistoria\/?page_id=2"},"modified":"2021-01-21T14:46:54","modified_gmt":"2021-01-21T14:46:54","slug":"acerca_de","status":"publish","type":"page","link":"https:\/\/edublog.educastur.es\/estrehistoria\/","title":{"rendered":"Acerca del blog"},"content":{"rendered":"\r\n<h1>El Blog de Historia de 2\u00ba ESO Estrella.\u00a0<\/h1>\r\n<p>\u00a1Bienvenidos! Soy profesora de geograf\u00eda e historia, tratando de introduciros en el mundo blog voy a crear uno para trabajar todos juntos. En este blog encontrar\u00e9is toda la informaci\u00f3n de cada uno de los temas que veremos en el aula, as\u00ed como im\u00e1genes y enlaces de inter\u00e9s a p\u00e1ginas web o videos explicativos sobre la materia.\u00a0<\/p>\r\n\r\n\r\n","protected":false},"excerpt":{"rendered":"<p>El Blog de Historia de 2\u00ba ESO Estrella.\u00a0 \u00a1Bienvenidos! Soy profesora de geograf\u00eda e historia, tratando de introduciros en el mundo blog voy a crear uno para trabajar todos juntos. En este blog encontrar\u00e9is toda la informaci\u00f3n de cada uno de los temas que veremos en el aula, as\u00ed como im\u00e1genes y enlaces de inter\u00e9s &hellip; <a href=\"https:\/\/edublog.educastur.es\/estrehistoria\/\" class=\"more-link\">Contin\u00faa leyendo <span class=\"screen-reader-text\">Acerca del blog<\/span><\/a><\/p>\n","protected":false},"author":430,"featured_media":0,"parent":0,"menu_order":0,"comment_status":"closed","ping_status":"open","template":"","meta":{"footnotes":""},"class_list":["post-2","page","type-page","status-publish","hentry"],"_links":{"self":[{"href":"https:\/\/edublog.educastur.es\/estrehistoria\/wp-json\/wp\/v2\/pages\/2","targetHints":{"allow":["GET"]}}],"collection":[{"href":"https:\/\/edublog.educastur.es\/estrehistoria\/wp-json\/wp\/v2\/pages"}],"about":[{"href":"https:\/\/edublog.educastur.es\/estrehistoria\/wp-json\/wp\/v2\/types\/page"}],"author":[{"embeddable":true,"href":"https:\/\/edublog.educastur.es\/estrehistoria\/wp-json\/wp\/v2\/users\/430"}],"replies":[{"embeddable":true,"href":"https:\/\/edublog.educastur.es\/estrehistoria\/wp-json\/wp\/v2\/comments?post=2"}],"version-history":[{"count":1,"href":"https:\/\/edublog.educastur.es\/estrehistoria\/wp-json\/wp\/v2\/pages\/2\/revisions"}],"predecessor-version":[{"id":19,"href":"https:\/\/edublog.educastur.es\/estrehistoria\/wp-json\/wp\/v2\/pages\/2\/revisions\/19"}],"wp:attachment":[{"href":"https:\/\/edublog.educastur.es\/estrehistoria\/wp-json\/wp\/v2\/media?parent=2"}],"curies":[{"name":"wp","href":"https:\/\/api.w.org\/{rel}","templated":true}]}}