{"id":10,"date":"2024-02-12T17:35:13","date_gmt":"2024-02-12T16:35:13","guid":{"rendered":"https:\/\/edublog.educastur.es\/federicamariabarcaro\/?page_id=10"},"modified":"2024-02-22T20:10:53","modified_gmt":"2024-02-22T19:10:53","slug":"sobre-el-blog","status":"publish","type":"page","link":"https:\/\/edublog.educastur.es\/federicamariabarcaro\/sobre-el-blog\/","title":{"rendered":"SOBRE EL BLOG"},"content":{"rendered":"<p>Soy Federica y soy profesora de la Escuela de Idiomas de Oviedo.<\/p>\n<p>Ense\u00f1o italiano que es mi idioma nativo y con este blog quiero compartir con mis alumnos informaci\u00f3n, ejercicios, explicaciones de gram\u00e1tica italiana para el repaso y para profundizar los temas que iremos desarrollando en clase.<\/p>\n<p>Aqu\u00ed\u00a0 os dejo tambi\u00e9n el enlace con la presentaci\u00f3n en biteable de mi perfil y otras curiosidades.<img loading=\"lazy\" decoding=\"async\" class=\"alignnone size-medium wp-image-11\" src=\"http:\/\/edublog.educastur.es\/federicamariabarcaro\/files\/2024\/02\/me-stessa-169x300.jpeg\" alt=\"\" width=\"169\" height=\"300\" srcset=\"https:\/\/edublog.educastur.es\/federicamariabarcaro\/files\/2024\/02\/me-stessa-169x300.jpeg 169w, https:\/\/edublog.educastur.es\/federicamariabarcaro\/files\/2024\/02\/me-stessa-576x1024.jpeg 576w, https:\/\/edublog.educastur.es\/federicamariabarcaro\/files\/2024\/02\/me-stessa-768x1365.jpeg 768w, https:\/\/edublog.educastur.es\/federicamariabarcaro\/files\/2024\/02\/me-stessa-864x1536.jpeg 864w, https:\/\/edublog.educastur.es\/federicamariabarcaro\/files\/2024\/02\/me-stessa-1152x2048.jpeg 1152w, https:\/\/edublog.educastur.es\/federicamariabarcaro\/files\/2024\/02\/me-stessa-scaled.jpeg 1440w\" sizes=\"auto, (max-width: 169px) 100vw, 169px\" \/>\u00a0 \u00a0 <a href=\"https:\/\/biteable.com\/watch\/2886309\/9d35bc6fe9fa54bf2464a864c94fa833\">ENLACE A MI PRESENTACI\u00d3N<\/a><\/p>\n<p><a href=\"http:\/\/&lt;div style=&quot;position: relative; width: 100%; height: 0; padding-top: 250.0000%; padding-bottom: 0; box-shadow: 0 2px 8px 0 rgba(63,69,81,0.16); margin-top: 1.6em; margin-bottom: 0.9em; overflow: hidden; border-radius: 8px; will-change: transform;&quot;&gt; &lt;iframe loading=&quot;lazy&quot; style=&quot;position: absolute; width: 100%; height: 100%; top: 0; left: 0; border: none; padding: 0;margin: 0;&quot; src=&quot;https:\/\/www.canva.com\/design\/DAF8TpggAmQ\/SfBkl4ersh_JNLeTlQtouA\/view?embed&quot; allowfullscreen=&quot;allowfullscreen&quot; allow=&quot;fullscreen&quot;&gt; &lt;\/iframe&gt; &lt;\/div&gt; &lt;a href=&quot;https:\/\/www.canva.com\/design\/DAF8TpggAmQ\/SfBkl4ersh_JNLeTlQtouA\/view?utm_content=DAF8TpggAmQ&amp;amp;utm_campaign=designshare&amp;amp;utm_medium=embeds&amp;amp;utm_source=link&quot; target=&quot;_blank&quot; rel=&quot;noopener&quot;&gt;INFOGRAF\u00cdA NETIQUETA&lt;\/a&gt; di Federica Maria Barcaro\">INFOGRAFIA<\/a><\/p>\n<p><a href=\"https:\/\/www.canva.com\/design\/DAF8TpggAmQ\/SfBkl4ersh_JNLeTlQtouA\/view\">INFOGRAFIA1<\/a><\/p>\n<p><a href=\"http:\/\/[div style=&quot;position: relative; width: 100%; height: 0; padding-top: 250.0000%; padding-bottom: 0; box-shadow: 0 2px 8px 0 rgba(63,69,81,0.16); margin-top: 1.6em; margin-bottom: 0.9em; overflow: hidden; border-radius: 8px; will-change: transform;&quot;&gt; &lt;iframe loading=&quot;lazy&quot; style=&quot;position: absolute; width: 100%; height: 100%; top: 0; left: 0; border: none; padding: 0;margin: 0;&quot; src=&quot;https:\/\/www.canva.com\/design\/DAF8TpggAmQ\/SfBkl4ersh_JNLeTlQtouA\/view?embed&quot; allowfullscreen=&quot;allowfullscreen&quot; allow=&quot;fullscreen&quot;&gt; &lt;\/iframe&gt; &lt;\/div&gt; &lt;a href=&quot;https:\/\/www.canva.com\/design\/DAF8TpggAmQ\/SfBkl4ersh_JNLeTlQtouA\/view?utm_content=DAF8TpggAmQ&amp;amp;utm_campaign=designshare&amp;amp;utm_medium=embeds&amp;amp;utm_source=link&quot; target=&quot;_blank&quot; rel=&quot;noopener&quot;&gt;INFOGRAF\u00cdA NETIQUETA&lt;\/]\">INFOGRAFIA2<\/a><\/p>\n<p>&nbsp;<\/p>\n<p><a href=\"https:\/\/edublog.educastur.es\/federicamariabarcaro\/\" rel=\"cc:attributionURL\">Aprende italiano<\/a> by Federica is licensed under <a href=\"http:\/\/creativecommons.org\/licenses\/by-nc\/4.0\/?ref=chooser-v1\" target=\"_blank\" rel=\"license noopener noreferrer\">CC BY-NC 4.0<img decoding=\"async\" style=\"height: 22px!important;margin-left: 3px;vertical-align: text-bottom\" src=\"https:\/\/mirrors.creativecommons.org\/presskit\/icons\/cc.svg?ref=chooser-v1\" \/><img decoding=\"async\" style=\"height: 22px!important;margin-left: 3px;vertical-align: text-bottom\" src=\"https:\/\/mirrors.creativecommons.org\/presskit\/icons\/by.svg?ref=chooser-v1\" \/><img decoding=\"async\" style=\"height: 22px!important;margin-left: 3px;vertical-align: text-bottom\" src=\"https:\/\/mirrors.creativecommons.org\/presskit\/icons\/nc.svg?ref=chooser-v1\" \/><\/a><\/p>\n<p>&nbsp;<\/p>\n<p>&nbsp;<\/p>\n","protected":false},"excerpt":{"rendered":"<p>Soy Federica y soy profesora de la Escuela de Idiomas de Oviedo. Ense\u00f1o italiano que es mi idioma nativo y con este blog quiero compartir con mis alumnos informaci\u00f3n, ejercicios, explicaciones de gram\u00e1tica italiana para el repaso y para profundizar los temas que iremos desarrollando en clase. Aqu\u00ed\u00a0 os dejo tambi\u00e9n el enlace con la [&hellip;]<\/p>\n","protected":false},"author":3955,"featured_media":0,"parent":0,"menu_order":0,"comment_status":"closed","ping_status":"closed","template":"","meta":{"footnotes":""},"class_list":["post-10","page","type-page","status-publish","hentry","post-preview"],"_links":{"self":[{"href":"https:\/\/edublog.educastur.es\/federicamariabarcaro\/wp-json\/wp\/v2\/pages\/10","targetHints":{"allow":["GET"]}}],"collection":[{"href":"https:\/\/edublog.educastur.es\/federicamariabarcaro\/wp-json\/wp\/v2\/pages"}],"about":[{"href":"https:\/\/edublog.educastur.es\/federicamariabarcaro\/wp-json\/wp\/v2\/types\/page"}],"author":[{"embeddable":true,"href":"https:\/\/edublog.educastur.es\/federicamariabarcaro\/wp-json\/wp\/v2\/users\/3955"}],"replies":[{"embeddable":true,"href":"https:\/\/edublog.educastur.es\/federicamariabarcaro\/wp-json\/wp\/v2\/comments?post=10"}],"version-history":[{"count":7,"href":"https:\/\/edublog.educastur.es\/federicamariabarcaro\/wp-json\/wp\/v2\/pages\/10\/revisions"}],"predecessor-version":[{"id":49,"href":"https:\/\/edublog.educastur.es\/federicamariabarcaro\/wp-json\/wp\/v2\/pages\/10\/revisions\/49"}],"wp:attachment":[{"href":"https:\/\/edublog.educastur.es\/federicamariabarcaro\/wp-json\/wp\/v2\/media?parent=10"}],"curies":[{"name":"wp","href":"https:\/\/api.w.org\/{rel}","templated":true}]}}