{"id":343,"date":"2021-03-12T09:55:22","date_gmt":"2021-03-12T09:55:22","guid":{"rendered":"https:\/\/edublog.educastur.es\/igualmente\/?page_id=343"},"modified":"2024-11-26T18:59:41","modified_gmt":"2024-11-26T18:59:41","slug":"concurso-de-microrrelatos-del-cifp-hosteleria-y-turismo","status":"publish","type":"page","link":"https:\/\/edublog.educastur.es\/igualmente\/concurso-de-microrrelatos-del-cifp-hosteleria-y-turismo\/","title":{"rendered":"CONCURSO DE MICRORRELATOS"},"content":{"rendered":"<p>Nuestro centro, en su compromiso con el fomento de la igualdad de g\u00e9nero y la prevenci\u00f3n de la violencia y como instrumento para impulsar\u00a0 la creatividad y la concienciaci\u00f3n de la comunidad educativa en esta materia, convoca todos los a\u00f1os un Concurso de Microrrelatos de G\u00e9nero. Los trabajos presentados no deben sobrepasar las 100 palabras y la tem\u00e1tica debe tratar sobre igualdad\/desigualdad y\/o violencia de g\u00e9nero en todas sus vertientes.<\/p>\n<p>&nbsp;<\/p>\n<p>Para conocer las Bases del Concurso, los relatos finalistas y ganadores pincha en la categor\u00eda \u00ab<a href=\"https:\/\/edublog.educastur.es\/igualmente\/2021\/03\/05\/ganadora-y-finalistas-de-la-3a-edicion-del-concurso-de-microrrelatos-de-genero\/\">La esquina lectora<\/a>\u00bb all\u00ed los podr\u00e1s encontrar<\/p>\n","protected":false},"excerpt":{"rendered":"<p>Nuestro centro, en su compromiso con el fomento de la igualdad de g\u00e9nero y la prevenci\u00f3n de la violencia y como instrumento para impulsar\u00a0 la creatividad y la concienciaci\u00f3n de la comunidad educativa en esta materia, convoca todos los a\u00f1os un Concurso de Microrrelatos de G\u00e9nero. Los trabajos presentados no deben sobrepasar las 100 palabras [&hellip;]<\/p>\n","protected":false},"author":514,"featured_media":0,"parent":0,"menu_order":0,"comment_status":"closed","ping_status":"closed","template":"","meta":{"footnotes":""},"class_list":["post-343","page","type-page","status-publish","hentry","post-preview"],"_links":{"self":[{"href":"https:\/\/edublog.educastur.es\/igualmente\/wp-json\/wp\/v2\/pages\/343","targetHints":{"allow":["GET"]}}],"collection":[{"href":"https:\/\/edublog.educastur.es\/igualmente\/wp-json\/wp\/v2\/pages"}],"about":[{"href":"https:\/\/edublog.educastur.es\/igualmente\/wp-json\/wp\/v2\/types\/page"}],"author":[{"embeddable":true,"href":"https:\/\/edublog.educastur.es\/igualmente\/wp-json\/wp\/v2\/users\/514"}],"replies":[{"embeddable":true,"href":"https:\/\/edublog.educastur.es\/igualmente\/wp-json\/wp\/v2\/comments?post=343"}],"version-history":[{"count":6,"href":"https:\/\/edublog.educastur.es\/igualmente\/wp-json\/wp\/v2\/pages\/343\/revisions"}],"predecessor-version":[{"id":551,"href":"https:\/\/edublog.educastur.es\/igualmente\/wp-json\/wp\/v2\/pages\/343\/revisions\/551"}],"wp:attachment":[{"href":"https:\/\/edublog.educastur.es\/igualmente\/wp-json\/wp\/v2\/media?parent=343"}],"curies":[{"name":"wp","href":"https:\/\/api.w.org\/{rel}","templated":true}]}}