{"id":1097,"date":"2020-10-07T18:13:11","date_gmt":"2020-10-07T16:13:11","guid":{"rendered":"https:\/\/edublog.educastur.es\/ixuxu\/?page_id=1097"},"modified":"2020-10-07T18:13:39","modified_gmt":"2020-10-07T16:13:39","slug":"cuinchi","status":"publish","type":"page","link":"https:\/\/edublog.educastur.es\/ixuxu\/comics\/cuinchi\/","title":{"rendered":"Cuinchi"},"content":{"rendered":"<ul>\n<li><a href=\"https:\/\/cuinchi.es\/ast\/\">Web de Cuinchi<\/a><\/li>\n<\/ul>\n<p>&nbsp;<\/p>\n<div class=\"clearfix header\"><strong class=\"h1 spip_logo_site\"><a title=\"Portada del sitio\" href=\"http:\/\/cuinchi.es\/ast\/\" rel=\"start home\"><img loading=\"lazy\" decoding=\"async\" class=\"spip_logo spip_logos\" src=\"https:\/\/cuinchi.es\/ast\/local\/cache-vignettes\/L250xH50\/siteon0-e5814.png?1578218806\" alt=\"\" width=\"250\" height=\"50\" \/><\/a><\/strong><\/div>\n<div class=\"chapo2\">\n<div class=\"bloque-nav\">\n<div><a href=\"https:\/\/cuinchi.es\/ast\/spip.php?mot9\">C\u00f3mic<\/a><\/div>\n<\/div>\n<div class=\"bloque-nav\">\n<div><a href=\"https:\/\/cuinchi.es\/ast\/spip.php?mot8\">Ilustraci\u00f3n<\/a><\/div>\n<\/div>\n<div class=\"bloque-nav\">\n<div><a href=\"https:\/\/cuinchi.es\/ast\/spip.php?mot3\">Dise\u00f1o Gr\u00e1fico<\/a><\/div>\n<\/div>\n<\/div>\n<div id=\"nav\" class=\"nav clearfix nav-collapse nav-collapse-0 closed\" aria-hidden=\"true\">\n<ul>\n<li class=\"nav-item\"><a href=\"http:\/\/cuinchi.es\/ast\/\">Portada del sitio<\/a><\/li>\n<li class=\"nav-item on  first\"><a href=\"https:\/\/cuinchi.es\/ast\/spip.php?rubrique3\">Obra Gr\u00e1fica<\/a><\/li>\n<li class=\"nav-item\"><a href=\"https:\/\/cuinchi.es\/ast\/spip.php?rubrique1\">Semblanza<\/a><\/li>\n<li class=\"nav-item\"><a href=\"https:\/\/cuinchi.es\/ast\/spip.php?rubrique5\">Herramientas<\/a><\/li>\n<li class=\"nav-item\"><a href=\"https:\/\/cuinchi.es\/ast\/spip.php?rubrique4\">Atelier<\/a><\/li>\n<li class=\"nav-item  last\"><a href=\"https:\/\/cuinchi.es\/ast\/spip.php?rubrique2\">Sitios<\/a><\/li>\n<li class=\"nav-item\"><a href=\"https:\/\/cuinchi.es\/ast\/spip.php?page=contact\">Contacto<\/a><\/li>\n<\/ul>\n<\/div>\n<div class=\"main\">\n<div id=\"content\" class=\"content\">\n<div class=\"cartouche\">\n<h1 class=\"surlignable\">Obra Gr\u00e1fica<\/h1>\n<\/div>\n<div class=\"entamu-estaya\"><\/div>\n<div class=\"teclau\">\n<div id=\"articles_recents\" class=\"menu menu_articles\">\n<div class=\"presenta-estaya\"><a title=\"\" href=\"https:\/\/cuinchi.es\/ast\/spip.php?article10\"><img decoding=\"async\" class=\"spip_logos\" src=\"https:\/\/cuinchi.es\/ast\/local\/cache-gd2\/4c\/4dfe25375ece55866b6d4d79b21462.png?1578335094\" \/><\/a><\/p>\n<div class=\"textu\"><a href=\"https:\/\/cuinchi.es\/ast\/spip.php?article10\">Ilustraciones \u00abLa memoria de Pedro Men\u00e9ndez de Avil\u00e9s<\/a><\/div>\n<\/div>\n<div class=\"presenta-estaya\"><a title=\"\" href=\"https:\/\/cuinchi.es\/ast\/spip.php?article52\"><img decoding=\"async\" class=\"spip_logos\" src=\"https:\/\/cuinchi.es\/ast\/local\/cache-gd2\/78\/da001bae4381af03a19ba88ba176cc.png?1580853562\" \/><\/a><\/p>\n<div class=\"textu\"><a href=\"https:\/\/cuinchi.es\/ast\/spip.php?article52\">Rompecabeces \u00abAyalgues Asturianes\u00bb<\/a><\/div>\n<\/div>\n<div class=\"presenta-estaya\"><a title=\"\" href=\"https:\/\/cuinchi.es\/ast\/spip.php?article59\"><img decoding=\"async\" class=\"spip_logos\" src=\"https:\/\/cuinchi.es\/ast\/local\/cache-gd2\/e3\/3c4018513a509f5aaea84deff6d2e0.png?1582716367\" \/><\/a><\/p>\n<div class=\"textu\"><a href=\"https:\/\/cuinchi.es\/ast\/spip.php?article59\">Imagen de campa\u00f1a \u00abAgroecolog\u00eda es vida: compartiendo un Oviedo verde y sostenible\u00bb<\/a><\/div>\n<\/div>\n<div class=\"presenta-estaya\"><a title=\"Cartel III Ruta\u2019l 34 - 2017\" href=\"https:\/\/cuinchi.es\/ast\/spip.php?article11\"><img decoding=\"async\" class=\"spip_logos\" src=\"https:\/\/cuinchi.es\/ast\/local\/cache-gd2\/32\/9056d3cc1b477da754d340f832a91a.png?1578263279\" \/><\/a><\/p>\n<div class=\"textu\"><a href=\"https:\/\/cuinchi.es\/ast\/spip.php?article11\">Ilustraci\u00f3n y peri\u00f3dico \u00abIII Ruta\u2019l 34 &#8211; 2017\u00bb<\/a><\/div>\n<\/div>\n<div class=\"presenta-estaya\"><a title=\"\" href=\"https:\/\/cuinchi.es\/ast\/spip.php?article12\"><img decoding=\"async\" class=\"spip_logos\" src=\"https:\/\/cuinchi.es\/ast\/local\/cache-gd2\/0c\/df6f000740ec55e90d2c37a1fee8a8.png?1578335094\" \/><\/a><\/p>\n<div class=\"textu\"><a href=\"https:\/\/cuinchi.es\/ast\/spip.php?article12\">Ilustraciones \u00abAvil\u00e9s bajo las bombas\u00bb<\/a><\/div>\n<\/div>\n<div class=\"presenta-estaya\"><a title=\"\" href=\"https:\/\/cuinchi.es\/ast\/spip.php?article50\"><img decoding=\"async\" class=\"spip_logos\" src=\"https:\/\/cuinchi.es\/ast\/local\/cache-gd2\/ac\/2de388414da3047187951e91d5e1e9.png?1578335094\" \/><\/a><\/p>\n<div class=\"textu\"><a href=\"https:\/\/cuinchi.es\/ast\/spip.php?article50\">Ilustraci\u00f3n para el libro \u201cAnimalitos &amp; animalejos\u201d<\/a><\/div>\n<\/div>\n<div class=\"presenta-estaya\"><a title=\"\" href=\"https:\/\/cuinchi.es\/ast\/spip.php?article30\"><img decoding=\"async\" class=\"spip_logos\" src=\"https:\/\/cuinchi.es\/ast\/local\/cache-gd2\/4f\/a822d43cf48325620d3cb9f01b6921.png?1578335095\" \/><\/a><\/p>\n<div class=\"textu\"><a href=\"https:\/\/cuinchi.es\/ast\/spip.php?article30\">Ilustraciones \u00abMEMORIA y OLVIDO en la QUINTA PEDREGAL\u00bb<\/a><\/div>\n<\/div>\n<div class=\"presenta-estaya\"><a title=\"\" href=\"https:\/\/cuinchi.es\/ast\/spip.php?article62\"><img decoding=\"async\" class=\"spip_logos\" src=\"https:\/\/cuinchi.es\/ast\/local\/cache-gd2\/e7\/a2a8493bdb46f209dfec2360c5d0b7.png?1592245551\" \/><\/a><\/p>\n<div class=\"textu\"><a href=\"https:\/\/cuinchi.es\/ast\/spip.php?article62\">Tizas sobre tabla<\/a><\/div>\n<\/div>\n<div class=\"presenta-estaya\"><a title=\"\" href=\"https:\/\/cuinchi.es\/ast\/spip.php?article48\"><img decoding=\"async\" class=\"spip_logos\" src=\"https:\/\/cuinchi.es\/ast\/local\/cache-gd2\/a3\/2e9d481083d10f948ef8eb4c1d21ed.png?1578335095\" \/><\/a><\/p>\n<div class=\"textu\"><a href=\"https:\/\/cuinchi.es\/ast\/spip.php?article48\">El Cafet\u00f3n tranquilu<\/a><\/div>\n<\/div>\n<div class=\"presenta-estaya\"><a title=\"\" href=\"https:\/\/cuinchi.es\/ast\/spip.php?article57\"><img decoding=\"async\" class=\"spip_logos\" src=\"https:\/\/cuinchi.es\/ast\/local\/cache-gd2\/8e\/e0e1cdf90deda89ff099a14a132ab8.png?1578263280\" \/><\/a><\/p>\n<div class=\"textu\"><a href=\"https:\/\/cuinchi.es\/ast\/spip.php?article57\">Cartel \u00abIV Xornaes Culturales de La Foz del Pielgu\u00bb<\/a><\/div>\n<\/div>\n<div class=\"presenta-estaya\"><a title=\"\" href=\"https:\/\/cuinchi.es\/ast\/spip.php?article24\"><img decoding=\"async\" class=\"spip_logos\" src=\"https:\/\/cuinchi.es\/ast\/local\/cache-gd2\/ae\/bd621dfe462e3f874801998fb1b02a.png?1578335096\" \/><\/a><\/p>\n<div class=\"textu\"><a href=\"https:\/\/cuinchi.es\/ast\/spip.php?article24\">Ilustraciones de fueyes<\/a><\/div>\n<\/div>\n<div class=\"presenta-estaya\"><a title=\"cartel \" href=\"https:\/\/cuinchi.es\/ast\/spip.php?article46\"><img decoding=\"async\" class=\"spip_logos\" src=\"https:\/\/cuinchi.es\/ast\/local\/cache-gd2\/57\/17e7c4daf8b99b6a3bf1ef2da1733c.png?1578263280\" \/><\/a><\/p>\n<div class=\"textu\"><a href=\"https:\/\/cuinchi.es\/ast\/spip.php?article46\">Exposici\u00f3n \u00abmadera de voz\u00bb<\/a><\/div>\n<\/div>\n<div class=\"presenta-estaya\"><a title=\"Cartel de la obra de teatro \" href=\"https:\/\/cuinchi.es\/ast\/spip.php?article38\"><img decoding=\"async\" class=\"spip_logos\" src=\"https:\/\/cuinchi.es\/ast\/local\/cache-gd2\/c4\/3409e7f88f012f4deb62a9f71f17c6.png?1578263280\" \/><\/a><\/p>\n<div class=\"textu\"><a href=\"https:\/\/cuinchi.es\/ast\/spip.php?article38\">Cartel de la obra de teatro \u00abOtro d\u00eda cualquiera\u00bb<\/a><\/div>\n<\/div>\n<div class=\"presenta-estaya\"><a title=\"\" href=\"https:\/\/cuinchi.es\/ast\/spip.php?article25\"><img decoding=\"async\" class=\"spip_logos\" src=\"https:\/\/cuinchi.es\/ast\/local\/cache-gd2\/69\/2035f15b1b7acf6724fc1e030f9f4c.png?1578263280\" \/><\/a><\/p>\n<div class=\"textu\"><a href=\"https:\/\/cuinchi.es\/ast\/spip.php?article25\">Cartel omenaxe a Marvin<\/a><\/div>\n<\/div>\n<div class=\"presenta-estaya\"><a title=\"\" href=\"https:\/\/cuinchi.es\/ast\/spip.php?article56\"><img decoding=\"async\" class=\"spip_logos\" src=\"https:\/\/cuinchi.es\/ast\/local\/cache-gd2\/f7\/14641823f328d28560b89ca50b7f44.png?1589744023\" \/><\/a><\/p>\n<div class=\"textu\"><a href=\"https:\/\/cuinchi.es\/ast\/spip.php?article56\">Recuperar el Conceyu \u00a1Ya! Asamblea de Avil\u00e9s<\/a><\/div>\n<\/div>\n<div class=\"presenta-estaya\"><a title=\"\" href=\"https:\/\/cuinchi.es\/ast\/spip.php?article42\"><img decoding=\"async\" class=\"spip_logos\" src=\"https:\/\/cuinchi.es\/ast\/local\/cache-gd2\/89\/983edcc3780c99398d9228a1e11fc8.png?1578263280\" \/><\/a><\/p>\n<div class=\"textu\"><a href=\"https:\/\/cuinchi.es\/ast\/spip.php?article42\">Tarjeta para el chigre El Cafet\u00f3n<\/a><\/div>\n<\/div>\n<div class=\"presenta-estaya\"><a title=\"El cam\u00edn de Santiago per Corvera d\u2019Asturies\" href=\"https:\/\/cuinchi.es\/ast\/spip.php?article32\"><img decoding=\"async\" class=\"spip_logos\" src=\"https:\/\/cuinchi.es\/ast\/local\/cache-gd2\/5c\/e8311a8b68eee42c1e990839a4ffae.png?1578263281\" \/><\/a><\/p>\n<div class=\"textu\"><a href=\"https:\/\/cuinchi.es\/ast\/spip.php?article32\">El cam\u00edn de Santiago per Corvera d\u2019Asturies<\/a><\/div>\n<\/div>\n<div class=\"presenta-estaya\"><a title=\"Diez a\u00f1os nel Cafet\u00f3n\" href=\"https:\/\/cuinchi.es\/ast\/spip.php?article31\"><img decoding=\"async\" class=\"spip_logos\" src=\"https:\/\/cuinchi.es\/ast\/local\/cache-gd2\/e9\/8a3983a9bc06bf440399fcbd18630b.png?1578335096\" \/><\/a><\/p>\n<div class=\"textu\"><a href=\"https:\/\/cuinchi.es\/ast\/spip.php?article31\">Diez a\u00f1os nel Cafet\u00f3n<\/a><\/div>\n<\/div>\n<div class=\"presenta-estaya\"><a title=\"V Alcuentros de deportes d\u2019aventura Corvera 2011\" href=\"https:\/\/cuinchi.es\/ast\/spip.php?article29\"><img decoding=\"async\" class=\"spip_logos\" src=\"https:\/\/cuinchi.es\/ast\/local\/cache-gd2\/45\/fabfb038bfb9b888276870e98e2b5f.png?1578263281\" \/><\/a><\/p>\n<div class=\"textu\"><a href=\"https:\/\/cuinchi.es\/ast\/spip.php?article29\">Cartel \u00abV Alcuentros de deportes d\u2019aventura Corvera 2011\u00bb<\/a><\/div>\n<\/div>\n<div class=\"presenta-estaya\"><a title=\"X Selmana d\u2019Alcuentros nel Cafet\u00f3n\" href=\"https:\/\/cuinchi.es\/ast\/spip.php?article27\"><img decoding=\"async\" class=\"spip_logos\" src=\"https:\/\/cuinchi.es\/ast\/local\/cache-gd2\/17\/c9a3c9742f8f63cdaa2d1abb61f5c3.png?1578263281\" \/><\/a><\/p>\n<div class=\"textu\"><a href=\"https:\/\/cuinchi.es\/ast\/spip.php?article27\">Cartel \u00abX Selmana d\u2019Alcuentros nel Cafet\u00f3n\u00bb<\/a><\/div>\n<\/div>\n<div class=\"presenta-estaya\"><a title=\"Cartel Antroxu de Avil\u00e9s 2010 en la calle\" href=\"https:\/\/cuinchi.es\/ast\/spip.php?article26\"><img decoding=\"async\" class=\"spip_logos\" src=\"https:\/\/cuinchi.es\/ast\/local\/cache-gd2\/5d\/4da8a33beb24b7887d25e4014b08fb.png?1578263281\" \/><\/a><\/p>\n<div class=\"textu\"><a href=\"https:\/\/cuinchi.es\/ast\/spip.php?article26\">Cartel y programa \u00abAntroxu de Avil\u00e9s 2010\u00bb<\/a><\/div>\n<\/div>\n<div class=\"presenta-estaya\"><a title=\"El castru del Picu Castiello\" href=\"https:\/\/cuinchi.es\/ast\/spip.php?article21\"><img decoding=\"async\" class=\"spip_logos\" src=\"https:\/\/cuinchi.es\/ast\/local\/cache-gd2\/98\/6295c71b811585826dad80b95ee0af.png?1578263281\" \/><\/a><\/p>\n<div class=\"textu\"><a href=\"https:\/\/cuinchi.es\/ast\/spip.php?article21\">Cartel \u00abEl castru del Picu Castiello\u00bb<\/a><\/div>\n<\/div>\n<div class=\"presenta-estaya\"><a title=\"Prensa objetiva\" href=\"https:\/\/cuinchi.es\/ast\/spip.php?article22\"><img decoding=\"async\" class=\"spip_logos\" src=\"https:\/\/cuinchi.es\/ast\/local\/cache-gd2\/f6\/854c452a2da4bbc388b82c503f51a7.png?1578335096\" \/><\/a><\/p>\n<div class=\"textu\"><a href=\"https:\/\/cuinchi.es\/ast\/spip.php?article22\">Tira c\u00f3mica \u00abPrensa objetiva\u00bb<\/a><\/div>\n<\/div>\n<div class=\"presenta-estaya\"><a title=\"TERAPIA: Una historia del teatru\" href=\"https:\/\/cuinchi.es\/ast\/spip.php?article19\"><img decoding=\"async\" class=\"spip_logos\" src=\"https:\/\/cuinchi.es\/ast\/local\/cache-gd2\/4f\/eab914c7bd358baaacd4e589e994f0.png?1578263282\" \/><\/a><\/p>\n<div class=\"textu\"><a href=\"https:\/\/cuinchi.es\/ast\/spip.php?article19\">Llibru \u00abTERAPIA: Una historia del teatru\u00bb <\/a><\/div>\n<\/div>\n<div class=\"presenta-estaya\"><a title=\"Tapes del llibru Cam\u00edn de Bimenes\" href=\"https:\/\/cuinchi.es\/ast\/spip.php?article2\"><img decoding=\"async\" class=\"spip_logos\" src=\"https:\/\/cuinchi.es\/ast\/local\/cache-gd2\/4e\/cee0a602fbd2ce8a1e8a7a910a7596.png?1578263282\" \/><\/a><\/p>\n<div class=\"textu\"><a href=\"https:\/\/cuinchi.es\/ast\/spip.php?article2\">Dise\u00f1u y maquetaci\u00f3n del llibru \u00abCam\u00edn de Bimenes\u00bb<\/a><\/div>\n<\/div>\n<div class=\"presenta-estaya\"><a title=\"Mapas de rutas de monta\u00f1a en Belmonte de Miranda\" href=\"https:\/\/cuinchi.es\/ast\/spip.php?article3\"><img decoding=\"async\" class=\"spip_logos\" src=\"https:\/\/cuinchi.es\/ast\/local\/cache-gd2\/30\/bf4a2bf8b7f3b19c3c828a6c5f9f7a.png?1578263282\" \/><\/a><\/p>\n<div class=\"textu\"><a href=\"https:\/\/cuinchi.es\/ast\/spip.php?article3\">Mapas de rutas de monta\u00f1a en Belmonte de Miranda<\/a><\/div>\n<\/div>\n<div class=\"presenta-estaya\"><a title=\"L\u2019Inmoral\" href=\"https:\/\/cuinchi.es\/ast\/spip.php?article17\"><img decoding=\"async\" class=\"spip_logos\" src=\"https:\/\/cuinchi.es\/ast\/local\/cache-gd2\/ad\/df432f501ea8cf5c394a408ccdaae5.png?1578335098\" \/><\/a><\/p>\n<div class=\"textu\"><a href=\"https:\/\/cuinchi.es\/ast\/spip.php?article17\">Caparina pal llibru \u00abL\u2019Inmoral\u00bb<\/a><\/div>\n<\/div>\n<div class=\"presenta-estaya\"><a title=\"\" href=\"https:\/\/cuinchi.es\/ast\/spip.php?article60\"><img decoding=\"async\" class=\"spip_logos\" src=\"https:\/\/cuinchi.es\/ast\/local\/cache-gd2\/79\/cd5b8ce14bbdd5c8491bd0932fc0dd.png?1589748435\" \/><\/a><\/p>\n<div class=\"textu\"><a href=\"https:\/\/cuinchi.es\/ast\/spip.php?article60\">Dibujos para el fazine El Glayador<\/a><\/div>\n<\/div>\n<div class=\"presenta-estaya\"><a title=\"Un gran\u00edn de compromisu\" href=\"https:\/\/cuinchi.es\/ast\/spip.php?article15\"><img decoding=\"async\" class=\"spip_logos\" src=\"https:\/\/cuinchi.es\/ast\/local\/cache-gd2\/11\/55abe398b95c72e7fc6d5b8f7dc626.png?1578263282\" \/><\/a><\/p>\n<div class=\"textu\"><a href=\"https:\/\/cuinchi.es\/ast\/spip.php?article15\">Cartel \u00abUn gran\u00edn de compromisu\u00bb<\/a><\/div>\n<\/div>\n<div class=\"presenta-estaya\"><a title=\"D\u00edpticu d\u2019anuncia de la Casa de la Llingua (portada y contraportada)\" href=\"https:\/\/cuinchi.es\/ast\/spip.php?article16\"><img decoding=\"async\" class=\"spip_logos\" src=\"https:\/\/cuinchi.es\/ast\/local\/cache-gd2\/a2\/416b067fea9ae03cb84c7fb4689523.png?1586525183\" \/><\/a><\/p>\n<div class=\"textu\"><a href=\"https:\/\/cuinchi.es\/ast\/spip.php?article16\">Imaxe de la \u00abCasa de la llingua\u00bb<\/a><\/div>\n<\/div>\n<div class=\"presenta-estaya\"><a title=\"\" href=\"https:\/\/cuinchi.es\/ast\/spip.php?article13\"><img decoding=\"async\" class=\"spip_logos\" src=\"https:\/\/cuinchi.es\/ast\/local\/cache-gd2\/42\/e03f38704182ec8dc3eeb2ee7ab309.png?1578335099\" \/><\/a><\/p>\n<div class=\"textu\"><a href=\"https:\/\/cuinchi.es\/ast\/spip.php?article13\">El hombre pint\u00f3 en las cavernas&#8230;<\/a><\/div>\n<\/div>\n<div class=\"presenta-estaya\"><a title=\"\" href=\"https:\/\/cuinchi.es\/ast\/spip.php?article41\"><img decoding=\"async\" class=\"spip_logos\" src=\"https:\/\/cuinchi.es\/ast\/local\/cache-gd2\/e3\/b8f482f85ce7dec626e887120cc4bf.png?1578263282\" \/><\/a><\/p>\n<div class=\"textu\"><a href=\"https:\/\/cuinchi.es\/ast\/spip.php?article41\">Anuncios para Novatex<\/a><\/div>\n<\/div>\n<div class=\"presenta-estaya\"><a title=\"\" href=\"https:\/\/cuinchi.es\/ast\/spip.php?article37\"><img decoding=\"async\" class=\"spip_logos\" src=\"https:\/\/cuinchi.es\/ast\/local\/cache-gd2\/c3\/77fc770b6c9e291b930ba387640585.png?1582887214\" \/><\/a><\/p>\n<div class=\"textu\"><a href=\"https:\/\/cuinchi.es\/ast\/spip.php?article37\">Imagen del Centro Cultural El Llar<\/a><\/div>\n<\/div>\n<div class=\"presenta-estaya\"><a title=\"Tu pintas mucho\" href=\"https:\/\/cuinchi.es\/ast\/spip.php?article6\"><img decoding=\"async\" class=\"spip_logos\" src=\"https:\/\/cuinchi.es\/ast\/local\/cache-gd2\/44\/307ee28d34249976ddac3e0445b2ba.png?1578263283\" \/><\/a><\/p>\n<div class=\"textu\"><a href=\"https:\/\/cuinchi.es\/ast\/spip.php?article6\">Campa\u00f1a \u00abTu pintas mucho\u00bb<\/a><\/div>\n<\/div>\n<div class=\"presenta-estaya\"><a title=\"\" href=\"https:\/\/cuinchi.es\/ast\/spip.php?article49\"><img decoding=\"async\" class=\"spip_logos\" src=\"https:\/\/cuinchi.es\/ast\/local\/cache-gd2\/fb\/0b4ff5450ea8261cf8a59c33f4dc6a.png?1578335095\" \/><\/a><\/p>\n<div class=\"textu\"><a href=\"https:\/\/cuinchi.es\/ast\/spip.php?article49\">Washington, el fot\u00f3grafo del pueblo<\/a><\/div>\n<\/div>\n<div class=\"presenta-estaya\"><a title=\"Aplicaciones \u00bf\u00da Ta Too? Too ta pa \u1e36\u1e37ena\" href=\"https:\/\/cuinchi.es\/ast\/spip.php?article1\"><img decoding=\"async\" class=\"spip_logos\" src=\"https:\/\/cuinchi.es\/ast\/local\/cache-gd2\/25\/64e2945093c48d5c2a5207c87ebcce.png?1578263283\" \/><\/a><\/p>\n<div class=\"textu\"><a href=\"https:\/\/cuinchi.es\/ast\/spip.php?article1\">Campa\u00f1a \u00bf\u00da Ta Too? Too ta pa \u1e36\u1e37ena <\/a><\/div>\n<\/div>\n<div class=\"presenta-estaya\"><a title=\"La Cigua - Mil a\u00f1os va que \u00f1ac\u00ed\" href=\"https:\/\/cuinchi.es\/ast\/spip.php?article5\"><img decoding=\"async\" class=\"spip_logos\" src=\"https:\/\/cuinchi.es\/ast\/local\/cache-gd2\/9e\/966de799528f0178a69e7278615759.png?1578263283\" \/><\/a><\/p>\n<div class=\"textu\"><a href=\"https:\/\/cuinchi.es\/ast\/spip.php?article5\">Discu \u00abLa Cigua &#8211; Mil a\u00f1os va que \u00f1ac\u00ed\u00bb<\/a><\/div>\n<\/div>\n<div class=\"presenta-estaya\"><a title=\"Antroxu de Avil\u00e9s 1999\" href=\"https:\/\/cuinchi.es\/ast\/spip.php?article4\"><img decoding=\"async\" class=\"spip_logos\" src=\"https:\/\/cuinchi.es\/ast\/local\/cache-gd2\/79\/8cf745a3fa10ec0459912797bb3f8c.png?1578263283\" \/><\/a><\/p>\n<div class=\"textu\"><a href=\"https:\/\/cuinchi.es\/ast\/spip.php?article4\">Antroxu de Avil\u00e9s 1999<\/a><\/div>\n<\/div>\n<div class=\"presenta-estaya\"><a title=\"Fonte de La Umeral\" href=\"https:\/\/cuinchi.es\/ast\/spip.php?article8\"><img decoding=\"async\" class=\"spip_logos\" src=\"https:\/\/cuinchi.es\/ast\/local\/cache-gd2\/c7\/4d814cf9042c333e23bf605dc78a90.png?1578335099\" \/><\/a><\/p>\n<div class=\"textu\"><a href=\"https:\/\/cuinchi.es\/ast\/spip.php?article8\">Les fontes de Corvera<\/a><\/div>\n<\/div>\n<div class=\"presenta-estaya\"><a title=\"\" href=\"https:\/\/cuinchi.es\/ast\/spip.php?article33\"><img decoding=\"async\" class=\"spip_logos\" src=\"https:\/\/cuinchi.es\/ast\/local\/cache-gd2\/1d\/669257ef51f3763bdcf4a661c81267.png?1578335099\" \/><\/a><\/p>\n<div class=\"textu\"><a href=\"https:\/\/cuinchi.es\/ast\/spip.php?article33\">Xana na Villa<\/a><\/div>\n<\/div>\n<div class=\"presenta-estaya\"><a title=\"\" href=\"https:\/\/cuinchi.es\/ast\/spip.php?article58\"><img decoding=\"async\" class=\"spip_logos\" src=\"https:\/\/cuinchi.es\/ast\/local\/cache-gd2\/c8\/028da02cfa5d199cc4f6b6cb135582.png?1578335099\" \/><\/a><\/p>\n<div class=\"textu\"><a href=\"https:\/\/cuinchi.es\/ast\/spip.php?article58\">Sol\u00eds 23 de xunu<\/a><\/div>\n<\/div>\n<div class=\"presenta-estaya\"><a title=\"Capilla de San Pelayo\" href=\"https:\/\/cuinchi.es\/ast\/spip.php?article7\"><img decoding=\"async\" class=\"spip_logos\" src=\"https:\/\/cuinchi.es\/ast\/local\/cache-gd2\/6e\/d6d427aaf6a56d6ad83f242548a47e.png?1580331738\" \/><\/a><\/p>\n<div class=\"textu\"><a href=\"https:\/\/cuinchi.es\/ast\/spip.php?article7\">Ilustraciones \u00abHistoria de Corvera de Asturias y su \u00e1rea\u00bb<\/a><\/div>\n<\/div>\n<div class=\"presenta-estaya\"><a title=\"Portada del folleto de la exposici\u00f3n \" href=\"https:\/\/cuinchi.es\/ast\/spip.php?article44\"><img decoding=\"async\" class=\"spip_logos\" src=\"https:\/\/cuinchi.es\/ast\/local\/cache-gd2\/cb\/dbb47020fe7b7a54ef13cdd82fe009.png?1594064275\" \/><\/a><\/p>\n<div class=\"textu\"><a href=\"https:\/\/cuinchi.es\/ast\/spip.php?article44\">Exposici\u00f3n \u00abM\u00edtika\u00bb en Corvera d\u2019Asturies<\/a><\/div>\n<\/div>\n<div class=\"presenta-estaya\"><a title=\"Cartel Foguera de San Xuan Corvera 23 xunu 95\" href=\"https:\/\/cuinchi.es\/ast\/spip.php?article34\"><img decoding=\"async\" class=\"spip_logos\" src=\"https:\/\/cuinchi.es\/ast\/local\/cache-gd2\/26\/539e6c7dc228f2c12d3da6f6f70c6b.png?1578263284\" \/><\/a><\/p>\n<div class=\"textu\"><a href=\"https:\/\/cuinchi.es\/ast\/spip.php?article34\">Cartel \u00abFoguera de San Xuan\u00bb Corvera 23 xunu 1995<\/a><\/div>\n<\/div>\n<div class=\"presenta-estaya\"><a title=\"Camiseta sidrer\u00eda Asturies\" href=\"https:\/\/cuinchi.es\/ast\/spip.php?article43\"><img decoding=\"async\" class=\"spip_logos\" src=\"https:\/\/cuinchi.es\/ast\/local\/cache-gd2\/d3\/6af667a945cd548cf0fbfab69bf756.png?1578263284\" \/><\/a><\/p>\n<div class=\"textu\"><a href=\"https:\/\/cuinchi.es\/ast\/spip.php?article43\">Camiseta sidrer\u00eda Asturies<\/a><\/div>\n<\/div>\n<div class=\"presenta-estaya\"><a title=\"Historietes de la zona 3\" href=\"https:\/\/cuinchi.es\/ast\/spip.php?article47\"><img decoding=\"async\" class=\"spip_logos\" src=\"https:\/\/cuinchi.es\/ast\/local\/cache-gd2\/48\/64094ff846cabbe7810d369d705e43.png?1578335100\" \/><\/a><\/p>\n<div class=\"textu\"><a href=\"https:\/\/cuinchi.es\/ast\/spip.php?article47\">Historietes de la zona<\/a><\/div>\n<\/div>\n<div class=\"presenta-estaya\"><a title=\"\" href=\"https:\/\/cuinchi.es\/ast\/spip.php?article51\"><img decoding=\"async\" class=\"spip_logos\" src=\"https:\/\/cuinchi.es\/ast\/local\/cache-gd2\/bb\/6d73c1232ec8c333a79fac87131186.png?1578335100\" \/><\/a><\/p>\n<div class=\"textu\"><a href=\"https:\/\/cuinchi.es\/ast\/spip.php?article51\">Noche Azul<\/a><\/div>\n<\/div>\n<div class=\"presenta-estaya\"><a title=\"El Esperteyu - 4\" href=\"https:\/\/cuinchi.es\/ast\/spip.php?article9\"><img decoding=\"async\" class=\"spip_logos\" src=\"https:\/\/cuinchi.es\/ast\/local\/cache-gd2\/9e\/fefa5e59fc888baa83fb6e8d505e6d.png?1578335100\" \/><\/a><\/p>\n<div class=\"textu\"><a href=\"https:\/\/cuinchi.es\/ast\/spip.php?article9\">El Esperteyu<\/a><\/div>\n<\/div>\n<div class=\"presenta-estaya\"><a title=\"Papelinos 2\" href=\"https:\/\/cuinchi.es\/ast\/spip.php?article35\"><img decoding=\"async\" class=\"spip_logos\" src=\"https:\/\/cuinchi.es\/ast\/local\/cache-gd2\/c3\/9e17ede7f47ac54ed01afb23421dea.png?1578335100\" \/><\/a><\/p>\n<div class=\"textu\"><a href=\"https:\/\/cuinchi.es\/ast\/spip.php?article35\">Papelinos<\/a><\/div>\n<\/div>\n<div class=\"presenta-estaya\"><a title=\"Blatia 4\" href=\"https:\/\/cuinchi.es\/ast\/spip.php?article36\"><img decoding=\"async\" class=\"spip_logos\" src=\"https:\/\/cuinchi.es\/ast\/local\/cache-gd2\/c5\/cbd2589d48e04918e7c7b650d2a615.png?1578335101\" \/><\/a><\/p>\n<div class=\"textu\"><a href=\"https:\/\/cuinchi.es\/ast\/spip.php?article36\">Blatia<\/a><\/div>\n<\/div>\n<div class=\"presenta-estaya\"><a title=\"\" href=\"https:\/\/cuinchi.es\/ast\/spip.php?article61\"><img decoding=\"async\" class=\"spip_logos\" src=\"https:\/\/cuinchi.es\/ast\/local\/cache-gd2\/39\/33b35d88bb957615b55141a3a7bf0e.png?1592244857\" \/><\/a><\/p>\n<div class=\"textu\"><a href=\"https:\/\/cuinchi.es\/ast\/spip.php?article61\">Moza en la nieve<\/a><\/div>\n<\/div>\n<\/div>\n<\/div>\n<\/div>\n<\/div>\n<div id=\"nav\" class=\"nav clearfix\">\n<ul>\n<li class=\"nav-item\"><a href=\"http:\/\/cuinchi.es\/ast\/\">Portada del sitio<\/a><\/li>\n<li class=\"nav-item on  first\"><a href=\"https:\/\/cuinchi.es\/ast\/spip.php?rubrique3\">Obra Gr\u00e1fica<\/a><\/li>\n<li class=\"nav-item\"><a href=\"https:\/\/cuinchi.es\/ast\/spip.php?rubrique1\">Semblanza<\/a><\/li>\n<li class=\"nav-item\"><a href=\"https:\/\/cuinchi.es\/ast\/spip.php?rubrique5\">Herramientas<\/a><\/li>\n<li class=\"nav-item\"><a href=\"https:\/\/cuinchi.es\/ast\/spip.php?rubrique4\">Atelier<\/a><\/li>\n<li class=\"nav-item  last\"><a href=\"https:\/\/cuinchi.es\/ast\/spip.php?rubrique2\">Sitios<\/a><\/li>\n<li class=\"nav-item\"><a href=\"https:\/\/cuinchi.es\/ast\/spip.php?page=contact\">Contacto<\/a><\/li>\n<\/ul>\n<\/div>\n","protected":false},"excerpt":{"rendered":"<p>Web de Cuinchi &nbsp; C\u00f3mic Ilustraci\u00f3n Dise\u00f1o Gr\u00e1fico Portada del sitio Obra Gr\u00e1fica Semblanza Herramientas Atelier Sitios Contacto Obra Gr\u00e1fica Ilustraciones \u00abLa memoria de Pedro Men\u00e9ndez de Avil\u00e9s Rompecabeces \u00abAyalgues Asturianes\u00bb Imagen de campa\u00f1a \u00abAgroecolog\u00eda es vida: compartiendo un Oviedo verde y sostenible\u00bb Ilustraci\u00f3n y peri\u00f3dico \u00abIII Ruta\u2019l 34 &#8211; 2017\u00bb Ilustraciones \u00abAvil\u00e9s bajo las [&hellip;]<\/p>\n","protected":false},"author":117,"featured_media":0,"parent":321,"menu_order":0,"comment_status":"closed","ping_status":"closed","template":"","meta":{"footnotes":""},"class_list":["post-1097","page","type-page","status-publish","hentry"],"_links":{"self":[{"href":"https:\/\/edublog.educastur.es\/ixuxu\/wp-json\/wp\/v2\/pages\/1097","targetHints":{"allow":["GET"]}}],"collection":[{"href":"https:\/\/edublog.educastur.es\/ixuxu\/wp-json\/wp\/v2\/pages"}],"about":[{"href":"https:\/\/edublog.educastur.es\/ixuxu\/wp-json\/wp\/v2\/types\/page"}],"author":[{"embeddable":true,"href":"https:\/\/edublog.educastur.es\/ixuxu\/wp-json\/wp\/v2\/users\/117"}],"replies":[{"embeddable":true,"href":"https:\/\/edublog.educastur.es\/ixuxu\/wp-json\/wp\/v2\/comments?post=1097"}],"version-history":[{"count":3,"href":"https:\/\/edublog.educastur.es\/ixuxu\/wp-json\/wp\/v2\/pages\/1097\/revisions"}],"predecessor-version":[{"id":1100,"href":"https:\/\/edublog.educastur.es\/ixuxu\/wp-json\/wp\/v2\/pages\/1097\/revisions\/1100"}],"up":[{"embeddable":true,"href":"https:\/\/edublog.educastur.es\/ixuxu\/wp-json\/wp\/v2\/pages\/321"}],"wp:attachment":[{"href":"https:\/\/edublog.educastur.es\/ixuxu\/wp-json\/wp\/v2\/media?parent=1097"}],"curies":[{"name":"wp","href":"https:\/\/api.w.org\/{rel}","templated":true}]}}