{"id":11783,"date":"2021-12-08T12:59:41","date_gmt":"2021-12-08T10:59:41","guid":{"rendered":"https:\/\/edublog.educastur.es\/ixuxu\/?page_id=11783"},"modified":"2021-12-08T13:07:01","modified_gmt":"2021-12-08T11:07:01","slug":"vanessa-gutierrez","status":"publish","type":"page","link":"https:\/\/edublog.educastur.es\/ixuxu\/poesia-2\/vanessa-gutierrez\/","title":{"rendered":"Vanessa Guti\u00e9rrez"},"content":{"rendered":"<p style=\"text-align: center\"><span style=\"text-decoration: underline\"><span style=\"color: #008080\"><strong><span style=\"font-size: 24px\"><em>Talantamientu<\/em><\/span><\/strong><\/span><\/span><\/p>\n<p style=\"text-align: center\"><span style=\"font-size: 20px\"><em><span style=\"color: #008080\">A veg\u00e1es ni\u00e9gome a creyer<\/span><\/em><\/span><br \/>\n<span style=\"font-size: 20px\"><em><span style=\"color: #008080\">que nam\u00e1s tengamos una vida.<\/span><\/em><\/span><\/p>\n<p style=\"text-align: center\"><span style=\"font-size: 20px\"><em><span style=\"color: #008080\">Amedr\u00e9ntame atalantar en tolo que dexamos,<\/span><\/em><\/span><br \/>\n<span style=\"font-size: 20px\"><em><span style=\"color: #008080\">nos caminos que perdimos<\/span><\/em><\/span><br \/>\n<span style=\"font-size: 20px\"><em><span style=\"color: #008080\">pol fechu d&#8217;escoyer.<\/span><\/em><\/span><\/p>\n<p style=\"text-align: center\"><span style=\"font-size: 20px\"><em><span style=\"color: #008080\">Qui\u00e9n sabe\u00a0 cu\u00e1lu fo&#8217;l determ\u00edn rectu.<\/span><\/em><\/span><\/p>\n<p style=\"text-align: center\"><span style=\"font-size: 20px\"><em><span style=\"color: #008080\">Si yeren mayores los motivos.<\/span><\/em><\/span><\/p>\n<p style=\"text-align: center\"><span style=\"color: #008080;font-size: 20px\"><em>A veces ni\u00e9gome a creyer<\/em><\/span><br \/>\n<span style=\"color: #008080;font-size: 20px\"><em>que nam\u00e1s tengamos derechu a sua\u00f1ar<\/em><\/span><br \/>\n<span style=\"color: #008080;font-size: 20px\"><em>los cientos de vides que pudimos vivir.<\/em><\/span><\/p>\n<p style=\"text-align: center\"><span class=\"d2edcug0 hpfvmrgz qv66sw1b c1et5uql lr9zc1uh a8c37x1j keod5gw0 nxhoafnm aigsh9s9 d3f4x2em fe6kdd0r mau55g9w c8b282yb iv3no6db gfeo3gy3 a3bd9o3v b1v8xokw oo9gr5id hzawbc8m\" dir=\"auto\"><a href=\"https:\/\/es.wikipedia.org\/wiki\/Ana_Vanessa_Guti%C3%A9rrez\">Ana Vanessa Guti\u00e9rrez<\/a> (Urbi\u00e9s, 1980)<\/span><\/p>\n","protected":false},"excerpt":{"rendered":"<p>Talantamientu A veg\u00e1es ni\u00e9gome a creyer que nam\u00e1s tengamos una vida. Amedr\u00e9ntame atalantar en tolo que dexamos, nos caminos que perdimos pol fechu d&#8217;escoyer. Qui\u00e9n sabe\u00a0 cu\u00e1lu fo&#8217;l determ\u00edn rectu. Si yeren mayores los motivos. A veces ni\u00e9gome a creyer que nam\u00e1s tengamos derechu a sua\u00f1ar los cientos de vides que pudimos vivir. Ana Vanessa [&hellip;]<\/p>\n","protected":false},"author":117,"featured_media":0,"parent":221,"menu_order":0,"comment_status":"closed","ping_status":"closed","template":"","meta":{"footnotes":""},"class_list":["post-11783","page","type-page","status-publish","hentry"],"_links":{"self":[{"href":"https:\/\/edublog.educastur.es\/ixuxu\/wp-json\/wp\/v2\/pages\/11783","targetHints":{"allow":["GET"]}}],"collection":[{"href":"https:\/\/edublog.educastur.es\/ixuxu\/wp-json\/wp\/v2\/pages"}],"about":[{"href":"https:\/\/edublog.educastur.es\/ixuxu\/wp-json\/wp\/v2\/types\/page"}],"author":[{"embeddable":true,"href":"https:\/\/edublog.educastur.es\/ixuxu\/wp-json\/wp\/v2\/users\/117"}],"replies":[{"embeddable":true,"href":"https:\/\/edublog.educastur.es\/ixuxu\/wp-json\/wp\/v2\/comments?post=11783"}],"version-history":[{"count":4,"href":"https:\/\/edublog.educastur.es\/ixuxu\/wp-json\/wp\/v2\/pages\/11783\/revisions"}],"predecessor-version":[{"id":11791,"href":"https:\/\/edublog.educastur.es\/ixuxu\/wp-json\/wp\/v2\/pages\/11783\/revisions\/11791"}],"up":[{"embeddable":true,"href":"https:\/\/edublog.educastur.es\/ixuxu\/wp-json\/wp\/v2\/pages\/221"}],"wp:attachment":[{"href":"https:\/\/edublog.educastur.es\/ixuxu\/wp-json\/wp\/v2\/media?parent=11783"}],"curies":[{"name":"wp","href":"https:\/\/api.w.org\/{rel}","templated":true}]}}

Vanessa Gutiérrez

<p style="text-align: center"><span style="text-decoration: underline"><span style="color: #008080"><strong><span style="font-size: 24px"><em>Talantamientu</em></span></strong></span></span></p>
<p style="text-align: center"><span style="font-size: 20px"><em><span style="color: #008080">A vegáes niégome a creyer</span></em></span><br />
<span style="font-size: 20px"><em><span style="color: #008080">que namás tengamos una vida.</span></em></span></p>
<p style="text-align: center"><span style="font-size: 20px"><em><span style="color: #008080">Amedréntame atalantar en tolo que dexamos,</span></em></span><br />
<span style="font-size: 20px"><em><span style="color: #008080">nos caminos que perdimos</span></em></span><br />
<span style="font-size: 20px"><em><span style="color: #008080">pol fechu d&#8217;escoyer.</span></em></span></p>
<p style="text-align: center"><span style="font-size: 20px"><em><span style="color: #008080">Quién sabe  cuálu fo&#8217;l determín rectu.</span></em></span></p>
<p style="text-align: center"><span style="font-size: 20px"><em><span style="color: #008080">Si yeren mayores los motivos.</span></em></span></p>
<p style="text-align: center"><span style="color: #008080;font-size: 20px"><em>A veces niégome a creyer</em></span><br />
<span style="color: #008080;font-size: 20px"><em>que namás tengamos derechu a suañar</em></span><br />
<span style="color: #008080;font-size: 20px"><em>los cientos de vides que pudimos vivir.</em></span></p>
<p style="text-align: center"><span class="d2edcug0 hpfvmrgz qv66sw1b c1et5uql lr9zc1uh a8c37x1j keod5gw0 nxhoafnm aigsh9s9 d3f4x2em fe6kdd0r mau55g9w c8b282yb iv3no6db gfeo3gy3 a3bd9o3v b1v8xokw oo9gr5id hzawbc8m" dir="auto"><a href="https://es.wikipedia.org/wiki/Ana_Vanessa_Guti%C3%A9rrez">Ana Vanessa Gutiérrez</a> (Urbiés, 1980)</span></p>

<p>Talantamientu A vegáes niégome a creyer que namás tengamos una vida. Amedréntame atalantar en tolo que dexamos, nos caminos que perdimos pol fechu d&#8217;escoyer. Quién sabe  cuálu fo&#8217;l determín rectu. Si yeren mayores los motivos. A veces niégome a creyer que namás tengamos derechu a suañar los cientos de vides que pudimos vivir. Ana Vanessa [&hellip;]</p>
