{"id":12416,"date":"2022-01-01T13:43:35","date_gmt":"2022-01-01T11:43:35","guid":{"rendered":"https:\/\/edublog.educastur.es\/ixuxu\/?page_id=12416"},"modified":"2022-01-01T13:51:48","modified_gmt":"2022-01-01T11:51:48","slug":"llinguaespanola","status":"publish","type":"page","link":"https:\/\/edublog.educastur.es\/ixuxu\/pallabreros\/llinguaespanola\/","title":{"rendered":"Llinguaespa\u00f1ola"},"content":{"rendered":"<p style=\"text-align: center\"><img loading=\"lazy\" decoding=\"async\" class=\"aligncenter\" src=\"https:\/\/pbs.twimg.com\/profile_banners\/1334193340091392000\/1639672614\/1500x500\" width=\"546\" height=\"182\" \/><\/p>\n<ul>\n<li><a href=\"https:\/\/twitter.com\/llinguaespanola\">En Twitter: LlinguaEspa\u00f1ola<\/a><\/li>\n<li><a href=\"https:\/\/twitter.com\/llinguaespanola\/status\/1475407270586552321\/photo\/1\">L&#8217;asturianu foi una llingua mui fuerte<\/a><\/li>\n<li><span class=\"r-18u37iz\"><a class=\"css-4rbku5 css-18t94o4 css-901oao css-16my406 r-1cvl2hr r-1loqt21 r-poiln3 r-bcqeeo r-qvutc0\" role=\"link\" href=\"https:\/\/twitter.com\/hashtag\/Etimoloxiesprestoses?src=hashtag_click\"><strong>#Etimoloxiesprestoses<\/strong><\/a><\/span><\/li>\n<li><a href=\"https:\/\/twitter.com\/llinguaespanola\/status\/1476991547484917763\/photo\/1\">ZUNA<\/a>: Costume o tradici\u00f3n. <span class=\"css-901oao css-16my406 r-poiln3 r-bcqeeo r-qvutc0\">Una zuna ye una man\u00eda, y calti\u00e9n un puqui\u00f1\u00edn del sent\u00edu orixinal, nesi viaxe que fizo dende Arab\u00eda hasta Asturies.<\/span><\/li>\n<li><a href=\"https:\/\/twitter.com\/llinguaespanola\/status\/1473367673543311360\/photo\/1\">AFAYADIZU<\/a>: <span class=\"css-901oao css-16my406 r-poiln3 r-bcqeeo r-qvutc0\">Afayadizu o afaya\u00edzu ye la manera de dicir que se t\u00e1 contentu nun llugar o que algo ye f\u00e1cil d\u00b4usar. Palabra que se pon de exemplu de \u00abinventu\u00bb pero que ye una de les m\u00e1s estend\u00edes per toda Asturies.<\/span><\/li>\n<li><a href=\"https:\/\/twitter.com\/llinguaespanola\/status\/1473730059680854016\/photo\/1\">FOLIXA<\/a>: <span class=\"css-901oao css-16my406 r-poiln3 r-bcqeeo r-qvutc0\">La palabra inglesa fool (llocu) y l\u00b4asturiana folixa comparten el mesmu orixe. <\/span><\/li>\n<li><a href=\"https:\/\/twitter.com\/llinguaespanola\/status\/1475904382696833024\/photo\/1\">RABILAR<\/a>: <span class=\"css-901oao css-16my406 r-poiln3 r-bcqeeo r-qvutc0\">Una d\u00b4eses palabres que t\u00e1n tan met\u00edes nel nuestro ADN que ye dif\u00edcil traduciles al castellano. Algo asemey\u00e1u ser\u00eda dicir \u00abmanipular\u00bb.<\/span><\/li>\n<li><a href=\"https:\/\/twitter.com\/llinguaespanola\/status\/1475542000371781633\/photo\/1\">FRIXUELU<\/a>: <span class=\"css-901oao css-16my406 r-poiln3 r-bcqeeo r-qvutc0\">Los frixuelos son un cl\u00e1sico de la nuestra gastronom\u00eda<\/span><\/li>\n<li><a href=\"https:\/\/twitter.com\/llinguaespanola\/status\/1475179607280128003\/photo\/1\">ALGAMAR<\/a>: <span class=\"css-901oao css-16my406 r-poiln3 r-bcqeeo r-qvutc0\">Algamar ye la otra forma de dicir alcanzar n\u00b4asturiano.<\/span><\/li>\n<li><a href=\"https:\/\/twitter.com\/llinguaespanola\/status\/1474769859145834497\/photo\/1\">NAVID\u00c1<\/a>:<\/li>\n<li><a href=\"https:\/\/twitter.com\/llinguaespanola\/status\/1474454830508912644\/photo\/1\">NUECHEBONA<\/a>:<\/li>\n<li><a href=\"https:\/\/twitter.com\/llinguaespanola\/status\/1474092448347574277\/photo\/1\">ARGAYU<\/a>: <span class=\"css-901oao css-16my406 r-poiln3 r-bcqeeo r-qvutc0\">Los argayos ye la forma asturiana pa llamar a un desprendimientu. <\/span><\/li>\n<li><\/li>\n<li><\/li>\n<\/ul>\n<p style=\"text-align: center\">\n","protected":false},"excerpt":{"rendered":"<p>En Twitter: LlinguaEspa\u00f1ola L&#8217;asturianu foi una llingua mui fuerte #Etimoloxiesprestoses ZUNA: Costume o tradici\u00f3n. Una zuna ye una man\u00eda, y calti\u00e9n un puqui\u00f1\u00edn del sent\u00edu orixinal, nesi viaxe que fizo dende Arab\u00eda hasta Asturies. AFAYADIZU: Afayadizu o afaya\u00edzu ye la manera de dicir que se t\u00e1 contentu nun llugar o que algo ye f\u00e1cil d\u00b4usar. [&hellip;]<\/p>\n","protected":false},"author":117,"featured_media":0,"parent":2118,"menu_order":0,"comment_status":"closed","ping_status":"closed","template":"","meta":{"footnotes":""},"class_list":["post-12416","page","type-page","status-publish","hentry"],"_links":{"self":[{"href":"https:\/\/edublog.educastur.es\/ixuxu\/wp-json\/wp\/v2\/pages\/12416","targetHints":{"allow":["GET"]}}],"collection":[{"href":"https:\/\/edublog.educastur.es\/ixuxu\/wp-json\/wp\/v2\/pages"}],"about":[{"href":"https:\/\/edublog.educastur.es\/ixuxu\/wp-json\/wp\/v2\/types\/page"}],"author":[{"embeddable":true,"href":"https:\/\/edublog.educastur.es\/ixuxu\/wp-json\/wp\/v2\/users\/117"}],"replies":[{"embeddable":true,"href":"https:\/\/edublog.educastur.es\/ixuxu\/wp-json\/wp\/v2\/comments?post=12416"}],"version-history":[{"count":4,"href":"https:\/\/edublog.educastur.es\/ixuxu\/wp-json\/wp\/v2\/pages\/12416\/revisions"}],"predecessor-version":[{"id":12420,"href":"https:\/\/edublog.educastur.es\/ixuxu\/wp-json\/wp\/v2\/pages\/12416\/revisions\/12420"}],"up":[{"embeddable":true,"href":"https:\/\/edublog.educastur.es\/ixuxu\/wp-json\/wp\/v2\/pages\/2118"}],"wp:attachment":[{"href":"https:\/\/edublog.educastur.es\/ixuxu\/wp-json\/wp\/v2\/media?parent=12416"}],"curies":[{"name":"wp","href":"https:\/\/api.w.org\/{rel}","templated":true}]}}