{"id":12727,"date":"2022-01-05T16:59:18","date_gmt":"2022-01-05T14:59:18","guid":{"rendered":"https:\/\/edublog.educastur.es\/ixuxu\/?page_id=12727"},"modified":"2022-01-05T16:59:18","modified_gmt":"2022-01-05T14:59:18","slug":"el-miruegano","status":"publish","type":"page","link":"https:\/\/edublog.educastur.es\/ixuxu\/poesia-2\/el-miruegano\/","title":{"rendered":"El miru\u00e9gano"},"content":{"rendered":"<p><span style=\"color: #008080;font-size: 20px\"><em><strong>El mir\u00faegano<\/strong><\/em><\/span><\/p>\n<p><em>Un rosariu de miru\u00e9ganos<\/em><br \/>\n<em>pa so niet\u00edn trai la g\u00fcela,<\/em><br \/>\n<em>enfilos unu tras d&#8217;otru<\/em><br \/>\n<em>nuna erba de pi\u00f1era;<\/em><br \/>\n<em>pa\u00f1\u00f3los ente l&#8217;arga\u00f1a<\/em><br \/>\n<em>que con duelu marchar dexa;<\/em><br \/>\n<em>pos la compa\u00f1a non solo<\/em><br \/>\n<em>fai que&#8217;l til\u00edn remaneza.<\/em><\/p>\n<p><em>\u00a1Como hai Dios, pa ente m\u00ed escurro!<\/em><br \/>\n<em>que pudo mazcalos ella;<\/em><br \/>\n<em>poe esi ricu manxar,<\/em><br \/>\n<em>\u00bfQu\u00e9 ser\u00e1, lo que non tenta?<\/em><br \/>\n<em>Eso s\u00ed, pero \u00a1ai, amigu!<\/em><br \/>\n<em>coses que Dios encimienta;<\/em><br \/>\n<em>cuando los mazca&#8217;l niet\u00edn,<\/em><br \/>\n<em>diz que los saborga ella&#8230;<\/em><\/p>\n<p>&#8230;&#8230;&#8230;&#8230;&#8230;&#8230;&#8230;&#8230;&#8230;&#8230;&#8230;&#8230;&#8230;.<\/p>\n<p><em>Nes monxines del Naranco<\/em><br \/>\n<em>(cach\u00edn de Cielu, na tierra),<\/em><br \/>\n<em>pero sin\u00f3n lo avocinglo<\/em><br \/>\n<em>pa que la xente lo sepia,<\/em><br \/>\n<em>af\u00e1yase la g\u00fcelina<\/em><br \/>\n<em>un xaspe de llimpia fecha.<\/em><br \/>\n<em>Ta cucando pensatible&#8230;<\/em><br \/>\n<em>&#8211; \u00bfPor qu\u00e9 cuques pa La Cuesta?<\/em><br \/>\n<em>&#8211; Cuco si haber\u00e1 miru\u00e9ganos,<\/em><br \/>\n<em>pal mio nietu, por si allega:<\/em><br \/>\n<em>Sino, pal Ne\u00f1u Xes\u00fas,<\/em><br \/>\n<em>qu&#8217;Esi, n\u00e9, xam\u00e1s me dexa.<\/em><\/p>\n<p><em><strong>Antonio Gonz\u00e1lez Busto<\/strong><\/em><\/p>\n","protected":false},"excerpt":{"rendered":"<p>El mir\u00faegano Un rosariu de miru\u00e9ganos pa so niet\u00edn trai la g\u00fcela, enfilos unu tras d&#8217;otru nuna erba de pi\u00f1era; pa\u00f1\u00f3los ente l&#8217;arga\u00f1a que con duelu marchar dexa; pos la compa\u00f1a non solo fai que&#8217;l til\u00edn remaneza. \u00a1Como hai Dios, pa ente m\u00ed escurro! que pudo mazcalos ella; poe esi ricu manxar, \u00bfQu\u00e9 ser\u00e1, lo [&hellip;]<\/p>\n","protected":false},"author":117,"featured_media":0,"parent":221,"menu_order":0,"comment_status":"closed","ping_status":"closed","template":"","meta":{"footnotes":""},"class_list":["post-12727","page","type-page","status-publish","hentry"],"_links":{"self":[{"href":"https:\/\/edublog.educastur.es\/ixuxu\/wp-json\/wp\/v2\/pages\/12727","targetHints":{"allow":["GET"]}}],"collection":[{"href":"https:\/\/edublog.educastur.es\/ixuxu\/wp-json\/wp\/v2\/pages"}],"about":[{"href":"https:\/\/edublog.educastur.es\/ixuxu\/wp-json\/wp\/v2\/types\/page"}],"author":[{"embeddable":true,"href":"https:\/\/edublog.educastur.es\/ixuxu\/wp-json\/wp\/v2\/users\/117"}],"replies":[{"embeddable":true,"href":"https:\/\/edublog.educastur.es\/ixuxu\/wp-json\/wp\/v2\/comments?post=12727"}],"version-history":[{"count":1,"href":"https:\/\/edublog.educastur.es\/ixuxu\/wp-json\/wp\/v2\/pages\/12727\/revisions"}],"predecessor-version":[{"id":12728,"href":"https:\/\/edublog.educastur.es\/ixuxu\/wp-json\/wp\/v2\/pages\/12727\/revisions\/12728"}],"up":[{"embeddable":true,"href":"https:\/\/edublog.educastur.es\/ixuxu\/wp-json\/wp\/v2\/pages\/221"}],"wp:attachment":[{"href":"https:\/\/edublog.educastur.es\/ixuxu\/wp-json\/wp\/v2\/media?parent=12727"}],"curies":[{"name":"wp","href":"https:\/\/api.w.org\/{rel}","templated":true}]}}

El miruégano

<p><span style="color: #008080;font-size: 20px"><em><strong>El mirúegano</strong></em></span></p>
<p><em>Un rosariu de miruéganos</em><br />
<em>pa so nietín trai la güela,</em><br />
<em>enfilos unu tras d&#8217;otru</em><br />
<em>nuna erba de piñera;</em><br />
<em>pañólos ente l&#8217;argaña</em><br />
<em>que con duelu marchar dexa;</em><br />
<em>pos la compaña non solo</em><br />
<em>fai que&#8217;l tilín remaneza.</em></p>
<p><em>¡Como hai Dios, pa ente mí escurro!</em><br />
<em>que pudo mazcalos ella;</em><br />
<em>poe esi ricu manxar,</em><br />
<em>¿Qué será, lo que non tenta?</em><br />
<em>Eso sí, pero ¡ai, amigu!</em><br />
<em>coses que Dios encimienta;</em><br />
<em>cuando los mazca&#8217;l nietín,</em><br />
<em>diz que los saborga ella&#8230;</em></p>
<p>&#8230;&#8230;&#8230;&#8230;&#8230;&#8230;&#8230;&#8230;&#8230;&#8230;&#8230;&#8230;&#8230;.</p>
<p><em>Nes monxines del Naranco</em><br />
<em>(cachín de Cielu, na tierra),</em><br />
<em>pero sinón lo avocinglo</em><br />
<em>pa que la xente lo sepia,</em><br />
<em>afáyase la güelina</em><br />
<em>un xaspe de llimpia fecha.</em><br />
<em>Ta cucando pensatible&#8230;</em><br />
<em>&#8211; ¿Por qué cuques pa La Cuesta?</em><br />
<em>&#8211; Cuco si haberá miruéganos,</em><br />
<em>pal mio nietu, por si allega:</em><br />
<em>Sino, pal Neñu Xesús,</em><br />
<em>qu&#8217;Esi, né, xamás me dexa.</em></p>
<p><em><strong>Antonio González Busto</strong></em></p>

<p>El mirúegano Un rosariu de miruéganos pa so nietín trai la güela, enfilos unu tras d&#8217;otru nuna erba de piñera; pañólos ente l&#8217;argaña que con duelu marchar dexa; pos la compaña non solo fai que&#8217;l tilín remaneza. ¡Como hai Dios, pa ente mí escurro! que pudo mazcalos ella; poe esi ricu manxar, ¿Qué será, lo [&hellip;]</p>
