{"id":140,"date":"2020-08-04T10:04:42","date_gmt":"2020-08-04T10:04:42","guid":{"rendered":"https:\/\/edublog.educastur.es\/ixuxu\/?page_id=140"},"modified":"2021-08-14T13:04:27","modified_gmt":"2021-08-14T11:04:27","slug":"falamosigual","status":"publish","type":"page","link":"https:\/\/edublog.educastur.es\/ixuxu\/asturiano\/campanes\/falamosigual\/","title":{"rendered":"#falamosigual"},"content":{"rendered":"<p>&nbsp;<\/p>\n<p>Les asociaciones <strong><em>Faceira<\/em> <\/strong>ya<strong><em> Iniciativa pol Asturianu<\/em><\/strong> entamaron la campa\u00f1a <em><strong>#FalamosIgual<\/strong><\/em>, qu&#8217;al travi\u00e9s de les redes sociales busca visibilizar qu&#8217;en Lli\u00f3n, Asturies y otros territorios <em>\u00abhai una llingua tradicional com\u00fan que recibe nomes distintos pero que ye&#8217;l mesmu idioma\u00bb<\/em>. <em><a href=\"https:\/\/www.diariodeleon.es\/articulo\/leon\/asociaciones-asturias-leon-organizan-campana-concienciar-unidad-linguistica\/202007271307332033275.html?utm_source=dlvr.it&amp;utm_medium=twitterAsociaciones&amp;fbclid=IwAR0Zxkuwv8BD7K3MW2h228JY9cqEk7Ma0Ss3odHuKISNa0JBQrLlZ2fAmWU\"> Ver noticia.<\/a><\/em><\/p>\n<p><span style=\"font-size: 16px;font-family: georgia, palatino, serif\">Una campa\u00f1a pa concienciar de la unid\u00e1 lling\u00fc\u00edstica asturllionesa.<\/span><a href=\"https:\/\/www.facebook.com\/AsociacionFaceira\/?__cft__[0]=AZWEprkxbQ1D5MNtXd6rQiRazhsZWmOiAYL0kHagDj1CojTpEAeqBU6DRdnGsrqykRAUESKCRXE-ft7u0znNUvrL5A_sWb2pgz2qZ9Fq7npGyg&amp;__tn__=kK-R\"><em><strong> Faceira Asociaci\u00f3n<\/strong> <\/em><\/a>y<a href=\"https:\/\/www.facebook.com\/Iniciativa-pol-Asturianu-507543346030621\/?__cft__[0]=AZWEprkxbQ1D5MNtXd6rQiRazhsZWmOiAYL0kHagDj1CojTpEAeqBU6DRdnGsrqykRAUESKCRXE-ft7u0znNUvrL5A_sWb2pgz2qZ9Fq7npGyg&amp;__tn__=kK-R\"> <strong><em>Iniciativa pol Asturianu<\/em><\/strong><\/a> xuntamos esfuercios, porque<span style=\"color: #003300\"><strong><em> #FalamosIgual #asturianu #llion\u00e9s<\/em><\/strong><\/span><\/p>\n<ul>\n<li><a href=\"https:\/\/www.facebook.com\/hashtag\/falamosigual\">Ver en Facebook<\/a><\/li>\n<\/ul>\n<p>&nbsp;<\/p>\n<p>&nbsp;<\/p>\n<p><span class=\"oi732d6d ik7dh3pa d2edcug0 qv66sw1b c1et5uql a8c37x1j muag1w35 ew0dbk1b jq4qci2q a3bd9o3v knj5qynh oo9gr5id hzawbc8m\" dir=\"auto\"><em>\u00abDende Miranda a Llubarca\/ de r\u00edu Navia a r\u00edu Nal\u00f3n\/ Viva la fala gloriosa\/ del gran reinu de Lli\u00f3n\u00bb<\/em> escribi\u00f3 a principios del siglo XX el poeta asturiano Fern\u00e1n-Coronas<\/span><\/p>\n<p>&nbsp;<\/p>\n<p>&nbsp;<\/p>\n<p>&nbsp;<\/p>\n","protected":false},"excerpt":{"rendered":"<p>&nbsp; Les asociaciones Faceira ya Iniciativa pol Asturianu entamaron la campa\u00f1a #FalamosIgual, qu&#8217;al travi\u00e9s de les redes sociales busca visibilizar qu&#8217;en Lli\u00f3n, Asturies y otros territorios \u00abhai una llingua tradicional com\u00fan que recibe nomes distintos pero que ye&#8217;l mesmu idioma\u00bb. Ver noticia. Una campa\u00f1a pa concienciar de la unid\u00e1 lling\u00fc\u00edstica asturllionesa. Faceira Asociaci\u00f3n y Iniciativa [&hellip;]<\/p>\n","protected":false},"author":117,"featured_media":0,"parent":142,"menu_order":0,"comment_status":"closed","ping_status":"closed","template":"","meta":{"footnotes":""},"class_list":["post-140","page","type-page","status-publish","hentry"],"_links":{"self":[{"href":"https:\/\/edublog.educastur.es\/ixuxu\/wp-json\/wp\/v2\/pages\/140","targetHints":{"allow":["GET"]}}],"collection":[{"href":"https:\/\/edublog.educastur.es\/ixuxu\/wp-json\/wp\/v2\/pages"}],"about":[{"href":"https:\/\/edublog.educastur.es\/ixuxu\/wp-json\/wp\/v2\/types\/page"}],"author":[{"embeddable":true,"href":"https:\/\/edublog.educastur.es\/ixuxu\/wp-json\/wp\/v2\/users\/117"}],"replies":[{"embeddable":true,"href":"https:\/\/edublog.educastur.es\/ixuxu\/wp-json\/wp\/v2\/comments?post=140"}],"version-history":[{"count":2,"href":"https:\/\/edublog.educastur.es\/ixuxu\/wp-json\/wp\/v2\/pages\/140\/revisions"}],"predecessor-version":[{"id":8846,"href":"https:\/\/edublog.educastur.es\/ixuxu\/wp-json\/wp\/v2\/pages\/140\/revisions\/8846"}],"up":[{"embeddable":true,"href":"https:\/\/edublog.educastur.es\/ixuxu\/wp-json\/wp\/v2\/pages\/142"}],"wp:attachment":[{"href":"https:\/\/edublog.educastur.es\/ixuxu\/wp-json\/wp\/v2\/media?parent=140"}],"curies":[{"name":"wp","href":"https:\/\/api.w.org\/{rel}","templated":true}]}}

<p>&nbsp;</p>
<p>Les asociaciones <strong><em>Faceira</em> </strong>ya<strong><em> Iniciativa pol Asturianu</em></strong> entamaron la campaña <em><strong>#FalamosIgual</strong></em>, qu&#8217;al traviés de les redes sociales busca visibilizar qu&#8217;en Llión, Asturies y otros territorios <em>«hai una llingua tradicional común que recibe nomes distintos pero que ye&#8217;l mesmu idioma»</em>. <em><a href="https://www.diariodeleon.es/articulo/leon/asociaciones-asturias-leon-organizan-campana-concienciar-unidad-linguistica/202007271307332033275.html?utm_source=dlvr.it&amp;utm_medium=twitterAsociaciones&amp;fbclid=IwAR0Zxkuwv8BD7K3MW2h228JY9cqEk7Ma0Ss3odHuKISNa0JBQrLlZ2fAmWU"> Ver noticia.</a></em></p>
<p><span style="font-size: 16px;font-family: georgia, palatino, serif">Una campaña pa concienciar de la unidá llingüística asturllionesa.</span><a href="https://www.facebook.com/AsociacionFaceira/?__cft__[0]=AZWEprkxbQ1D5MNtXd6rQiRazhsZWmOiAYL0kHagDj1CojTpEAeqBU6DRdnGsrqykRAUESKCRXE-ft7u0znNUvrL5A_sWb2pgz2qZ9Fq7npGyg&amp;__tn__=kK-R"><em><strong> Faceira Asociación</strong> </em></a>y<a href="https://www.facebook.com/Iniciativa-pol-Asturianu-507543346030621/?__cft__[0]=AZWEprkxbQ1D5MNtXd6rQiRazhsZWmOiAYL0kHagDj1CojTpEAeqBU6DRdnGsrqykRAUESKCRXE-ft7u0znNUvrL5A_sWb2pgz2qZ9Fq7npGyg&amp;__tn__=kK-R"> <strong><em>Iniciativa pol Asturianu</em></strong></a> xuntamos esfuercios, porque<span style="color: #003300"><strong><em> #FalamosIgual #asturianu #llionés</em></strong></span></p>
<ul>
<li><a href="https://www.facebook.com/hashtag/falamosigual">Ver en Facebook</a></li>
</ul>
<p>&nbsp;</p>
<p>&nbsp;</p>
<p><span class="oi732d6d ik7dh3pa d2edcug0 qv66sw1b c1et5uql a8c37x1j muag1w35 ew0dbk1b jq4qci2q a3bd9o3v knj5qynh oo9gr5id hzawbc8m" dir="auto"><em>«Dende Miranda a Llubarca/ de ríu Navia a ríu Nalón/ Viva la fala gloriosa/ del gran reinu de Llión»</em> escribió a principios del siglo XX el poeta asturiano Fernán-Coronas</span></p>
<p>&nbsp;</p>
<p>&nbsp;</p>
<p>&nbsp;</p>

<p>&nbsp; Les asociaciones Faceira ya Iniciativa pol Asturianu entamaron la campaña #FalamosIgual, qu&#8217;al traviés de les redes sociales busca visibilizar qu&#8217;en Llión, Asturies y otros territorios «hai una llingua tradicional común que recibe nomes distintos pero que ye&#8217;l mesmu idioma». Ver noticia. Una campaña pa concienciar de la unidá llingüística asturllionesa. Faceira Asociación y Iniciativa [&hellip;]</p>
