{"id":1412,"date":"2020-11-21T14:15:38","date_gmt":"2020-11-21T12:15:38","guid":{"rendered":"https:\/\/edublog.educastur.es\/ixuxu\/?page_id=1412"},"modified":"2021-01-06T21:56:16","modified_gmt":"2021-01-06T19:56:16","slug":"lliteratura","status":"publish","type":"page","link":"https:\/\/edublog.educastur.es\/ixuxu\/llee\/lliteratura\/","title":{"rendered":"Lliteratura"},"content":{"rendered":"<p><a href=\"https:\/\/www.rtpa.es\/fotos\/\/20\/11\/871605517987_cfakepathelles_web.jpg\"><img loading=\"lazy\" decoding=\"async\" class=\"alignnone size-full\" src=\"https:\/\/www.rtpa.es\/fotos\/\/20\/11\/871605517987_cfakepathelles_web.jpg\" width=\"825\" height=\"464\" \/><\/a><\/p>\n<p><a href=\"https:\/\/imgbox.es\/images\/2021\/01\/04\/10_page_203b805fb3ac3df976.jpg\"><img loading=\"lazy\" decoding=\"async\" class=\"alignnone\" src=\"https:\/\/imgbox.es\/images\/2021\/01\/04\/10_page_203b805fb3ac3df976.jpg\" alt=\"\" width=\"1068\" height=\"1497\" \/><\/a><\/p>\n<div class=\"e5nlhep0 eg9m0zos nu4hu5il\">\n<div class=\"kvgmc6g5 cxmmr5t8 oygrvhab hcukyx3x c1et5uql\">\n<div dir=\"auto\"><span style=\"font-size: 20px\"><em>Programas documentales <strong>\u00abELLES, muyeres na lliteratura asturiana\u00bb.<\/strong> Tr\u00e9s cap\u00edtulos que van dar a conocer la hestoria de les muyeres qu\u2019escribieron y escriben n\u2019asturianu y gallego-asturianu dende\u2019l sieglu XVIII.<\/em><\/span><\/div>\n<\/div>\n<ul>\n<li><a href=\"https:\/\/www.rtpa.es\/video:elles,%20muyeres%20na%20lliteratura%20asturiana_551605749401.html\"><span style=\"color: #008080\"><strong><span style=\"font-size: 20px\"><em>Ver cap\u00edtulu 1<\/em><\/span><\/strong><\/span><\/a><\/li>\n<li><a href=\"https:\/\/www.rtpa.es\/video:Elles,%20muyeres%20na%20lliteratura%20asturiana_551605749401.html\">V\u00eddeu TPA<\/a><\/li>\n<\/ul>\n<p><em><span style=\"font-size: 20px\">Nel primer cap\u00edtulu d\u2019Elles, muyeres na lliteratura asturiana, Sonia Avellaneda viaxa hasta\u2019l sieglu XVIII y XIX, onde mos lleguen nam\u00e1s cuatro autores: <strong>Xosefa Xovellanos<\/strong> y T<strong>aresa C\u00f3nsul<\/strong> (XVIII), <strong>Enriqueta Gonz\u00e1lez Rub\u00edn<\/strong> (XIX) y un \u00faltimu descubrimientu de 2019, <strong>Matilde de Soigne<\/strong> (XIX).<\/span><\/em><\/p>\n<ul>\n<li><span style=\"color: #008080\"><strong><span style=\"font-size: 20px\"><em>Ver cap\u00edtulu 2<\/em><\/span><\/strong><\/span><\/li>\n<li><a href=\"https:\/\/www.rtpa.es\/video:Elles,%20muyeres%20na%20lliteratura%20asturiana_551606352173.html\">V\u00eddeu TPA<\/a><\/li>\n<li><span style=\"color: #008080\"><strong><span style=\"font-size: 20px\"><em>Ver cap\u00edtulu 3<\/em><\/span><\/strong><\/span><\/li>\n<li><a href=\"https:\/\/www.rtpa.es\/video:Elles,%20muyeres%20na%20lliteratura%20asturiana_551606958340.html\">V\u00eddeu TPA<\/a><\/li>\n<\/ul>\n<\/div>\n<div class=\"e5nlhep0 eg9m0zos nu4hu5il\">\n<div class=\"o9v6fnle cxmmr5t8 oygrvhab hcukyx3x c1et5uql\">\n<div dir=\"auto\"><span style=\"font-size: 20px\"><em>El programa, con recreaciones hest\u00f3riques y testimonios de decenes d\u2019espertes y escritores, pres\u00e9ntalu Sonia Avellaneda y ta dirix\u00edu por <a class=\"oajrlxb2 g5ia77u1 qu0x051f esr5mh6w e9989ue4 r7d6kgcz rq0escxv nhd2j8a9 nc684nl6 p7hjln8o kvgmc6g5 cxmmr5t8 oygrvhab hcukyx3x jb3vyjys rz4wbd8a qt6c0cv9 a8nywdso i1ao9s8h esuyzwwr f1sip0of lzcic4wl oo9gr5id gpro0wi8 lrazzd5p\" role=\"link\" href=\"https:\/\/www.facebook.com\/watch\/Inaciugalan\/?tab=home&amp;__cft__[0]=AZUPMxrPB465DilhHkuu0ct_JJk29gQdVH8cayZWwU1oJlqNAsPp2HwXfX4bmH12gB3O39rlB5sex168tRRPBfRSo6siklsbrDIV8xegHzoc0ttecZ5uts_gMuEnePCgHW09akvvul_earIB_DeJCGRq&amp;__tn__=kK-R\">Inaciu Gal\u00e1n<\/a>, col asesoramientu de Mar\u00eda Esther Garc\u00eda, Esther Prieto y Marta Mori. <\/em><a class=\"oajrlxb2 g5ia77u1 qu0x051f esr5mh6w e9989ue4 r7d6kgcz rq0escxv nhd2j8a9 nc684nl6 p7hjln8o kvgmc6g5 cxmmr5t8 oygrvhab hcukyx3x jb3vyjys rz4wbd8a qt6c0cv9 a8nywdso i1ao9s8h esuyzwwr f1sip0of lzcic4wl oo9gr5id gpro0wi8 lrazzd5p\" role=\"link\" href=\"https:\/\/www.facebook.com\/hashtag\/elleslliteraturatpa?__eep__=6&amp;__cft__[0]=AZUPMxrPB465DilhHkuu0ct_JJk29gQdVH8cayZWwU1oJlqNAsPp2HwXfX4bmH12gB3O39rlB5sex168tRRPBfRSo6siklsbrDIV8xegHzoc0ttecZ5uts_gMuEnePCgHW09akvvul_earIB_DeJCGRq&amp;__tn__=*NK-R\"><em>#ELLESlliteraturaTPA<\/em><\/a><\/span><\/div>\n<\/div>\n<\/div>\n<ul>\n<li><a href=\"http:\/\/www.cuatrogotes.com\/\"><strong><em><span style=\"font-size: 20px\">Cuatro gotes Producciones<\/span><\/em><\/strong><\/a><\/li>\n<\/ul>\n","protected":false},"excerpt":{"rendered":"<p>Programas documentales \u00abELLES, muyeres na lliteratura asturiana\u00bb. Tr\u00e9s cap\u00edtulos que van dar a conocer la hestoria de les muyeres qu\u2019escribieron y escriben n\u2019asturianu y gallego-asturianu dende\u2019l sieglu XVIII. Ver cap\u00edtulu 1 V\u00eddeu TPA Nel primer cap\u00edtulu d\u2019Elles, muyeres na lliteratura asturiana, Sonia Avellaneda viaxa hasta\u2019l sieglu XVIII y XIX, onde mos lleguen nam\u00e1s cuatro autores: [&hellip;]<\/p>\n","protected":false},"author":117,"featured_media":0,"parent":1605,"menu_order":0,"comment_status":"closed","ping_status":"closed","template":"","meta":{"footnotes":""},"class_list":["post-1412","page","type-page","status-publish","hentry"],"_links":{"self":[{"href":"https:\/\/edublog.educastur.es\/ixuxu\/wp-json\/wp\/v2\/pages\/1412","targetHints":{"allow":["GET"]}}],"collection":[{"href":"https:\/\/edublog.educastur.es\/ixuxu\/wp-json\/wp\/v2\/pages"}],"about":[{"href":"https:\/\/edublog.educastur.es\/ixuxu\/wp-json\/wp\/v2\/types\/page"}],"author":[{"embeddable":true,"href":"https:\/\/edublog.educastur.es\/ixuxu\/wp-json\/wp\/v2\/users\/117"}],"replies":[{"embeddable":true,"href":"https:\/\/edublog.educastur.es\/ixuxu\/wp-json\/wp\/v2\/comments?post=1412"}],"version-history":[{"count":10,"href":"https:\/\/edublog.educastur.es\/ixuxu\/wp-json\/wp\/v2\/pages\/1412\/revisions"}],"predecessor-version":[{"id":2683,"href":"https:\/\/edublog.educastur.es\/ixuxu\/wp-json\/wp\/v2\/pages\/1412\/revisions\/2683"}],"up":[{"embeddable":true,"href":"https:\/\/edublog.educastur.es\/ixuxu\/wp-json\/wp\/v2\/pages\/1605"}],"wp:attachment":[{"href":"https:\/\/edublog.educastur.es\/ixuxu\/wp-json\/wp\/v2\/media?parent=1412"}],"curies":[{"name":"wp","href":"https:\/\/api.w.org\/{rel}","templated":true}]}}

<p><a href="https://www.rtpa.es/fotos//20/11/871605517987_cfakepathelles_web.jpg"><img loading="lazy" decoding="async" class="alignnone size-full" src="https://www.rtpa.es/fotos//20/11/871605517987_cfakepathelles_web.jpg" width="825" height="464" /></a></p>
<p><a href="https://imgbox.es/images/2021/01/04/10_page_203b805fb3ac3df976.jpg"><img loading="lazy" decoding="async" class="alignnone" src="https://imgbox.es/images/2021/01/04/10_page_203b805fb3ac3df976.jpg" alt="" width="1068" height="1497" /></a></p>
<div class="e5nlhep0 eg9m0zos nu4hu5il">
<div class="kvgmc6g5 cxmmr5t8 oygrvhab hcukyx3x c1et5uql">
<div dir="auto"><span style="font-size: 20px"><em>Programas documentales <strong>«ELLES, muyeres na lliteratura asturiana».</strong> Trés capítulos que van dar a conocer la hestoria de les muyeres qu’escribieron y escriben n’asturianu y gallego-asturianu dende’l sieglu XVIII.</em></span></div>
</div>
<ul>
<li><a href="https://www.rtpa.es/video:elles,%20muyeres%20na%20lliteratura%20asturiana_551605749401.html"><span style="color: #008080"><strong><span style="font-size: 20px"><em>Ver capítulu 1</em></span></strong></span></a></li>
<li><a href="https://www.rtpa.es/video:Elles,%20muyeres%20na%20lliteratura%20asturiana_551605749401.html">Vídeu TPA</a></li>
</ul>
<p><em><span style="font-size: 20px">Nel primer capítulu d’Elles, muyeres na lliteratura asturiana, Sonia Avellaneda viaxa hasta’l sieglu XVIII y XIX, onde mos lleguen namás cuatro autores: <strong>Xosefa Xovellanos</strong> y T<strong>aresa Cónsul</strong> (XVIII), <strong>Enriqueta González Rubín</strong> (XIX) y un últimu descubrimientu de 2019, <strong>Matilde de Soigne</strong> (XIX).</span></em></p>
<ul>
<li><span style="color: #008080"><strong><span style="font-size: 20px"><em>Ver capítulu 2</em></span></strong></span></li>
<li><a href="https://www.rtpa.es/video:Elles,%20muyeres%20na%20lliteratura%20asturiana_551606352173.html">Vídeu TPA</a></li>
<li><span style="color: #008080"><strong><span style="font-size: 20px"><em>Ver capítulu 3</em></span></strong></span></li>
<li><a href="https://www.rtpa.es/video:Elles,%20muyeres%20na%20lliteratura%20asturiana_551606958340.html">Vídeu TPA</a></li>
</ul>
</div>
<div class="e5nlhep0 eg9m0zos nu4hu5il">
<div class="o9v6fnle cxmmr5t8 oygrvhab hcukyx3x c1et5uql">
<div dir="auto"><span style="font-size: 20px"><em>El programa, con recreaciones hestóriques y testimonios de decenes d’espertes y escritores, preséntalu Sonia Avellaneda y ta dirixíu por <a class="oajrlxb2 g5ia77u1 qu0x051f esr5mh6w e9989ue4 r7d6kgcz rq0escxv nhd2j8a9 nc684nl6 p7hjln8o kvgmc6g5 cxmmr5t8 oygrvhab hcukyx3x jb3vyjys rz4wbd8a qt6c0cv9 a8nywdso i1ao9s8h esuyzwwr f1sip0of lzcic4wl oo9gr5id gpro0wi8 lrazzd5p" role="link" href="https://www.facebook.com/watch/Inaciugalan/?tab=home&amp;__cft__[0]=AZUPMxrPB465DilhHkuu0ct_JJk29gQdVH8cayZWwU1oJlqNAsPp2HwXfX4bmH12gB3O39rlB5sex168tRRPBfRSo6siklsbrDIV8xegHzoc0ttecZ5uts_gMuEnePCgHW09akvvul_earIB_DeJCGRq&amp;__tn__=kK-R">Inaciu Galán</a>, col asesoramientu de María Esther García, Esther Prieto y Marta Mori. </em><a class="oajrlxb2 g5ia77u1 qu0x051f esr5mh6w e9989ue4 r7d6kgcz rq0escxv nhd2j8a9 nc684nl6 p7hjln8o kvgmc6g5 cxmmr5t8 oygrvhab hcukyx3x jb3vyjys rz4wbd8a qt6c0cv9 a8nywdso i1ao9s8h esuyzwwr f1sip0of lzcic4wl oo9gr5id gpro0wi8 lrazzd5p" role="link" href="https://www.facebook.com/hashtag/elleslliteraturatpa?__eep__=6&amp;__cft__[0]=AZUPMxrPB465DilhHkuu0ct_JJk29gQdVH8cayZWwU1oJlqNAsPp2HwXfX4bmH12gB3O39rlB5sex168tRRPBfRSo6siklsbrDIV8xegHzoc0ttecZ5uts_gMuEnePCgHW09akvvul_earIB_DeJCGRq&amp;__tn__=*NK-R"><em>#ELLESlliteraturaTPA</em></a></span></div>
</div>
</div>
<ul>
<li><a href="http://www.cuatrogotes.com/"><strong><em><span style="font-size: 20px">Cuatro gotes Producciones</span></em></strong></a></li>
</ul>

<p>Programas documentales «ELLES, muyeres na lliteratura asturiana». Trés capítulos que van dar a conocer la hestoria de les muyeres qu’escribieron y escriben n’asturianu y gallego-asturianu dende’l sieglu XVIII. Ver capítulu 1 Vídeu TPA Nel primer capítulu d’Elles, muyeres na lliteratura asturiana, Sonia Avellaneda viaxa hasta’l sieglu XVIII y XIX, onde mos lleguen namás cuatro autores: [&hellip;]</p>
