{"id":142,"date":"2020-08-04T10:04:57","date_gmt":"2020-08-04T10:04:57","guid":{"rendered":"https:\/\/edublog.educastur.es\/ixuxu\/?page_id=142"},"modified":"2025-06-26T11:11:40","modified_gmt":"2025-06-26T09:11:40","slug":"campanes","status":"publish","type":"page","link":"https:\/\/edublog.educastur.es\/ixuxu\/asturiano\/campanes\/","title":{"rendered":"Campa\u00f1es"},"content":{"rendered":"<ul>\n<li><a href=\"https:\/\/www.asturias.es\/webasturias\/GOBIERNO\/ACTUALIDAD\/pdfs\/2017\/2017_06_15%20campana%20matriculacion%20asturiano.pdf\">Campa\u00f1a 2017<\/a><\/li>\n<\/ul>\n<p align=\"justify\">La ense\u00f1anza de la lengua asturiana comenz\u00f3 a impartirse oficialmente en 1984.<\/p>\n<p>&nbsp;<\/p>\n<p><img decoding=\"async\" src=\"https:\/\/www.asturias.es\/webasturias\/Repositorio\/ICONOS\/ico-pdf.gif\" alt=\"Icono gr\u00e1fico alusivo al tipo de archivo\" align=\"absMiddle\" \/>\u00a0<a href=\"https:\/\/www.asturias.es\/webasturias\/GOBIERNO\/ACTUALIDAD\/pdfs\/2017\/2017_06_15%20campana%20matriculacion%20asturiano.pdf\">Campa\u00f1a matriculaci\u00f3n asturiano<\/a>\u00a0(Pdf: 1,72 Kb)<\/p>\n<p><img decoding=\"async\" src=\"https:\/\/www.asturias.es\/webasturias\/Repositorio\/ICONOS\/ico-pdf.gif\" alt=\"Icono gr\u00e1fico alusivo al tipo de archivo\" align=\"absMiddle\" \/>\u00a0<a href=\"https:\/\/www.asturias.es\/webasturias\/GOBIERNO\/ACTUALIDAD\/pdfs\/2017\/2017_06_15%20campana%20matriculacion%20gallego-asturiano.pdf\">Campa\u00f1a matriculaci\u00f3n gallego-asturiano<\/a>(Pdf:\u00a01,98 Kb)<\/p>\n<p><img decoding=\"async\" src=\"https:\/\/www.asturias.es\/webasturias\/Repositorio\/ICONOS\/ico-pdf.gif\" alt=\"Icono gr\u00e1fico alusivo al tipo de archivo\" align=\"absMiddle\" \/>\u00a0<a href=\"https:\/\/www.asturias.es\/webasturias\/GOBIERNO\/ACTUALIDAD\/pdfs\/2017\/2017_06_15%20cartel%20asturiano.pdf\">Cartel asturiano<\/a>\u00a0(Pdf: 1,75 Kb)<\/p>\n<p><img decoding=\"async\" src=\"https:\/\/www.asturias.es\/webasturias\/Repositorio\/ICONOS\/ico-pdf.gif\" alt=\"Icono gr\u00e1fico alusivo al tipo de archivo\" align=\"absMiddle\" \/>\u00a0<a href=\"https:\/\/www.asturias.es\/webasturias\/GOBIERNO\/ACTUALIDAD\/pdfs\/2017\/2017_06_15%20cartel%20gallego%20asturiano.pdf\">Cartel gallego-asturiano<\/a>\u00a0(Pdf:\u00a03,79 Kb)<\/p>\n<hr \/>\n<div class=\"kvgmc6g5 cxmmr5t8 oygrvhab hcukyx3x c1et5uql ii04i59q\">\n<div dir=\"auto\"><\/div>\n<div dir=\"auto\"><strong>Pol\u00edtica Lling\u00fc\u00edstica<\/strong> pon en marcha una campa\u00f1a p\u2019animar a la matriculaci\u00f3n del alumn\u00e1u nes asignatures de Llingua Asturiana y Lliteratura y de Gallego-Asturiano. Los plazos de matr\u00edcula<strong> pa Primaria son del 22 al 28 de xunu<\/strong><\/div>\n<div dir=\"auto\">\n<p><a href=\"https:\/\/politicallinguistica.asturias.es\/\"><img loading=\"lazy\" decoding=\"async\" class=\"aligncenter\" src=\"https:\/\/politicallinguistica.asturias.es\/image\/layout_set_logo?img_id=68611&amp;t=1615892698188\" alt=\"\" width=\"472\" height=\"91\" \/><\/a><\/p>\n<ul>\n<li><a href=\"https:\/\/politicallinguistica.asturias.es\/\">Web de POL\u00cdTICA LLING\u00dc\u00cdSTICA<\/a><\/li>\n<\/ul>\n<\/div>\n<ul>\n<li><a href=\"https:\/\/www.facebook.com\/selmana.lletresasturianes\">\u00a0Facebook<\/a><\/li>\n<\/ul>\n<\/div>\n<div class=\"o9v6fnle cxmmr5t8 oygrvhab hcukyx3x c1et5uql ii04i59q\">\n<div dir=\"auto\">La carteler\u00eda impresa ta llegando y\u00e1 a los centros educativos y d\u2019equ\u00ed a poco la campa\u00f1a va estendese a los medios de comunicaci\u00f3n, con cu\u00f1es de radio y spots televisivos nes dos lling\u00fces. <a href=\"https:\/\/www.tresaliacomunicacion.es\/SPOT_LLINGUA_DEF.mp4\">VIDEU<\/a><\/div>\n<div dir=\"auto\">\n<div style=\"width: 640px;\" class=\"wp-video\"><video class=\"wp-video-shortcode\" id=\"video-142-1\" width=\"640\" height=\"360\" preload=\"metadata\" controls=\"controls\"><source type=\"video\/mp4\" src=\"https:\/\/www.tresaliacomunicacion.es\/SPOT_LLINGUA_DEF.mp4?_=1\" \/><a href=\"https:\/\/www.tresaliacomunicacion.es\/SPOT_LLINGUA_DEF.mp4\">https:\/\/www.tresaliacomunicacion.es\/SPOT_LLINGUA_DEF.mp4<\/a><\/video><\/div>\n<\/div>\n<div dir=\"auto\"><\/div>\n<\/div>\n<hr \/>\n<h3 style=\"text-align: center\"><em><span style=\"color: #333399;font-size: 24pt\">2020<\/span><\/em><\/h3>\n<h3>Dende <a href=\"https:\/\/www.facebook.com\/selmana.lletresasturianes?eid=ARBXtWWeRTu6W5mJW3EsS3PtUS0UPDgo36QWdsT4EWkqBDjZd9jH5AEs75U2_5LwxLtcKvPTozCVi0T8&amp;hc_ref=ARQGS1daaw2ZzAmT11ZcNp_4Kw0D3QV8bdwcg1harNXMA2dpXXV-GetN509gNRwnK3U&amp;fref=nf\" target=\"_blank\" rel=\"noopener noreferrer\"><b><u><i>Pol\u00edtica Lling\u00fc\u00edstica Princip\u00e1u d&#8217;Asturies<\/i><\/u><\/b><\/a> entama la campa\u00f1a del Gobiernu d&#8217;Asturies <a href=\"https:\/\/www.facebook.com\/hashtag\/ap%C3%BAntate?__eep__=6&amp;__cft__[0]=AZX4Tl2SbA_qY09AymP7BdeYBN9rH3xBz6Xc7Om3mjUKJa9x5csFFWsvuUxUMHwMrbjLISCIxnhfHp17IFbxJiiIU_e-NoPXvt6MqyPx_RtfowDfGgdtNoHS6SM9GPKEGlg&amp;__tn__=*NK-R\">#Ap\u00fantate<\/a> en favor de la matriculaci\u00f3n de les asignatures de Llingua Asturiana y de Gallego-Asturianu pal cursu 2020-21. Estos son los carteles nes dos lling\u00fces. Pero ye una campa\u00f1a que va trayer m\u00e1s sorpreses.<\/h3>\n<p>&nbsp;<\/p>\n<ul>\n<li>\n<h3><span style=\"font-size: 18pt\"><a href=\"https:\/\/www.educastur.es\/documents\/10531\/5214006\/2020-06+CARTEL+FINAL+asturiano+WEB.pdf\/a4e28240-a570-47fa-b502-89a8a95ed848\" target=\"_blank\" rel=\"noopener noreferrer\">Cartel llingua asturiana<\/a> (pdf)<\/span><\/h3>\n<\/li>\n<li>\n<h3><span style=\"font-size: 18pt\"><a href=\"https:\/\/www.educastur.es\/documents\/10531\/5214006\/2020-06+CARTEL+FINAL+gallego-asturiano+WEB.pdf\/81c12761-5925-4857-870d-2aa4334c496f\" target=\"_blank\" rel=\"noopener noreferrer\">Cartel Gallego-Asturiano<\/a> (pdf)<\/span><\/h3>\n<\/li>\n<li>\n<h3><span style=\"color: #ff0000;font-size: 18pt\"><i><b>Ap\u00fantate! Del 23 al 31 de xunu<\/b><\/i><\/span><\/h3>\n<\/li>\n<li>\n<h3><a href=\"https:\/\/www.facebook.com\/gobiernodeasturias\/videos\/196524894954738\" target=\"_blank\" rel=\"noopener noreferrer\"><i><span style=\"font-size: 18pt\">Ver VIDEU en Facebook<\/span><\/i><\/a><\/h3>\n<\/li>\n<li>\n<h3><i><a href=\"https:\/\/educastur-my.sharepoint.com\/:v:\/g\/personal\/isabellh_educastur_org\/EWmNbpFTdvZOgOnK_gkvtXgBhc8o3UlCfMoYpfUeQUaEeg?e=qfQxaV\" target=\"_blank\" rel=\"noopener noreferrer\">Ver videu equ\u00ed<\/a><br \/>\n<\/i><i><\/i><\/h3>\n<\/li>\n<li>\n<h3><a href=\"https:\/\/educastur-my.sharepoint.com\/personal\/corredoria3_educastur_org\/_layouts\/15\/onedrive.aspx?id=%2Fpersonal%2Fcorredoria3%5Feducastur%5Forg%2FDocuments%2FALOJAWEB%5FCOLE%5FNo%20borrar%2FDocumentos%20Web%2FINFORMACIO%CC%81N%20GENERAL%20MATRICULACIO%CC%81N%2Epdf&amp;parent=%2Fpersonal%2Fcorredoria3%5Feducastur%5Forg%2FDocuments%2FALOJAWEB%5FCOLE%5FNo%20borrar%2FDocumentos%20Web&amp;originalPath=aHR0cHM6Ly9lZHVjYXN0dXItbXkuc2hhcmVwb2ludC5jb20vOmI6L2cvcGVyc29uYWwvY29ycmVkb3JpYTNfZWR1Y2FzdHVyX29yZy9FWEplV2RBbFRPNUZ2VGJnbTkxQU5qY0JzTHA3RGF3ZzkwX0c1NkVJVHZQbkxnP3J0aW1lPXlNSUhXcGNTMkVn\" target=\"_blank\" rel=\"noopener noreferrer\">Ver noticia <b><i>\u00abMatriculaci\u00f3n\u00bb<\/i><\/b> en la web del Cole<\/a><\/h3>\n<\/li>\n<li>\n<h3><a href=\"https:\/\/t.co\/IDeZIjW9yY\" target=\"_blank\" rel=\"noopener noreferrer\">Ver noticia n\u00b4Educastur<\/a><\/h3>\n<\/li>\n<li>\n<h3><a href=\"https:\/\/es-es.facebook.com\/ofillin\/\">Ver informaci\u00f3n Oficina Normalizaci\u00f3n Ll. de Xix\u00f3n<\/a><\/h3>\n<\/li>\n<\/ul>\n","protected":false},"excerpt":{"rendered":"<p>Campa\u00f1a 2017 La ense\u00f1anza de la lengua asturiana comenz\u00f3 a impartirse oficialmente en 1984. &nbsp; \u00a0Campa\u00f1a matriculaci\u00f3n asturiano\u00a0(Pdf: 1,72 Kb) \u00a0Campa\u00f1a matriculaci\u00f3n gallego-asturiano(Pdf:\u00a01,98 Kb) \u00a0Cartel asturiano\u00a0(Pdf: 1,75 Kb) \u00a0Cartel gallego-asturiano\u00a0(Pdf:\u00a03,79 Kb) Pol\u00edtica Lling\u00fc\u00edstica pon en marcha una campa\u00f1a p\u2019animar a la matriculaci\u00f3n del alumn\u00e1u nes asignatures de Llingua Asturiana y Lliteratura y de Gallego-Asturiano. Los [&hellip;]<\/p>\n","protected":false},"author":117,"featured_media":0,"parent":6599,"menu_order":0,"comment_status":"closed","ping_status":"closed","template":"","meta":{"footnotes":""},"class_list":["post-142","page","type-page","status-publish","hentry"],"_links":{"self":[{"href":"https:\/\/edublog.educastur.es\/ixuxu\/wp-json\/wp\/v2\/pages\/142","targetHints":{"allow":["GET"]}}],"collection":[{"href":"https:\/\/edublog.educastur.es\/ixuxu\/wp-json\/wp\/v2\/pages"}],"about":[{"href":"https:\/\/edublog.educastur.es\/ixuxu\/wp-json\/wp\/v2\/types\/page"}],"author":[{"embeddable":true,"href":"https:\/\/edublog.educastur.es\/ixuxu\/wp-json\/wp\/v2\/users\/117"}],"replies":[{"embeddable":true,"href":"https:\/\/edublog.educastur.es\/ixuxu\/wp-json\/wp\/v2\/comments?post=142"}],"version-history":[{"count":4,"href":"https:\/\/edublog.educastur.es\/ixuxu\/wp-json\/wp\/v2\/pages\/142\/revisions"}],"predecessor-version":[{"id":51708,"href":"https:\/\/edublog.educastur.es\/ixuxu\/wp-json\/wp\/v2\/pages\/142\/revisions\/51708"}],"up":[{"embeddable":true,"href":"https:\/\/edublog.educastur.es\/ixuxu\/wp-json\/wp\/v2\/pages\/6599"}],"wp:attachment":[{"href":"https:\/\/edublog.educastur.es\/ixuxu\/wp-json\/wp\/v2\/media?parent=142"}],"curies":[{"name":"wp","href":"https:\/\/api.w.org\/{rel}","templated":true}]}}

Campañes

<ul>
<li><a href="https://www.asturias.es/webasturias/GOBIERNO/ACTUALIDAD/pdfs/2017/2017_06_15%20campana%20matriculacion%20asturiano.pdf">Campaña 2017</a></li>
</ul>
<p align="justify">La enseñanza de la lengua asturiana comenzó a impartirse oficialmente en 1984.</p>
<p>&nbsp;</p>
<p><img decoding="async" src="https://www.asturias.es/webasturias/Repositorio/ICONOS/ico-pdf.gif" alt="Icono gráfico alusivo al tipo de archivo" align="absMiddle" /> <a href="https://www.asturias.es/webasturias/GOBIERNO/ACTUALIDAD/pdfs/2017/2017_06_15%20campana%20matriculacion%20asturiano.pdf">Campaña matriculación asturiano</a> (Pdf: 1,72 Kb)</p>
<p><img decoding="async" src="https://www.asturias.es/webasturias/Repositorio/ICONOS/ico-pdf.gif" alt="Icono gráfico alusivo al tipo de archivo" align="absMiddle" /> <a href="https://www.asturias.es/webasturias/GOBIERNO/ACTUALIDAD/pdfs/2017/2017_06_15%20campana%20matriculacion%20gallego-asturiano.pdf">Campaña matriculación gallego-asturiano</a>(Pdf: 1,98 Kb)</p>
<p><img decoding="async" src="https://www.asturias.es/webasturias/Repositorio/ICONOS/ico-pdf.gif" alt="Icono gráfico alusivo al tipo de archivo" align="absMiddle" /> <a href="https://www.asturias.es/webasturias/GOBIERNO/ACTUALIDAD/pdfs/2017/2017_06_15%20cartel%20asturiano.pdf">Cartel asturiano</a> (Pdf: 1,75 Kb)</p>
<p><img decoding="async" src="https://www.asturias.es/webasturias/Repositorio/ICONOS/ico-pdf.gif" alt="Icono gráfico alusivo al tipo de archivo" align="absMiddle" /> <a href="https://www.asturias.es/webasturias/GOBIERNO/ACTUALIDAD/pdfs/2017/2017_06_15%20cartel%20gallego%20asturiano.pdf">Cartel gallego-asturiano</a> (Pdf: 3,79 Kb)</p>
<hr />
<div class="kvgmc6g5 cxmmr5t8 oygrvhab hcukyx3x c1et5uql ii04i59q">
<div dir="auto"></div>
<div dir="auto"><strong>Política Llingüística</strong> pon en marcha una campaña p’animar a la matriculación del alumnáu nes asignatures de Llingua Asturiana y Lliteratura y de Gallego-Asturiano. Los plazos de matrícula<strong> pa Primaria son del 22 al 28 de xunu</strong></div>
<div dir="auto">
<p><a href="https://politicallinguistica.asturias.es/"><img loading="lazy" decoding="async" class="aligncenter" src="https://politicallinguistica.asturias.es/image/layout_set_logo?img_id=68611&amp;t=1615892698188" alt="" width="472" height="91" /></a></p>
<ul>
<li><a href="https://politicallinguistica.asturias.es/">Web de POLÍTICA LLINGÜÍSTICA</a></li>
</ul>
</div>
<ul>
<li><a href="https://www.facebook.com/selmana.lletresasturianes"> Facebook</a></li>
</ul>
</div>
<div class="o9v6fnle cxmmr5t8 oygrvhab hcukyx3x c1et5uql ii04i59q">
<div dir="auto">La cartelería impresa ta llegando yá a los centros educativos y d’equí a poco la campaña va estendese a los medios de comunicación, con cuñes de radio y spots televisivos nes dos llingües. <a href="https://www.tresaliacomunicacion.es/SPOT_LLINGUA_DEF.mp4">VIDEU</a></div>
<div dir="auto">
<div style="width: 640px;" class="wp-video"><video class="wp-video-shortcode" id="video-142-1" width="640" height="360" preload="metadata" controls="controls"><source type="video/mp4" src="https://www.tresaliacomunicacion.es/SPOT_LLINGUA_DEF.mp4?_=1" /><a href="https://www.tresaliacomunicacion.es/SPOT_LLINGUA_DEF.mp4">https://www.tresaliacomunicacion.es/SPOT_LLINGUA_DEF.mp4</a></video></div>
</div>
<div dir="auto"></div>
</div>
<hr />
<h3 style="text-align: center"><em><span style="color: #333399;font-size: 24pt">2020</span></em></h3>
<h3>Dende <a href="https://www.facebook.com/selmana.lletresasturianes?eid=ARBXtWWeRTu6W5mJW3EsS3PtUS0UPDgo36QWdsT4EWkqBDjZd9jH5AEs75U2_5LwxLtcKvPTozCVi0T8&amp;hc_ref=ARQGS1daaw2ZzAmT11ZcNp_4Kw0D3QV8bdwcg1harNXMA2dpXXV-GetN509gNRwnK3U&amp;fref=nf" target="_blank" rel="noopener noreferrer"><b><u><i>Política Llingüística Principáu d&#8217;Asturies</i></u></b></a> entama la campaña del Gobiernu d&#8217;Asturies <a href="https://www.facebook.com/hashtag/ap%C3%BAntate?__eep__=6&amp;__cft__[0]=AZX4Tl2SbA_qY09AymP7BdeYBN9rH3xBz6Xc7Om3mjUKJa9x5csFFWsvuUxUMHwMrbjLISCIxnhfHp17IFbxJiiIU_e-NoPXvt6MqyPx_RtfowDfGgdtNoHS6SM9GPKEGlg&amp;__tn__=*NK-R">#Apúntate</a> en favor de la matriculación de les asignatures de Llingua Asturiana y de Gallego-Asturianu pal cursu 2020-21. Estos son los carteles nes dos llingües. Pero ye una campaña que va trayer más sorpreses.</h3>
<p>&nbsp;</p>
<ul>
<li>
<h3><span style="font-size: 18pt"><a href="https://www.educastur.es/documents/10531/5214006/2020-06+CARTEL+FINAL+asturiano+WEB.pdf/a4e28240-a570-47fa-b502-89a8a95ed848" target="_blank" rel="noopener noreferrer">Cartel llingua asturiana</a> (pdf)</span></h3>
</li>
<li>
<h3><span style="font-size: 18pt"><a href="https://www.educastur.es/documents/10531/5214006/2020-06+CARTEL+FINAL+gallego-asturiano+WEB.pdf/81c12761-5925-4857-870d-2aa4334c496f" target="_blank" rel="noopener noreferrer">Cartel Gallego-Asturiano</a> (pdf)</span></h3>
</li>
<li>
<h3><span style="color: #ff0000;font-size: 18pt"><i><b>Apúntate! Del 23 al 31 de xunu</b></i></span></h3>
</li>
<li>
<h3><a href="https://www.facebook.com/gobiernodeasturias/videos/196524894954738" target="_blank" rel="noopener noreferrer"><i><span style="font-size: 18pt">Ver VIDEU en Facebook</span></i></a></h3>
</li>
<li>
<h3><i><a href="https://educastur-my.sharepoint.com/:v:/g/personal/isabellh_educastur_org/EWmNbpFTdvZOgOnK_gkvtXgBhc8o3UlCfMoYpfUeQUaEeg?e=qfQxaV" target="_blank" rel="noopener noreferrer">Ver videu equí</a><br />
</i><i></i></h3>
</li>
<li>
<h3><a href="https://educastur-my.sharepoint.com/personal/corredoria3_educastur_org/_layouts/15/onedrive.aspx?id=%2Fpersonal%2Fcorredoria3%5Feducastur%5Forg%2FDocuments%2FALOJAWEB%5FCOLE%5FNo%20borrar%2FDocumentos%20Web%2FINFORMACIO%CC%81N%20GENERAL%20MATRICULACIO%CC%81N%2Epdf&amp;parent=%2Fpersonal%2Fcorredoria3%5Feducastur%5Forg%2FDocuments%2FALOJAWEB%5FCOLE%5FNo%20borrar%2FDocumentos%20Web&amp;originalPath=aHR0cHM6Ly9lZHVjYXN0dXItbXkuc2hhcmVwb2ludC5jb20vOmI6L2cvcGVyc29uYWwvY29ycmVkb3JpYTNfZWR1Y2FzdHVyX29yZy9FWEplV2RBbFRPNUZ2VGJnbTkxQU5qY0JzTHA3RGF3ZzkwX0c1NkVJVHZQbkxnP3J0aW1lPXlNSUhXcGNTMkVn" target="_blank" rel="noopener noreferrer">Ver noticia <b><i>«Matriculación»</i></b> en la web del Cole</a></h3>
</li>
<li>
<h3><a href="https://t.co/IDeZIjW9yY" target="_blank" rel="noopener noreferrer">Ver noticia n´Educastur</a></h3>
</li>
<li>
<h3><a href="https://es-es.facebook.com/ofillin/">Ver información Oficina Normalización Ll. de Xixón</a></h3>
</li>
</ul>

<p>Campaña 2017 La enseñanza de la lengua asturiana comenzó a impartirse oficialmente en 1984. &nbsp;  Campaña matriculación asturiano (Pdf: 1,72 Kb)  Campaña matriculación gallego-asturiano(Pdf: 1,98 Kb)  Cartel asturiano (Pdf: 1,75 Kb)  Cartel gallego-asturiano (Pdf: 3,79 Kb) Política Llingüística pon en marcha una campaña p’animar a la matriculación del alumnáu nes asignatures de Llingua Asturiana y Lliteratura y de Gallego-Asturiano. Los [&hellip;]</p>
