{"id":16112,"date":"2023-01-31T12:41:55","date_gmt":"2023-01-31T10:41:55","guid":{"rendered":"https:\/\/edublog.educastur.es\/ixuxu\/?page_id=16112"},"modified":"2023-01-31T12:45:52","modified_gmt":"2023-01-31T10:45:52","slug":"efemerides","status":"publish","type":"page","link":"https:\/\/edublog.educastur.es\/ixuxu\/efemerides\/","title":{"rendered":"Efem\u00e9rides"},"content":{"rendered":"<ul>\n<li>Autor: <a href=\"https:\/\/www.facebook.com\/inaciu\">Inaciu Gal\u00e1n<\/a><\/li>\n<li><a href=\"https:\/\/www.facebook.com\/hashtag\/efem%C3%A9ridesasturianu\">\u202a#\u200eefem\u00e9ridesasturianu\u202c &#8211; | Facebook<\/a><\/li>\n<\/ul>\n\n<!-- iframe plugin v.6.0 wordpress.org\/plugins\/iframe\/ -->\n<iframe loading=\"lazy\" src=\"https:\/\/www.facebook.com\/plugins\/post.php?href=https%3A%2F%2Fwww.facebook.com%2Finaciu%2Fposts%2Fpfbid02DJZXvnxxxmc8Gp4bkb7NgkRCj5FkEP5XXa62MU781cQTnFczqK8ed6uqYcAsxcE1l&#038;show_text=true&#038;width=500\" width=\"500\" height=\"668\" style=\"border:none;overflow:hidden\" scrolling=\"no\" frameborder=\"0\" allowfullscreen=\"true\" allow=\"autoplay; clipboard-write; encrypted-media; picture-in-picture; web-share\" 0=\"\/iframe\" class=\"iframe-class\"><\/iframe>\n\n<blockquote><p><em><strong><span style=\"color: #800080\">Efem\u00e9rides:<\/span><\/strong><\/em><\/p>\n<p><em><strong><span style=\"color: #800080\">1. f. Acontecimientu notable que se recuerda en cualquier aniversariu d&#8217;\u00e9l.<\/span><\/strong><\/em><\/p>\n<p><em><strong><span style=\"color: #800080\">2. f. Conmemoraci\u00f3n d&#8217;una efem\u00e9ride nel so aniversariu.<\/span><\/strong><\/em><\/p>\n<p><em><strong><span style=\"color: #800080\">3. f. pl. Llibru o comentariu en que se refieren los fechos d&#8217;acald\u00eda.<\/span><\/strong><\/em><\/p>\n<p>&nbsp;<\/p><\/blockquote>\n<p>&nbsp;<\/p>\n","protected":false},"excerpt":{"rendered":"<p>Autor: Inaciu Gal\u00e1n \u202a#\u200eefem\u00e9ridesasturianu\u202c &#8211; | Facebook Efem\u00e9rides: 1. f. Acontecimientu notable que se recuerda en cualquier aniversariu d&#8217;\u00e9l. 2. f. Conmemoraci\u00f3n d&#8217;una efem\u00e9ride nel so aniversariu. 3. f. pl. Llibru o comentariu en que se refieren los fechos d&#8217;acald\u00eda. &nbsp; &nbsp;<\/p>\n","protected":false},"author":117,"featured_media":0,"parent":0,"menu_order":0,"comment_status":"closed","ping_status":"closed","template":"","meta":{"footnotes":""},"class_list":["post-16112","page","type-page","status-publish","hentry"],"_links":{"self":[{"href":"https:\/\/edublog.educastur.es\/ixuxu\/wp-json\/wp\/v2\/pages\/16112","targetHints":{"allow":["GET"]}}],"collection":[{"href":"https:\/\/edublog.educastur.es\/ixuxu\/wp-json\/wp\/v2\/pages"}],"about":[{"href":"https:\/\/edublog.educastur.es\/ixuxu\/wp-json\/wp\/v2\/types\/page"}],"author":[{"embeddable":true,"href":"https:\/\/edublog.educastur.es\/ixuxu\/wp-json\/wp\/v2\/users\/117"}],"replies":[{"embeddable":true,"href":"https:\/\/edublog.educastur.es\/ixuxu\/wp-json\/wp\/v2\/comments?post=16112"}],"version-history":[{"count":3,"href":"https:\/\/edublog.educastur.es\/ixuxu\/wp-json\/wp\/v2\/pages\/16112\/revisions"}],"predecessor-version":[{"id":16115,"href":"https:\/\/edublog.educastur.es\/ixuxu\/wp-json\/wp\/v2\/pages\/16112\/revisions\/16115"}],"wp:attachment":[{"href":"https:\/\/edublog.educastur.es\/ixuxu\/wp-json\/wp\/v2\/media?parent=16112"}],"curies":[{"name":"wp","href":"https:\/\/api.w.org\/{rel}","templated":true}]}}

Efemérides

<ul>
<li>Autor: <a href="https://www.facebook.com/inaciu">Inaciu Galán</a></li>
<li><a href="https://www.facebook.com/hashtag/efem%C3%A9ridesasturianu">‪#‎efeméridesasturianu‬ &#8211; | Facebook</a></li>
</ul>

<!-- iframe plugin v.6.0 wordpress.org/plugins/iframe/ -->
<iframe loading="lazy" src="https://www.facebook.com/plugins/post.php?href=https%3A%2F%2Fwww.facebook.com%2Finaciu%2Fposts%2Fpfbid02DJZXvnxxxmc8Gp4bkb7NgkRCj5FkEP5XXa62MU781cQTnFczqK8ed6uqYcAsxcE1l&#038;show_text=true&#038;width=500" width="500" height="668" style="border:none;overflow:hidden" scrolling="no" frameborder="0" allowfullscreen="true" allow="autoplay; clipboard-write; encrypted-media; picture-in-picture; web-share" 0="/iframe" class="iframe-class"></iframe>

<blockquote><p><em><strong><span style="color: #800080">Efemérides:</span></strong></em></p>
<p><em><strong><span style="color: #800080">1. f. Acontecimientu notable que se recuerda en cualquier aniversariu d&#8217;él.</span></strong></em></p>
<p><em><strong><span style="color: #800080">2. f. Conmemoración d&#8217;una efeméride nel so aniversariu.</span></strong></em></p>
<p><em><strong><span style="color: #800080">3. f. pl. Llibru o comentariu en que se refieren los fechos d&#8217;acaldía.</span></strong></em></p>
<p>&nbsp;</p></blockquote>
<p>&nbsp;</p>

<p>Autor: Inaciu Galán ‪#‎efeméridesasturianu‬ &#8211; | Facebook Efemérides: 1. f. Acontecimientu notable que se recuerda en cualquier aniversariu d&#8217;él. 2. f. Conmemoración d&#8217;una efeméride nel so aniversariu. 3. f. pl. Llibru o comentariu en que se refieren los fechos d&#8217;acaldía. &nbsp; &nbsp;</p>
