{"id":16733,"date":"2023-02-26T21:41:10","date_gmt":"2023-02-26T19:41:10","guid":{"rendered":"https:\/\/edublog.educastur.es\/ixuxu\/?page_id=16733"},"modified":"2023-02-26T21:44:18","modified_gmt":"2023-02-26T19:44:18","slug":"termast","status":"publish","type":"page","link":"https:\/\/edublog.educastur.es\/ixuxu\/pallabreros\/termast\/","title":{"rendered":"TermAst"},"content":{"rendered":"<p style=\"text-align: center\"><a href=\"https:\/\/alladixital.org\/\"><img loading=\"lazy\" decoding=\"async\" class=\"alignnone \" src=\"https:\/\/alladixital.org\/wp-content\/uploads\/2022\/08\/logo_LLINGUA_280_V3.jpg\" width=\"212\" height=\"218\" \/><\/a><\/p>\n<ul>\n<li><a href=\"https:\/\/termast.alladixital.org\/\"><span style=\"color: #008080\"><strong>https:\/\/termast.alladixital.org\/<\/strong><\/span><\/a><\/li>\n<li><span style=\"color: #008080\"><a style=\"color: #008080\" href=\"https:\/\/termast.alladixital.org\/propuestes.php\"><span style=\"font-size: 20px\"><strong>PROPUESTES<\/strong><\/span><\/a><\/span><\/li>\n<li>Fonte: <a href=\"https:\/\/alladixital.org\/\">Academia de la Llingua Asturiana<\/a> \/<a href=\"https:\/\/www.facebook.com\/photo?fbid=578522450976238&amp;set=a.558308729664277\"> Facebook<\/a><\/li>\n<li><span class=\"x3nfvp2 x1j61x8r x1fcty0u xdj266r xhhsvwb xat24cr xgzva0m xxymvpz xlup9mm x1kky2od\">\u00a0<\/span>Consulta&#8217;l TermAst de cine nesti enllaz: <a class=\"x1i10hfl xjbqb8w x6umtig x1b1mbwd xaqea5y xav7gou x9f619 x1ypdohk xt0psk2 xe8uvvx xdj266r x11i5rnm xat24cr x1mh8g0r xexx8yu x4uap5 x18d9i69 xkhd6sd x16tdsg8 x1hl2dhg xggy1nq x1a2a7pz xt0b8zv x1fey0fg\" role=\"link\" href=\"https:\/\/cutt.ly\/88wJpaU?fbclid=IwAR1SuNbY0CbmRTpGwOnixOH6p3iNgmqCMgdlwDntsi_5cnbO-KJ6bv6rMFg\" target=\"_blank\" rel=\"nofollow noopener\">https:\/\/cutt.ly\/88wJpaU<\/a><\/li>\n<\/ul>\n<blockquote>\n<h1 style=\"text-align: center\"><span style=\"color: #008080\">TermAst, propuestes de<br \/>\nTerminolox\u00eda Asturiana<\/span><\/h1>\n<\/blockquote>\n<p>TERMAST ye&#8217;l centru encarg\u00e1u de la coordinaci\u00f3n xeneral de les xeres terminol\u00f3xiques venceyaes a la llingua asturiana y surde en xineru de 2009 per aciu del pautu robl\u00e1u ente tres entidaes asturianes: el coleutivu Softastur, el Colexu d&#8217;Inxenieros n&#8217;Inform\u00e1tica del Princip\u00e1u d&#8217;Asturies y l&#8217;Academia de la Llingua Asturiana.<\/p>\n<p>La idea cimera de TERMAST ye la ellaboraci\u00f3n de propuestes terminol\u00f3xiques d&#8217;aplicaci\u00f3n a los nuevos usos de la llingua asturiana y la disponibilid\u00e1 de consulta al travi\u00e9s d&#8217;una estaya concreta dientro de la p\u00e1xina Web de l&#8217;Academia de la Llingua Asturiana.<\/p>\n<p>A la escontra d&#8217;otros entamos y propuestes normatives de l&#8217;Academia, TERMAST quier que seyan iniciatives individuales o grupales concretes les que dean a la conocencia p\u00fablica la so particular propuesta de soluci\u00f3n a los problemes terminol\u00f3xicos del asturianu nos estremaos contestos comunicativos: \u00e1mbitu cient\u00edficu, de les nueves teunolox\u00edes, econ\u00f3micu, sociol\u00f3xicu, human\u00edsticu&#8230; Estes propuestes tar\u00e1n al algame de los usuarios de la llingua asturiana, de mou que sedr\u00e1n \u00e9stos \u2014col so usu o refugu\u2014 los que dir\u00e1n d\u00e1ndo-yos calter de normalid\u00e1, de mou que llueu d&#8217;ello l&#8217;Academia pueda dir inxiri\u00e9ndolos dientro de los sos calces normativos.<\/p>\n\n<!-- iframe plugin v.6.0 wordpress.org\/plugins\/iframe\/ -->\n<iframe loading=\"lazy\" src=\"https:\/\/www.facebook.com\/plugins\/post.php?href=https%3A%2F%2Fwww.facebook.com%2FAcademiadelaLlinguaAsturiana%2Fposts%2Fpfbid02mumWBd6hvMMMWzuU763bPSC9sMUk8JSxLDbLWUKmsnub9VVRJRKKKhrEwrNfqeqGl&#038;show_text=true&#038;width=500\" width=\"500\" height=\"691\" style=\"border:none;overflow:hidden\" scrolling=\"no\" frameborder=\"0\" allowfullscreen=\"true\" allow=\"autoplay; clipboard-write; encrypted-media; picture-in-picture; web-share\" 0=\"\/iframe\" class=\"iframe-class\"><\/iframe>\n\n<div class=\"\" dir=\"auto\">\n<div id=\"jsc_c_1b9\" class=\"x1iorvi4 x1pi30zi x1swvt13 x1l90r2v\" data-ad-comet-preview=\"message\" data-ad-preview=\"message\">\n<div class=\"x78zum5 xdt5ytf xz62fqu x16ldp7u\">\n<div class=\"xu06os2 x1ok221b\">\n<div class=\"x11i5rnm xat24cr x1mh8g0r x1vvkbs xdj266r x126k92a\">\n<div dir=\"auto\"><\/div>\n<\/div>\n<\/div>\n<\/div>\n<\/div>\n<\/div>\n","protected":false},"excerpt":{"rendered":"<p>https:\/\/termast.alladixital.org\/ PROPUESTES Fonte: Academia de la Llingua Asturiana \/ Facebook \u00a0Consulta&#8217;l TermAst de cine nesti enllaz: https:\/\/cutt.ly\/88wJpaU TermAst, propuestes de Terminolox\u00eda Asturiana TERMAST ye&#8217;l centru encarg\u00e1u de la coordinaci\u00f3n xeneral de les xeres terminol\u00f3xiques venceyaes a la llingua asturiana y surde en xineru de 2009 per aciu del pautu robl\u00e1u ente tres entidaes asturianes: el [&hellip;]<\/p>\n","protected":false},"author":117,"featured_media":0,"parent":2118,"menu_order":0,"comment_status":"closed","ping_status":"closed","template":"","meta":{"footnotes":""},"class_list":["post-16733","page","type-page","status-publish","hentry"],"_links":{"self":[{"href":"https:\/\/edublog.educastur.es\/ixuxu\/wp-json\/wp\/v2\/pages\/16733","targetHints":{"allow":["GET"]}}],"collection":[{"href":"https:\/\/edublog.educastur.es\/ixuxu\/wp-json\/wp\/v2\/pages"}],"about":[{"href":"https:\/\/edublog.educastur.es\/ixuxu\/wp-json\/wp\/v2\/types\/page"}],"author":[{"embeddable":true,"href":"https:\/\/edublog.educastur.es\/ixuxu\/wp-json\/wp\/v2\/users\/117"}],"replies":[{"embeddable":true,"href":"https:\/\/edublog.educastur.es\/ixuxu\/wp-json\/wp\/v2\/comments?post=16733"}],"version-history":[{"count":3,"href":"https:\/\/edublog.educastur.es\/ixuxu\/wp-json\/wp\/v2\/pages\/16733\/revisions"}],"predecessor-version":[{"id":16736,"href":"https:\/\/edublog.educastur.es\/ixuxu\/wp-json\/wp\/v2\/pages\/16733\/revisions\/16736"}],"up":[{"embeddable":true,"href":"https:\/\/edublog.educastur.es\/ixuxu\/wp-json\/wp\/v2\/pages\/2118"}],"wp:attachment":[{"href":"https:\/\/edublog.educastur.es\/ixuxu\/wp-json\/wp\/v2\/media?parent=16733"}],"curies":[{"name":"wp","href":"https:\/\/api.w.org\/{rel}","templated":true}]}}

<p style="text-align: center"><a href="https://alladixital.org/"><img loading="lazy" decoding="async" class="alignnone " src="https://alladixital.org/wp-content/uploads/2022/08/logo_LLINGUA_280_V3.jpg" width="212" height="218" /></a></p>
<ul>
<li><a href="https://termast.alladixital.org/"><span style="color: #008080"><strong>https://termast.alladixital.org/</strong></span></a></li>
<li><span style="color: #008080"><a style="color: #008080" href="https://termast.alladixital.org/propuestes.php"><span style="font-size: 20px"><strong>PROPUESTES</strong></span></a></span></li>
<li>Fonte: <a href="https://alladixital.org/">Academia de la Llingua Asturiana</a> /<a href="https://www.facebook.com/photo?fbid=578522450976238&amp;set=a.558308729664277"> Facebook</a></li>
<li><span class="x3nfvp2 x1j61x8r x1fcty0u xdj266r xhhsvwb xat24cr xgzva0m xxymvpz xlup9mm x1kky2od"> </span>Consulta&#8217;l TermAst de cine nesti enllaz: <a class="x1i10hfl xjbqb8w x6umtig x1b1mbwd xaqea5y xav7gou x9f619 x1ypdohk xt0psk2 xe8uvvx xdj266r x11i5rnm xat24cr x1mh8g0r xexx8yu x4uap5 x18d9i69 xkhd6sd x16tdsg8 x1hl2dhg xggy1nq x1a2a7pz xt0b8zv x1fey0fg" role="link" href="https://cutt.ly/88wJpaU?fbclid=IwAR1SuNbY0CbmRTpGwOnixOH6p3iNgmqCMgdlwDntsi_5cnbO-KJ6bv6rMFg" target="_blank" rel="nofollow noopener">https://cutt.ly/88wJpaU</a></li>
</ul>
<blockquote>
<h1 style="text-align: center"><span style="color: #008080">TermAst, propuestes de<br />
Terminoloxía Asturiana</span></h1>
</blockquote>
<p>TERMAST ye&#8217;l centru encargáu de la coordinación xeneral de les xeres terminolóxiques venceyaes a la llingua asturiana y surde en xineru de 2009 per aciu del pautu robláu ente tres entidaes asturianes: el coleutivu Softastur, el Colexu d&#8217;Inxenieros n&#8217;Informática del Principáu d&#8217;Asturies y l&#8217;Academia de la Llingua Asturiana.</p>
<p>La idea cimera de TERMAST ye la ellaboración de propuestes terminolóxiques d&#8217;aplicación a los nuevos usos de la llingua asturiana y la disponibilidá de consulta al traviés d&#8217;una estaya concreta dientro de la páxina Web de l&#8217;Academia de la Llingua Asturiana.</p>
<p>A la escontra d&#8217;otros entamos y propuestes normatives de l&#8217;Academia, TERMAST quier que seyan iniciatives individuales o grupales concretes les que dean a la conocencia pública la so particular propuesta de solución a los problemes terminolóxicos del asturianu nos estremaos contestos comunicativos: ámbitu científicu, de les nueves teunoloxíes, económicu, sociolóxicu, humanísticu&#8230; Estes propuestes tarán al algame de los usuarios de la llingua asturiana, de mou que sedrán éstos —col so usu o refugu— los que dirán dándo-yos calter de normalidá, de mou que llueu d&#8217;ello l&#8217;Academia pueda dir inxiriéndolos dientro de los sos calces normativos.</p>

<!-- iframe plugin v.6.0 wordpress.org/plugins/iframe/ -->
<iframe loading="lazy" src="https://www.facebook.com/plugins/post.php?href=https%3A%2F%2Fwww.facebook.com%2FAcademiadelaLlinguaAsturiana%2Fposts%2Fpfbid02mumWBd6hvMMMWzuU763bPSC9sMUk8JSxLDbLWUKmsnub9VVRJRKKKhrEwrNfqeqGl&#038;show_text=true&#038;width=500" width="500" height="691" style="border:none;overflow:hidden" scrolling="no" frameborder="0" allowfullscreen="true" allow="autoplay; clipboard-write; encrypted-media; picture-in-picture; web-share" 0="/iframe" class="iframe-class"></iframe>

<div class="" dir="auto">
<div id="jsc_c_1b9" class="x1iorvi4 x1pi30zi x1swvt13 x1l90r2v" data-ad-comet-preview="message" data-ad-preview="message">
<div class="x78zum5 xdt5ytf xz62fqu x16ldp7u">
<div class="xu06os2 x1ok221b">
<div class="x11i5rnm xat24cr x1mh8g0r x1vvkbs xdj266r x126k92a">
<div dir="auto"></div>
</div>
</div>
</div>
</div>
</div>

<p>https://termast.alladixital.org/ PROPUESTES Fonte: Academia de la Llingua Asturiana / Facebook  Consulta&#8217;l TermAst de cine nesti enllaz: https://cutt.ly/88wJpaU TermAst, propuestes de Terminoloxía Asturiana TERMAST ye&#8217;l centru encargáu de la coordinación xeneral de les xeres terminolóxiques venceyaes a la llingua asturiana y surde en xineru de 2009 per aciu del pautu robláu ente tres entidaes asturianes: el [&hellip;]</p>
