{"id":20330,"date":"2023-06-05T10:38:02","date_gmt":"2023-06-05T08:38:02","guid":{"rendered":"https:\/\/edublog.educastur.es\/ixuxu\/?page_id=20330"},"modified":"2024-11-06T15:29:45","modified_gmt":"2024-11-06T13:29:45","slug":"mapes","status":"publish","type":"page","link":"https:\/\/edublog.educastur.es\/ixuxu\/asturies\/mapes\/","title":{"rendered":"MAPES"},"content":{"rendered":"<ul>\n<li><a href=\"https:\/\/www.campingarmanello.com\/mapa-de-espana-para-imprimir\/\">Mapes<\/a> \/ <a href=\"https:\/\/teachermsisabel.wordpress.com\/2014\/06\/08\/mapas-de-espana-fisicos-politicos-y-mudos\/\">mapes<\/a> \/<\/li>\n<li>Espa\u00f1a: <a href=\"https:\/\/es.wikipedia.org\/wiki\/Provincia_%28Espa%C3%B1a%29\">wiki<\/a> \/<a href=\"https:\/\/www3.gobiernodecanarias.org\/medusa\/ecoblog\/jmhergare\/files\/2023\/04\/mapa-mudo-politico-espana.jpg\"> Pol\u00edtico<\/a> \/ <a href=\"https:\/\/upload.wikimedia.org\/wikipedia\/commons\/thumb\/1\/11\/Mapa_de_Espa%C3%B1a_-_Constituci%C3%B3n_de_1873.svg\/2441px-Mapa_de_Espa%C3%B1a_-_Constituci%C3%B3n_de_1873.svg.png\">antiguu<\/a> \/<a href=\"https:\/\/www3.gobiernodecanarias.org\/medusa\/ecoblog\/jmhergare\/files\/2023\/04\/mapa-mudo-politico-espana-blanco.jpg\"> blancu<\/a> \/ <a href=\"https:\/\/teachermsisabel.files.wordpress.com\/2014\/06\/mapa-fc3adsico-de-espac3b1ac2b41.jpg\">f\u00edsicu<\/a> \/ <a href=\"https:\/\/www.campingarmanello.com\/wp-content\/uploads\/2020\/10\/mapa-climas-espana-imprimir.pdf\">clima<\/a> \/<a href=\"http:\/\/luisamariaarias.files.wordpress.com\/2011\/07\/climas-de-espac3b1a1.jpg\"> clima II<\/a> \/<\/li>\n<li><\/li>\n<li><a href=\"https:\/\/www.campingarmanello.com\/wp-content\/uploads\/2020\/10\/mapa-fisico-espana-relieve-altimetria.pdf\" target=\"_blank\" rel=\"noopener noreferrer\">Descargar mapa relieve y altimetr\u00eda Espa\u00f1a imprimir<\/a><\/li>\n<li>\n<p class=\"has-text-align-center\"><a href=\"https:\/\/www.campingarmanello.com\/wp-content\/uploads\/2020\/10\/mapa-espana-solo-provincias.pdf\" target=\"_blank\" rel=\"noopener noreferrer\">Mapa provincias Espa\u00f1a imprimir<\/a><\/p>\n<\/li>\n<li>\n<p class=\"has-text-align-center\"><a href=\"https:\/\/www.campingarmanello.com\/wp-content\/uploads\/2020\/10\/mapa-espana-provincias-colorear.png\" target=\"_blank\" rel=\"noopener noreferrer\">Descargar Mapa mudo provincias Espa\u00f1a\u00a0 colorear<\/a><\/p>\n<\/li>\n<li><a href=\"https:\/\/www.campingarmanello.com\/wp-content\/uploads\/2020\/10\/mapa-politico-espana-color.pdf\" target=\"_blank\" rel=\"noopener noreferrer\">Descargar mapa pol\u00edtico Espa\u00f1a\u00a0 imprimir<\/a><\/li>\n<li><a href=\"https:\/\/www.campingarmanello.com\/wp-content\/uploads\/2020\/10\/mapa-espana-rios-imprimir.pdf\" target=\"_blank\" rel=\"noopener noreferrer\">Descargar mapa r\u00edos Espa\u00f1a<\/a><\/li>\n<li><\/li>\n<li>Europa: <a href=\"https:\/\/www3.gobiernodecanarias.org\/medusa\/ecoblog\/jmhergare\/files\/2023\/04\/mapa-mudo-politico-de-europa.jpg\">color<\/a> \/ <a href=\"https:\/\/www3.gobiernodecanarias.org\/medusa\/ecoblog\/jmhergare\/files\/2023\/04\/mapa-mudo-politico-europa-blanco.jpg\">blancu<\/a> \/ p<a href=\"https:\/\/teachermsisabel.files.wordpress.com\/2014\/06\/mapa-mudo-provincia-y-capitales-espac3b1olas.jpg\">rovincies mudu<\/a> \/<\/li>\n<li style=\"text-align: center\"><\/li>\n<\/ul>\n<p style=\"text-align: center\"><a href=\"https:\/\/teachermsisabel.files.wordpress.com\/2014\/06\/mapa-polc3adtico-de-espac3b1a2.jpg\"><img loading=\"lazy\" decoding=\"async\" class=\"aligncenter size-full\" src=\"https:\/\/teachermsisabel.files.wordpress.com\/2014\/06\/mapa-polc3adtico-de-espac3b1a2.jpg\" width=\"3508\" height=\"2480\" \/><\/a><a href=\"https:\/\/teachermsisabel.files.wordpress.com\/2014\/06\/mapa-fc3adsico-de-espac3b1ac2b41.jpg\"><img loading=\"lazy\" decoding=\"async\" class=\"aligncenter size-full\" src=\"https:\/\/teachermsisabel.files.wordpress.com\/2014\/06\/mapa-fc3adsico-de-espac3b1ac2b41.jpg\" width=\"3508\" height=\"2480\" \/><\/a><\/p>\n<ul>\n<li><a href=\"https:\/\/www.sadei.es\/sadei\/mapas\/comarcas_106_125_117_0_1_in.html\">MAPA COMARCAS<\/a><\/li>\n<li><a href=\"https:\/\/www.sadei.es\/mapa-municipal-de-asturias.-concejos\/mapas\/concejos_105_125_116_0_1_in.html\"><strong>MAPA CONCEYOS<\/strong><\/a><\/li>\n<li><a class=\"v_norm\" title=\"Descargar el fichero\" href=\"https:\/\/www.sadei.es\/tematico\/aplicaciones\/Mapas\/Concejos\/Mapa_Concejos.pdf\" target=\"_blank\" rel=\"noopener\">\/ Formato PDF <\/a><\/li>\n<li><a href=\"https:\/\/www.sadei.es\/mapa-parroquial-de-asturias\/mapas\/parroquias_250_125_313_0_1_in.html\"><strong>MAPA PARROQUIES<\/strong> <\/a>\/ <a class=\"v_norm\" title=\"Descargar el fichero\" href=\"https:\/\/www.sadei.es\/tematico\/aplicaciones\/Mapas\/Parroquias\/Mapa_Parroquias.pdf\" target=\"_blank\" rel=\"noopener\"> Formato PDF <\/a><\/li>\n<li><a href=\"https:\/\/www.sadei.es\/sadei\/mapas\/secciones-censales_320_125_851_0_1_in.html\">MAPA CENSOS<\/a> \/<\/li>\n<li><a href=\"https:\/\/www.sadei.es\/sadei\/mapas\/circunscripciones-electorales_108_125_119_0_1_in.html\">MAPA ELECTORAL<\/a> \/\u00a0<a class=\"v_norm\" title=\"Descargar el fichero\" href=\"https:\/\/www.sadei.es\/v_portal\/inc\/clicklink.asp?t=3&amp;cod=1164&amp;c=0&amp;s=218582863\"> circunscripciones electorales <\/a><\/li>\n<li>\u00a0<a href=\"https:\/\/www.sadei.es\/sadei\/mapas\/zonas-agroganaderas_107_125_118_0_1_in.html\">ZONES AGROGANADERES<\/a> \/<a class=\"v_norm\" title=\"Descargar el fichero\" href=\"https:\/\/www.sadei.es\/tematico\/aplicaciones\/Mapas\/Zonas_Agroganaderas\/Mapa_Zonas_Agroganaderas.pdf\"><img decoding=\"async\" title=\"Descargar el fichero\" src=\"https:\/\/www.sadei.es\/v_portal\/imgs\/ic_pdf.svg\" alt=\"\" width=\"20\" \/>\u00a0 z. agroganaderas <\/a><\/li>\n<li><a href=\"https:\/\/www.sadei.es\/tematico\/aplicaciones\/Mapas\/Areas_Sanitarias\/web_leaflet_Areas_Sanitarias\/Mapa_Sanidad.html#8\/43.247\/-5.711\">\u00c1rees Sanitaries<\/a> \/ <a class=\"v_norm\" title=\"Descargar el fichero\" href=\"https:\/\/www.sadei.es\/tematico\/aplicaciones\/Mapas\/Areas_Sanitarias\/Mapa_Sanitario.pdf\"><img decoding=\"async\" title=\"Descargar el fichero\" src=\"https:\/\/www.sadei.es\/v_portal\/imgs\/ic_pdf.svg\" alt=\"\" width=\"20\" \/> Mapa sanitario<\/a><\/li>\n<li><a href=\"https:\/\/www.sadei.es\/sadei\/mapas\/limites-y-superficies_424_125_941_0_1_in.html\">L\u00edmites y superficies<\/a> \/ <a class=\"v_norm\" title=\"Descargar el fichero\" href=\"https:\/\/www.sadei.es\/tematico\/aplicaciones\/Mapas\/Limites_superficie\/Metodologia_Limites_Superficies.pdf\" target=\"_blank\" rel=\"noopener\"><img decoding=\"async\" title=\"Descargar el fichero\" src=\"https:\/\/www.sadei.es\/v_portal\/imgs\/ic_pdf.svg\" alt=\"\" width=\"20\" \/> Metodolog\u00eda L\u00edmites y Superficies<\/a><\/li>\n<li><a href=\"https:\/\/www.sadei.es\/sadei\/mapas\/estratos-de-altitud_425_125_942_0_1_in.html\">Mapa Estratos d&#8217;altit\u00fa<\/a> \/ <a class=\"v_norm\" title=\"Descargar el fichero\" href=\"https:\/\/www.sadei.es\/tematico\/aplicaciones\/Mapas\/Limites_superficie\/Metodologia_Limites_Superficies.pdf\" target=\"_blank\" rel=\"noopener\"> Metodolog\u00eda L\u00edmites y Superficies<\/a><\/li>\n<li><a href=\"https:\/\/www.sadei.es\/mapas\/visor-nomenclator\">Nomencl\u00e1tor<\/a> \/ <a class=\"v_norm\" title=\"Descargar el fichero\" href=\"https:\/\/www.sadei.es\/tematico\/aplicaciones\/Visor\/visor_instrucciones_metodologia.pdf\" target=\"_blank\" rel=\"noopener\"><img decoding=\"async\" title=\"Descargar el fichero\" src=\"https:\/\/www.sadei.es\/v_portal\/imgs\/ic_pdf.svg\" alt=\"\" width=\"20\" \/> Instrucciones y metodolog\u00eda<\/a><\/li>\n<li>+<a class=\"v_norm\" title=\"Descargar el fichero\" href=\"https:\/\/www.sadei.es\/v_portal\/inc\/clicklink.asp?t=3&amp;cod=1252&amp;c=0&amp;s=218582863\"> <img decoding=\"async\" title=\"Descargar el fichero\" src=\"https:\/\/www.sadei.es\/v_portal\/imgs\/ic_pdf.svg\" alt=\"\" width=\"20\" \/> Movimiento Natural de la Poblaci\u00f3n 2018. Metodolog\u00eda <\/a><\/li>\n<li><a class=\"v_norm\" title=\"Descargar el fichero\" href=\"https:\/\/www.sadei.es\/v_portal\/inc\/clicklink.asp?t=3&amp;cod=1255&amp;c=0&amp;s=218582863\"><img decoding=\"async\" title=\"Descargar el fichero\" src=\"https:\/\/www.sadei.es\/v_portal\/imgs\/ic_pdf.svg\" alt=\"\" width=\"20\" \/> La Renta de los Municipios Asturianos 2016.<\/a><\/li>\n<li><a class=\"v_norm\" title=\"Descargar el fichero\" href=\"https:\/\/www.sadei.es\/v_portal\/inc\/clicklink.asp?t=3&amp;cod=1257&amp;c=0&amp;s=218582863\"> Comercio exterior de Asturias 2017. Metodolog\u00eda <\/a><\/li>\n<li>\n<div class=\"blq mart4 marb12\"><a class=\"v_norm\" title=\"Descargar el fichero\" href=\"https:\/\/www.sadei.es\/v_portal\/inc\/clicklink.asp?t=3&amp;cod=1259&amp;c=0&amp;s=218582863\"> <img decoding=\"async\" title=\"Descargar el fichero\" src=\"https:\/\/www.sadei.es\/v_portal\/imgs\/ic_pdf.svg\" alt=\"\" width=\"20\" \/> \u00cdndice de Producci\u00f3n Industrial de Asturias, 2015. <\/a><\/div>\n<\/li>\n<li><a class=\"v_norm\" title=\"Descargar el fichero\" href=\"https:\/\/www.sadei.es\/v_portal\/inc\/clicklink.asp?t=3&amp;cod=1260&amp;c=0&amp;s=218582863\">\u00a0Ventas en Grandes Superficies y Cadenas de Distribuci\u00f3n 2016. <\/a><\/li>\n<li><strong><a href=\"https:\/\/transparencia.oviedo.es\/documents\/25041\/588040\/Callejero+Oviedo+Mural+turistico.pdf\/89522227-17c6-4422-ac90-a9781595349a\">UVI\u00c9U: mapa pdf<\/a><\/strong><\/li>\n<\/ul>\n<div class=\"lwptoc_items lwptoc_items-visible\">\n<div class=\"lwptoc_itemWrap\">\n<div class=\"lwptoc_item\"><strong><a href=\"https:\/\/mapasde.viajes\/asturias\/espana\/#Que_ver_en_Asturias_67_lugares_muy_interesantes\"> <span class=\"lwptoc_item_number\">1<\/span> <span class=\"lwptoc_item_label\">Qu\u00e9 ver en Asturias. 67 lugares muy interesantes.<\/span> <\/a><\/strong><\/div>\n<div class=\"lwptoc_item\"><strong><a href=\"https:\/\/mapasde.viajes\/asturias\/espana\/#Que_hacer_en_Asturias\"> <span class=\"lwptoc_item_number\">2<\/span> <span class=\"lwptoc_item_label\">Qu\u00e9 hacer en Asturias<\/span> <\/a><\/strong><\/div>\n<div class=\"lwptoc_item\"><strong><a href=\"https:\/\/mapasde.viajes\/asturias\/espana\/#Asturias_vista_por_National_Geographic\"> <span class=\"lwptoc_item_number\">3<\/span> <span class=\"lwptoc_item_label\">Asturias vista por National Geographic<\/span> <\/a><\/strong><\/div>\n<div class=\"lwptoc_item\"><strong><a href=\"https:\/\/mapasde.viajes\/asturias\/espana\/#Descargar_mapa_Asturias\"> <span class=\"lwptoc_item_number\">4<\/span> <span class=\"lwptoc_item_label\">Descargar mapa Asturias<\/span> <\/a><\/strong><\/div>\n<div class=\"lwptoc_item\"><strong><a href=\"https:\/\/mapasde.viajes\/asturias\/espana\/#Enlaces_de_interes\"> <span class=\"lwptoc_item_number\">5<\/span> <span class=\"lwptoc_item_label\">Enlaces de inter\u00e9s<\/span> <\/a><\/strong><\/div>\n<div>\n<ul>\n<li><a href=\"https:\/\/www.turismoasturias.es\/\" target=\"_blank\" rel=\"noreferrer noopener\">Turismo Asturias<\/a><\/li>\n<li><a href=\"https:\/\/mapasde.viajes\/picos-de-europa\/espana\/\" target=\"_blank\" rel=\"noreferrer noopener\">Mapa Picos de Europa<\/a><\/li>\n<\/ul>\n<p style=\"text-align: center\"><a href=\"https:\/\/mapasde.viajes\/wp-content\/uploads\/elementor\/thumbs\/Mapa-Parque-Nacional-Picos-de-Europa-pl6dexn8lmnx4xnfl39h880ysfmfdqq263a5vviz0w.jpg\">https:\/\/mapasde.viajes\/wp-content\/uploads\/elementor\/thumbs\/Mapa-Parque-Nacional-Picos-de-Europa-pl6dexn8lmnx4xnfl39h880ysfmfdqq263a5vviz0w.jpg<\/a><\/p>\n<p style=\"text-align: center\"><a href=\"https:\/\/mapasde.viajes\/wp-content\/uploads\/2022\/02\/Mapa-Parque-Nacional-Picos-de-Europa.jpg\">https:\/\/mapasde.viajes\/wp-content\/uploads\/2022\/02\/Mapa-Parque-Nacional-Picos-de-Europa.jpg<\/a><\/p>\n<ul>\n<li><strong>MAPAS MILHAUD:\u00a0 <\/strong><a href=\"https:\/\/mapasmilhaud.com\/\">https:\/\/mapasmilhaud.com\/<\/a><\/li>\n<\/ul>\n<p>&nbsp;<\/p>\n<ul>\n<li><a href=\"https:\/\/atlasnacional.ign.es\/wane\/ANE:Descargashttps:\/\/atlasnacional.ign.es\/wane\/ANE:Descargas\"><strong>Atlas nacional d&#8217;Espa\u00f1a<\/strong><\/a><\/li>\n<li><a href=\"https:\/\/atlasnacional.ign.es\/wane\/Medio_natural\">https:\/\/atlasnacional.ign.es\/wane\/Medio_natural<\/a><\/li>\n<\/ul>\n<p style=\"text-align: center\"><a href=\"https:\/\/atlasnacional.ign.es\/images\/thumb\/8\/86\/Btn-Seccion_II_v1.png\/690px-Btn-Seccion_II_v1.png\"><img loading=\"lazy\" decoding=\"async\" class=\"aligncenter size-large\" src=\"https:\/\/atlasnacional.ign.es\/images\/thumb\/8\/86\/Btn-Seccion_II_v1.png\/690px-Btn-Seccion_II_v1.png\" width=\"690\" height=\"690\" \/><\/a><\/p>\n<p style=\"text-align: center\"><a href=\"http:\/\/atlasnacional.ign.es\/images\/thumb\/9\/93\/Espana_Ciclo-del-agua_2003_ilustracion_14413_spa.jpg\/1280px-Espana_Ciclo-del-agua_2003_ilustracion_14413_spa.jpg\"><img loading=\"lazy\" decoding=\"async\" class=\"aligncenter size-large\" src=\"http:\/\/atlasnacional.ign.es\/images\/thumb\/9\/93\/Espana_Ciclo-del-agua_2003_ilustracion_14413_spa.jpg\/1280px-Espana_Ciclo-del-agua_2003_ilustracion_14413_spa.jpg\" width=\"1280\" height=\"875\" \/><\/a><\/p>\n<\/div>\n<\/div>\n<\/div>\n","protected":false},"excerpt":{"rendered":"<p>Mapes \/ mapes \/ Espa\u00f1a: wiki \/ Pol\u00edtico \/ antiguu \/ blancu \/ f\u00edsicu \/ clima \/ clima II \/ Descargar mapa relieve y altimetr\u00eda Espa\u00f1a imprimir Mapa provincias Espa\u00f1a imprimir Descargar Mapa mudo provincias Espa\u00f1a\u00a0 colorear Descargar mapa pol\u00edtico Espa\u00f1a\u00a0 imprimir Descargar mapa r\u00edos Espa\u00f1a Europa: color \/ blancu \/ provincies mudu \/ MAPA [&hellip;]<\/p>\n","protected":false},"author":117,"featured_media":0,"parent":2314,"menu_order":0,"comment_status":"closed","ping_status":"closed","template":"","meta":{"footnotes":""},"class_list":["post-20330","page","type-page","status-publish","hentry"],"_links":{"self":[{"href":"https:\/\/edublog.educastur.es\/ixuxu\/wp-json\/wp\/v2\/pages\/20330","targetHints":{"allow":["GET"]}}],"collection":[{"href":"https:\/\/edublog.educastur.es\/ixuxu\/wp-json\/wp\/v2\/pages"}],"about":[{"href":"https:\/\/edublog.educastur.es\/ixuxu\/wp-json\/wp\/v2\/types\/page"}],"author":[{"embeddable":true,"href":"https:\/\/edublog.educastur.es\/ixuxu\/wp-json\/wp\/v2\/users\/117"}],"replies":[{"embeddable":true,"href":"https:\/\/edublog.educastur.es\/ixuxu\/wp-json\/wp\/v2\/comments?post=20330"}],"version-history":[{"count":9,"href":"https:\/\/edublog.educastur.es\/ixuxu\/wp-json\/wp\/v2\/pages\/20330\/revisions"}],"predecessor-version":[{"id":34379,"href":"https:\/\/edublog.educastur.es\/ixuxu\/wp-json\/wp\/v2\/pages\/20330\/revisions\/34379"}],"up":[{"embeddable":true,"href":"https:\/\/edublog.educastur.es\/ixuxu\/wp-json\/wp\/v2\/pages\/2314"}],"wp:attachment":[{"href":"https:\/\/edublog.educastur.es\/ixuxu\/wp-json\/wp\/v2\/media?parent=20330"}],"curies":[{"name":"wp","href":"https:\/\/api.w.org\/{rel}","templated":true}]}}