{"id":21069,"date":"2023-07-30T12:54:20","date_gmt":"2023-07-30T10:54:20","guid":{"rendered":"https:\/\/edublog.educastur.es\/ixuxu\/?page_id=21069"},"modified":"2023-07-30T12:58:42","modified_gmt":"2023-07-30T10:58:42","slug":"familia-castanon","status":"publish","type":"page","link":"https:\/\/edublog.educastur.es\/ixuxu\/comics\/familia-castanon\/","title":{"rendered":"Familia Casta\u00f1\u00f3n"},"content":{"rendered":"<p style=\"text-align: center\">\n<ul>\n<li>Fonte: <span style=\"color: #008080\"><strong><a style=\"color: #008080\" href=\"https:\/\/www.facebook.com\/IgorMedio\">Facebook d&#8217;Igor Medio<\/a><\/strong><\/span><\/li>\n<li>\n<div class=\"x9f619 x1n2onr6 x1ja2u2z x78zum5 x2lah0s x1nhvcw1 x1qjc9v5 xozqiw3 x1q0g3np xyamay9 xykv574 xbmpl8g x4cne27 xifccgj\">\n<div class=\"x9f619 x1n2onr6 x1ja2u2z x78zum5 xdt5ytf x2lah0s x193iq5w xeuugli xsyo7zv x16hj40l x10b6aqq x1yrsyyn\"><img loading=\"lazy\" decoding=\"async\" class=\"x1b0d499 xuo83w3\" src=\"https:\/\/static.xx.fbcdn.net\/rsrc.php\/v3\/y3\/r\/BQdeC67wT9z.png\" alt=\"\" width=\"20\" height=\"20\" \/><a href=\"http:\/\/www.igormedio.com\"><span class=\"x193iq5w xeuugli x13faqbe x1vvkbs x1xmvt09 x1lliihq x1s928wv xhkezso x1gmr53x x1cpjm7i x1fgarty x1943h6x xudqn12 x3x7a5m x1f6kntn xvq8zen xo1l8bm x1qq9wsj x1yc453h\" dir=\"auto\"> igormedio.com<\/span><\/a><\/div>\n<\/div>\n<\/li>\n<li>Familia Casta\u00f1\u00f3n:<a href=\"https:\/\/www.facebook.com\/photo?fbid=745637820898293&amp;set=a.736280611834014\"> qui\u00e9nes son<\/a> \/<\/li>\n<\/ul>\n<p style=\"text-align: center\">\n<!-- iframe plugin v.6.0 wordpress.org\/plugins\/iframe\/ -->\n<iframe loading=\"lazy\" src=\"https:\/\/www.facebook.com\/plugins\/post.php?href=https%3A%2F%2Fwww.facebook.com%2FIgorMedio%2Fposts%2Fpfbid02nT65ZR2MEJTf3KFQJ4scLUA3YiJKHvPpeBK8Vf1iXf9MXL4yYZaqxsz4B9mMPmzkl&#038;show_text=false&#038;width=500\" width=\"500\" height=\"181\" style=\"border:none;overflow:hidden\" scrolling=\"no\" frameborder=\"0\" allowfullscreen=\"true\" allow=\"autoplay; clipboard-write; encrypted-media; picture-in-picture; web-share\" 0=\"\/iframe\" class=\"iframe-class\"><\/iframe>\n<\/p>\n<p>Igor Medio Tuya \u00f1aci\u00f3 nel barriu\u2019Natahoyo el 30 \/ 01 \/ 1972, entam\u00f3 a dibuxar dende que supo garrar un ll\u00e0piz y dende y\u00e0 mas ne\u00f1u dixo que quer\u00eda tocar la guitarra, eso foi lo que fixo hasta`l 24 \/ 06 \/ 2006. Esta web ye pa que tol que quiera conocer la so obra pueda disfrutar d\u2019ella, Que vos preste\u2026<\/p>\n<hr \/>\n<p><strong><span class=\"x193iq5w xeuugli x13faqbe x1vvkbs x1xmvt09 x1lliihq x1s928wv xhkezso x1gmr53x x1cpjm7i x1fgarty x1943h6x xudqn12 x3x7a5m x1f6kntn xvq8zen xo1l8bm xzsf02u x1yc453h\" dir=\"auto\"><a href=\"https:\/\/www.facebook.com\/photo?fbid=754364490025626&amp;set=a.736280611834014\">2\/9\/2003.<\/a> <\/span><\/strong><\/p>\n<p><span class=\"x193iq5w xeuugli x13faqbe x1vvkbs x1xmvt09 x1lliihq x1s928wv xhkezso x1gmr53x x1cpjm7i x1fgarty x1943h6x xudqn12 x3x7a5m x1f6kntn xvq8zen xo1l8bm xzsf02u x1yc453h\" dir=\"auto\">Segunda \u00abp\u00e1xina dominical\u00bb de la Familia Casta\u00f1\u00f3n.<\/span><\/p>\n<p style=\"text-align: center\">\n<!-- iframe plugin v.6.0 wordpress.org\/plugins\/iframe\/ -->\n<iframe loading=\"lazy\" src=\"https:\/\/www.facebook.com\/plugins\/post.php?href=https%3A%2F%2Fwww.facebook.com%2FIgorMedio%2Fposts%2Fpfbid02R2piA4uy2VDsQ8EphzQe8WNLuJcnwJjxouM2UB5CXpRDcezdTQvPW1LUQjy9tRD4l&#038;show_text=false&#038;width=500\" width=\"500\" height=\"498\" style=\"border:none;overflow:hidden\" scrolling=\"no\" frameborder=\"0\" allowfullscreen=\"true\" allow=\"autoplay; clipboard-write; encrypted-media; picture-in-picture; web-share\" 0=\"\/iframe\" class=\"iframe-class\"><\/iframe>\n<\/p>\n<hr \/>\n<p><span class=\"x193iq5w xeuugli x13faqbe x1vvkbs x1xmvt09 x1lliihq x1s928wv xhkezso x1gmr53x x1cpjm7i x1fgarty x1943h6x xudqn12 x3x7a5m x1f6kntn xvq8zen xo1l8bm xzsf02u x1yc453h\" dir=\"auto\"><a href=\"https:\/\/scontent.fmad7-1.fna.fbcdn.net\/v\/t39.30808-6\/362927321_750018873793521_5911054540880048409_n.jpg?_nc_cat=111&amp;ccb=1-7&amp;_nc_sid=0debeb&amp;_nc_ohc=o_74eEhNHxsAX_usCQn&amp;_nc_oc=AQm_5V-i8qnAsjjfjpSDXcsIwg58oixtyRRIKauZclB4qlF8Ant1OyaSnKgue52cfbU&amp;_nc_ht=scontent.fmad7-1.fna&amp;oh=00_AfDpBbAU7q8Ir70IJJDoLb-QQPe9e9D0MU-V3LrCrTV8Cg&amp;oe=64CB802B\"><strong>1\/9\/2002.<\/strong><\/a> <\/span><\/p>\n<p><span class=\"x193iq5w xeuugli x13faqbe x1vvkbs x1xmvt09 x1lliihq x1s928wv xhkezso x1gmr53x x1cpjm7i x1fgarty x1943h6x xudqn12 x3x7a5m x1f6kntn xvq8zen xo1l8bm xzsf02u x1yc453h\" dir=\"auto\">El peri\u00f3dicu pidi\u00f3me una p\u00e1xina completa de la Familia Casta\u00f1\u00f3n pal suplementu final del 1 de setiembre del 2002. Dime cuenta qu\u2019esi d\u00eda cay\u00eda de domingo, y decid\u00ed face-yos un homenaxe a les Sunday- strip americanes dibuxando la primer \u00abp\u00e1xina dominical\u00bb de la Familia Casta\u00f1\u00f3n. Depu\u00e9s de vela, el coordinador del suplementu coment\u00f3me que quiciabes ser\u00eda factible facer una p\u00e1xina dominical regular pal otru a\u00f1u, que s\u2019espublizar\u00eda tolos domingos de xuneto y agosto. Al final nun foi posible, pero ent\u00e1 sigo pensando que ser\u00eda una gran idea, y polo qu\u2019a mi me toca, siempre voi tar dispuestu a dibuxar m\u00e1s p\u00e1xines de la Familia Casta\u00f1\u00f3n.<\/span><\/p>\n<p style=\"text-align: center\">\n<!-- iframe plugin v.6.0 wordpress.org\/plugins\/iframe\/ -->\n<iframe loading=\"lazy\" src=\"https:\/\/www.facebook.com\/plugins\/post.php?href=https%3A%2F%2Fwww.facebook.com%2FIgorMedio%2Fposts%2Fpfbid0PhHVqPx9KFE6yttZzpu8DuGXbrgY89XVJFCRvCP9U3LqphNWEfuCmrM496YTJTQ4l&#038;show_text=false&#038;width=500\" width=\"500\" height=\"498\" style=\"border:none;overflow:hidden\" scrolling=\"no\" frameborder=\"0\" allowfullscreen=\"true\" allow=\"autoplay; clipboard-write; encrypted-media; picture-in-picture; web-share\" 0=\"\/iframe\" class=\"iframe-class\"><\/iframe>\n<\/p>\n","protected":false},"excerpt":{"rendered":"<p>Fonte: Facebook d&#8217;Igor Medio igormedio.com Familia Casta\u00f1\u00f3n: qui\u00e9nes son \/ Igor Medio Tuya \u00f1aci\u00f3 nel barriu\u2019Natahoyo el 30 \/ 01 \/ 1972, entam\u00f3 a dibuxar dende que supo garrar un ll\u00e0piz y dende y\u00e0 mas ne\u00f1u dixo que quer\u00eda tocar la guitarra, eso foi lo que fixo hasta`l 24 \/ 06 \/ 2006. Esta web [&hellip;]<\/p>\n","protected":false},"author":117,"featured_media":0,"parent":321,"menu_order":0,"comment_status":"closed","ping_status":"closed","template":"","meta":{"footnotes":""},"class_list":["post-21069","page","type-page","status-publish","hentry"],"_links":{"self":[{"href":"https:\/\/edublog.educastur.es\/ixuxu\/wp-json\/wp\/v2\/pages\/21069","targetHints":{"allow":["GET"]}}],"collection":[{"href":"https:\/\/edublog.educastur.es\/ixuxu\/wp-json\/wp\/v2\/pages"}],"about":[{"href":"https:\/\/edublog.educastur.es\/ixuxu\/wp-json\/wp\/v2\/types\/page"}],"author":[{"embeddable":true,"href":"https:\/\/edublog.educastur.es\/ixuxu\/wp-json\/wp\/v2\/users\/117"}],"replies":[{"embeddable":true,"href":"https:\/\/edublog.educastur.es\/ixuxu\/wp-json\/wp\/v2\/comments?post=21069"}],"version-history":[{"count":6,"href":"https:\/\/edublog.educastur.es\/ixuxu\/wp-json\/wp\/v2\/pages\/21069\/revisions"}],"predecessor-version":[{"id":21075,"href":"https:\/\/edublog.educastur.es\/ixuxu\/wp-json\/wp\/v2\/pages\/21069\/revisions\/21075"}],"up":[{"embeddable":true,"href":"https:\/\/edublog.educastur.es\/ixuxu\/wp-json\/wp\/v2\/pages\/321"}],"wp:attachment":[{"href":"https:\/\/edublog.educastur.es\/ixuxu\/wp-json\/wp\/v2\/media?parent=21069"}],"curies":[{"name":"wp","href":"https:\/\/api.w.org\/{rel}","templated":true}]}}

Familia Castañón

<p style="text-align: center">
<ul>
<li>Fonte: <span style="color: #008080"><strong><a style="color: #008080" href="https://www.facebook.com/IgorMedio">Facebook d&#8217;Igor Medio</a></strong></span></li>
<li>
<div class="x9f619 x1n2onr6 x1ja2u2z x78zum5 x2lah0s x1nhvcw1 x1qjc9v5 xozqiw3 x1q0g3np xyamay9 xykv574 xbmpl8g x4cne27 xifccgj">
<div class="x9f619 x1n2onr6 x1ja2u2z x78zum5 xdt5ytf x2lah0s x193iq5w xeuugli xsyo7zv x16hj40l x10b6aqq x1yrsyyn"><img loading="lazy" decoding="async" class="x1b0d499 xuo83w3" src="https://static.xx.fbcdn.net/rsrc.php/v3/y3/r/BQdeC67wT9z.png" alt="" width="20" height="20" /><a href="http://www.igormedio.com"><span class="x193iq5w xeuugli x13faqbe x1vvkbs x1xmvt09 x1lliihq x1s928wv xhkezso x1gmr53x x1cpjm7i x1fgarty x1943h6x xudqn12 x3x7a5m x1f6kntn xvq8zen xo1l8bm x1qq9wsj x1yc453h" dir="auto"> igormedio.com</span></a></div>
</div>
</li>
<li>Familia Castañón:<a href="https://www.facebook.com/photo?fbid=745637820898293&amp;set=a.736280611834014"> quiénes son</a> /</li>
</ul>
<p style="text-align: center">
<!-- iframe plugin v.6.0 wordpress.org/plugins/iframe/ -->
<iframe loading="lazy" src="https://www.facebook.com/plugins/post.php?href=https%3A%2F%2Fwww.facebook.com%2FIgorMedio%2Fposts%2Fpfbid02nT65ZR2MEJTf3KFQJ4scLUA3YiJKHvPpeBK8Vf1iXf9MXL4yYZaqxsz4B9mMPmzkl&#038;show_text=false&#038;width=500" width="500" height="181" style="border:none;overflow:hidden" scrolling="no" frameborder="0" allowfullscreen="true" allow="autoplay; clipboard-write; encrypted-media; picture-in-picture; web-share" 0="/iframe" class="iframe-class"></iframe>
</p>
<p>Igor Medio Tuya ñació nel barriu’Natahoyo el 30 / 01 / 1972, entamó a dibuxar dende que supo garrar un llàpiz y dende yà mas neñu dixo que quería tocar la guitarra, eso foi lo que fixo hasta`l 24 / 06 / 2006. Esta web ye pa que tol que quiera conocer la so obra pueda disfrutar d’ella, Que vos preste…</p>
<hr />
<p><strong><span class="x193iq5w xeuugli x13faqbe x1vvkbs x1xmvt09 x1lliihq x1s928wv xhkezso x1gmr53x x1cpjm7i x1fgarty x1943h6x xudqn12 x3x7a5m x1f6kntn xvq8zen xo1l8bm xzsf02u x1yc453h" dir="auto"><a href="https://www.facebook.com/photo?fbid=754364490025626&amp;set=a.736280611834014">2/9/2003.</a> </span></strong></p>
<p><span class="x193iq5w xeuugli x13faqbe x1vvkbs x1xmvt09 x1lliihq x1s928wv xhkezso x1gmr53x x1cpjm7i x1fgarty x1943h6x xudqn12 x3x7a5m x1f6kntn xvq8zen xo1l8bm xzsf02u x1yc453h" dir="auto">Segunda «páxina dominical» de la Familia Castañón.</span></p>
<p style="text-align: center">
<!-- iframe plugin v.6.0 wordpress.org/plugins/iframe/ -->
<iframe loading="lazy" src="https://www.facebook.com/plugins/post.php?href=https%3A%2F%2Fwww.facebook.com%2FIgorMedio%2Fposts%2Fpfbid02R2piA4uy2VDsQ8EphzQe8WNLuJcnwJjxouM2UB5CXpRDcezdTQvPW1LUQjy9tRD4l&#038;show_text=false&#038;width=500" width="500" height="498" style="border:none;overflow:hidden" scrolling="no" frameborder="0" allowfullscreen="true" allow="autoplay; clipboard-write; encrypted-media; picture-in-picture; web-share" 0="/iframe" class="iframe-class"></iframe>
</p>
<hr />
<p><span class="x193iq5w xeuugli x13faqbe x1vvkbs x1xmvt09 x1lliihq x1s928wv xhkezso x1gmr53x x1cpjm7i x1fgarty x1943h6x xudqn12 x3x7a5m x1f6kntn xvq8zen xo1l8bm xzsf02u x1yc453h" dir="auto"><a href="https://scontent.fmad7-1.fna.fbcdn.net/v/t39.30808-6/362927321_750018873793521_5911054540880048409_n.jpg?_nc_cat=111&amp;ccb=1-7&amp;_nc_sid=0debeb&amp;_nc_ohc=o_74eEhNHxsAX_usCQn&amp;_nc_oc=AQm_5V-i8qnAsjjfjpSDXcsIwg58oixtyRRIKauZclB4qlF8Ant1OyaSnKgue52cfbU&amp;_nc_ht=scontent.fmad7-1.fna&amp;oh=00_AfDpBbAU7q8Ir70IJJDoLb-QQPe9e9D0MU-V3LrCrTV8Cg&amp;oe=64CB802B"><strong>1/9/2002.</strong></a> </span></p>
<p><span class="x193iq5w xeuugli x13faqbe x1vvkbs x1xmvt09 x1lliihq x1s928wv xhkezso x1gmr53x x1cpjm7i x1fgarty x1943h6x xudqn12 x3x7a5m x1f6kntn xvq8zen xo1l8bm xzsf02u x1yc453h" dir="auto">El periódicu pidióme una páxina completa de la Familia Castañón pal suplementu final del 1 de setiembre del 2002. Dime cuenta qu’esi día cayía de domingo, y decidí face-yos un homenaxe a les Sunday- strip americanes dibuxando la primer «páxina dominical» de la Familia Castañón. Depués de vela, el coordinador del suplementu comentóme que quiciabes sería factible facer una páxina dominical regular pal otru añu, que s’espublizaría tolos domingos de xuneto y agosto. Al final nun foi posible, pero entá sigo pensando que sería una gran idea, y polo qu’a mi me toca, siempre voi tar dispuestu a dibuxar más páxines de la Familia Castañón.</span></p>
<p style="text-align: center">
<!-- iframe plugin v.6.0 wordpress.org/plugins/iframe/ -->
<iframe loading="lazy" src="https://www.facebook.com/plugins/post.php?href=https%3A%2F%2Fwww.facebook.com%2FIgorMedio%2Fposts%2Fpfbid0PhHVqPx9KFE6yttZzpu8DuGXbrgY89XVJFCRvCP9U3LqphNWEfuCmrM496YTJTQ4l&#038;show_text=false&#038;width=500" width="500" height="498" style="border:none;overflow:hidden" scrolling="no" frameborder="0" allowfullscreen="true" allow="autoplay; clipboard-write; encrypted-media; picture-in-picture; web-share" 0="/iframe" class="iframe-class"></iframe>
</p>

<p>Fonte: Facebook d&#8217;Igor Medio igormedio.com Familia Castañón: quiénes son / Igor Medio Tuya ñació nel barriu’Natahoyo el 30 / 01 / 1972, entamó a dibuxar dende que supo garrar un llàpiz y dende yà mas neñu dixo que quería tocar la guitarra, eso foi lo que fixo hasta`l 24 / 06 / 2006. Esta web [&hellip;]</p>
