{"id":2144,"date":"2020-12-27T14:30:17","date_gmt":"2020-12-27T12:30:17","guid":{"rendered":"https:\/\/edublog.educastur.es\/ixuxu\/?page_id=2144"},"modified":"2020-12-27T14:33:01","modified_gmt":"2020-12-27T12:33:01","slug":"mas","status":"publish","type":"page","link":"https:\/\/edublog.educastur.es\/ixuxu\/pallabreros\/mas\/","title":{"rendered":"m\u00e1s&#8230;"},"content":{"rendered":"<ul>\n<li><a href=\"https:\/\/simplementeasturias.blogspot.com\/2015\/12\/vocabulario-para-parecer-un-asturiano.html\"><span style=\"font-size: 28px\"><em>Vocabulario asturiano I<\/em><\/span><\/a><\/li>\n<li><a href=\"https:\/\/simplementeasturias.blogspot.com\/2016\/11\/vocabulario-para-parecer-un-asturiano.html\"><em><span style=\"font-size: 24px\">Vocabulario asturiano II<\/span><\/em><\/a><\/li>\n<\/ul>\n<p><em><b>A de Asgaya:\u00a0<\/b>muy abundante, en gran cantidad. Comer asgaya es lo que har\u00e1s en tu visita a Asturias.<\/em><\/p>\n<p><em><b>B de Babayu<\/b>: de estos hay en todos lados. Un babayu es un tonto, un idiota un simpl\u00f3n. \u00abEl que dice babayades\u00bb<\/em><\/p>\n<p><em><b>C de Chigre: <\/b>segun<b> <\/b>Wikipedia lugar donde se expende y bebe sidra<b>. <\/b>Vamos una Sidreria de toda la vida.<\/em><\/p>\n<p><em><b>D de Dia\u00f1u :<\/b> Diablo, esp\u00edritu infernal&#8230;.. Dia\u00f1u Burl\u00f3n: Personaje mitol\u00f3gico asturiano.<\/em><br \/>\n<em><b><br \/>\n<\/b> <b>E de Escanciar: <\/b>echar sidra de la botella al vaso. \u00bfQuieres saber como se escancia? Pincha<a href=\"http:\/\/gastronomia.productosdeasturias.com\/tienda-online-carnes-de-asturias-quesos-de-asturias\/como-escanciar-sidra_68_1_2014_cal.html\" target=\"_blank\" rel=\"noopener\"> aqui.<\/a><\/em><br \/>\n<em><b><br \/>\n<\/b> <b>F de Folixa<\/b>: fiesta. Que en Asturias hay para todos los gusto. No te puedes perder una fiesta de prau en tu pr\u00f3xima visita.<\/em><\/p>\n<p><em><b>G de Guaje:<\/b>\u00a0Ni\u00f1o o ni\u00f1a.\u00a0\u00abAndan los guajes jugando en el jard\u00edn\u00bb.<\/em><\/p>\n<p><em><b>H de ho: <\/b>deriva de home, hombre. Se usa sobre todo en frases exclamativas y algunas son las tan famosas como \u00abCalla, ho!\u00bb<\/em><\/p>\n<p><em><b>I de Ixuxuxuu:<\/b> Grito de guerra de los astures. Manifestaci\u00f3n de alegr\u00eda, de felicidad, de victoria. Se grita cada a\u00f1o en CARABANZO (Lena). en el Festival astur-romano de la Carisa.<\/em><\/p>\n<p><em><b>J de Jayueles:<\/b> Crep\u00e9 o frixuelos.<\/em><\/p>\n<p><em><b>L de Llambi\u00f3n<\/b>: Goloso, que le gustan las tartas, dulces, golosinas, etc&#8230;.<\/em><br \/>\n<em><b><br \/>\n<\/b> <b>M de Moza:<\/b> Persona joven, de poca edad.<\/em><\/p>\n<p><em><b>N de Nuberu:<\/b>\u00a0Personaje mitol\u00f3gico asturiano, que domina las nubes y las tempestades.<\/em><\/p>\n<p><em><b>\u00d1 de \u00d1\u00edsperu:<\/b> Nispero, fruto del n\u00edspero.<\/em><\/p>\n<p><em><b>O de Oriciu:<\/b> erizos de mar. Son muy apreciados en Asturias, ricos, ricos!!<\/em><\/p>\n<p><em><b>P de Prestoso: <\/b>\u201cYe muy prestoso\u201d o lo que viene siendo \u201c\u00a1C\u00f3mo mola!\u201d<\/em><\/p>\n<p><em><b>R de Refalfiar:<\/b> Disfrutar a lo loco. Hartarse\/hastiarse de una cosa.<\/em><br \/>\n<em><b><br \/>\n<\/b> <b>S de Semeira:<\/b> Cascada en el bable de la zona occidental. En Santa Eulalia hay una ruta a Semeira, una cascada de 30 m. de altura.<\/em><\/p>\n<p><em><b>T de Teitos:<\/b> Caba\u00f1as de planta rectangular de una sola planta y caracterizada por tener la techumbre vegetal, por lo general de escobas y\/o escob\u00f3n o piornos o paja de centeno. En Somiedo hay unos 50 teitos en buen estado.<\/em><\/p>\n<p><em><b>U de Uvieo\/Ovi\u00e9u: <\/b>Oviedo, capital del Paraiso.<\/em><br \/>\n<em><b><br \/>\n<\/b> <b>V de Ventrisca: <\/b>Vientre o ijada del bonito.<\/em><\/p>\n<p><em><b>X de Xana:<\/b> Personaje de la mitolog\u00eda asturiana, ninfa.<\/em><br \/>\n<em><b><br \/>\n<\/b> <b>Y de YE-YES:<\/b> como tiempo verbal equivale a es-eres.<\/em><\/p>\n<p><em><b>Z de Zamp\u00f3n:<\/b> Trag\u00f3n.<\/em><\/p>\n<hr \/>\n<div><em><b>A de Asturc\u00f3n:<\/b> El aspecto de un asturc\u00f3n es el de un poni \u00e1gil, armonioso adem\u00e1s de fuerte y resistente.<\/em><\/div>\n<div><em><b>\u00a0<\/b><\/em><\/div>\n<div><em><b>B de Bufones\/Bramadoiros:<\/b> Son \u00a0los \u201cg\u00e9iseres\u201d \u00a0asturianos, surtidores naturales que pueden alcanzar los veinte metros de altura, cuando hay galernas y \u00a0en alta mar en lugares se\u00f1alados<\/em><\/div>\n<div><em><b>\u00a0<\/b><\/em><\/div>\n<div><em><b>C de Cachopo:<\/b> los tradicionales cachopos est\u00e1n formados por dos filetones de ternera bien grandes (s\u00ed, se\u00f1ores, el tama\u00f1o importa) rellenos de unas lonchas de jam\u00f3n serrano y queso.<\/em><\/div>\n<div><em><b>\u00a0<\/b><\/em><\/div>\n<div><em><b>D de Descarga:<\/b> La celebraci\u00f3n m\u00e1s &#8216;atronadora&#8217; de las fiestas del Carmen est\u00e1 en Cangas del Narcea con su tradicional descarga, fiesta declara de Inter\u00e9s Tur\u00edstico regional.<\/em><\/div>\n<div><em><b>\u00a0<\/b><\/em><\/div>\n<div><em><b>E de Espicha<\/b>: Espicha es sin\u00f3nimo de Asturias. No hay nada m\u00e1s asturiano que esta festividad en la que se alude al hecho de \u2018abrir la espita\u2019 de los toneles cuando la sidra del a\u00f1o est\u00e1 lista para beber. La sidra se acompa\u00f1a con los productos gastron\u00f3micos sencillos y sabrosos propios de la Asturias m\u00e1s tradicional.<\/em><\/div>\n<div><em><b>\u00a0<\/b><\/em><\/div>\n<div><em><b>F de Fabada:<\/b> El plato m\u00e1s universal de Asturias es la fabada. Elaborada con alubias blancas ( fabes ) y diferentes embutidos de cerdo: chorizo, morcilla, lac\u00f3n\u2026 Riqu\u00edsima!!!<\/em><\/div>\n<div><em>G de Guaje: \u00a0Ni\u00f1o o chico joven. \u201cEl Guaje\u201d m\u00e1s famoso de Asturias es el futbolista David Villa.<\/em><\/div>\n<div><em><b>\u00a0<\/b><\/em><\/div>\n<div><em><b>H de Huerna: <\/b>Paso de monta\u00f1a que conecta Asturias con Le\u00f3n y \u00fanico peaje de pago de la red de autov\u00edas de Asturias.\u201d<\/em><\/div>\n<div><em><b>\u00a0<\/b><\/em><\/div>\n<div><em><b>I de Indianu:<\/b> \u00a0Persona que emigr\u00f3 a \u00a0las Am\u00e9ricas en la segunda mitad del siglo XIX e inicios del siglo XX. Que hizo fortuna y regres\u00f3 construyendo una casa en su pueblo de origen.<\/em><\/div>\n<div><em><b>\u00a0<\/b><\/em><\/div>\n<div><em><b>J de Jovellanos<\/b>: La Ilustraci\u00f3n espa\u00f1ola, no hubiera sido la misma si el d\u00eda 5 de enero de 1744, no hubiera nacido en Gij\u00f3n, \u00a0Baltasar Melchor Gaspar Mar\u00eda de Jovellanos.<\/em><\/div>\n<div><em><b>\u00a0<\/b><\/em><\/div>\n<div>\n<em><b>K de Kraken:<\/b> Calamar gigante que habita en los abismos del Cant\u00e1brico. Pueden verse algunos ejemplares en el aula del CEPESMA en Luarca.<\/em><\/div>\n<div><em><b>\u00a0<\/b><\/em><\/div>\n<div><em><b>L de Lagos:<\/b> En Asturias los m\u00e1s famosos: el Enol y el Ercina en el Parque Nacional de los Lagos de Covadonga.\u00a0<\/em><\/div>\n<div><em><b>\u00a0<\/b><\/em><\/div>\n<div><em><b>LL de LLagar:<\/b> Espacio cubierto donde se hace la sidra. En algunos organizan \u201cEspichas\u201d \u00a0donde se escancia la sidra directamente de los toneles.<\/em><\/div>\n<div><em><b>\u00a0<\/b><\/em><\/div>\n<div><em><b>M de Madre\u00f1a:<\/b> Zueco t\u00edpico de Asturias. Zapato de madera para preservarse de la lluvia, humedad y barro.<\/em><\/div>\n<div><em><b>\u00a0<\/b><\/em><\/div>\n<div><em><b>N de Naranco:<\/b> Monte que se encuentra al norte de Oviedo, en cuya falda sur alberga a los monumentos prerrom\u00e1nicos Santa M\u00aa del Naranco y San Miguel de Lillo.<\/em><\/div>\n<div><em><b>\u00a0<\/b><\/em><\/div>\n<div><em><b>\u00d1 de \u00d1ocla:<\/b> Cangrejo o buey de mar. Riqu\u00edsima a la plancha en Los Pisones.<\/em><\/div>\n<div><em><b>\u00a0<\/b><\/em><\/div>\n<div><em><b>O de Orbayu:<\/b> \u00a0Lluvia fina y penetrante que se desprende de la niebla.<\/em><\/div>\n<div><em><b>\u00a0<\/b><\/em><\/div>\n<div><em><b>P de Para\u00edso:<\/b> Asturias es un para\u00edso natural, es naturaleza en estado puro.<\/em><\/div>\n<div><em><b>\u00a0<\/b><\/em><\/div>\n<div><em><b>Q de Queso:<\/b> Existen en Asturias unas veinte variedades oficiales de quesos: Cabrales, Gamonedo, La Peral, Los Beyos, Los Oscos, Afuega\u00b4l Pitu\u2026\u00a0<\/em><\/div>\n<div><em><b>\u00a0<\/b><\/em><\/div>\n<div><em><b>R de Reconquista<\/b>: Rey Don Pelayo en la c\u00e9lebre Batalla de Covadonga, expuls\u00f3 a los \u00e1rabes en su intento por ocupar sus tierras, seg\u00fan cuenta la leyenda, con la ayuda divina de N\u00aa Sr\u00aa de Covadonga, convirtiendo a Covadonga en lugar de peregrinaciones cada 8 de septiembre.<\/em><\/div>\n<div><\/div>\n<div><em><b>S de Sidra:<\/b> Esta bebida m\u00e1s que cultura es una religi\u00f3n para los asturianos. Se escancia en \u201cculinos\u201d y se bebe en el momento, de una vez, para que no se muera.<\/em><\/div>\n<div><\/div>\n<div><em><b>T de Torto:<\/b> Los tortos ( de ma\u00edz ) con picadillo y huevo son uno de los grandes cl\u00e1sicos de la cocina asturiana.<\/em><\/div>\n<div><\/div>\n<div><em><b>U de \u201cU\u201d<\/b> : Letra con la que tienes que acabar la mayor\u00eda de \u00a0adjetivos masculinos en singular para \u201casturianizarlos\u201d Por ejemplo: Guapu, borrachu, cari\u00f1osu\u2026<\/em><\/div>\n<div><\/div>\n<div><em><b>V de Verdinas:<\/b> Peque\u00f1as fabes de tonalidad verdosa y delicado paladar, t\u00edpicas de Llanes y Vald\u00e9s. Las verdinas con marisco est\u00e1n exquisitas.<\/em><\/div>\n<div><\/div>\n<div><em><b>W de Woody Allen:<\/b> Director de cine estadounidense, que desde que recibi\u00f3 el premio Pr\u00edncipe de Asturias declara a diestro y siniestro su devoci\u00f3n por esta peque\u00f1a tierra. Tiene una estatua a pie de calle en Oviedo.<\/em><\/div>\n<div><\/div>\n<div>\n<div><em><b>X de Xiring\u00fcelu:<\/b> El Xiring\u00fcelu es un baile popular asturiano y una de las fiestas m\u00e1s populares de Asturias.<\/em><\/div>\n<div><\/div>\n<div><em><b>Y de \u201cY\u201d:<\/b> Principal, y hasta hace no tanto, \u00fanica autopista de Asturias que une las ciudades de Aviles, Gij\u00f3n y Oviedo. Es de cemento por lo que hace un caracter\u00edstico ruido al circular por ella.<\/em><\/div>\n<p><em><b>Z de Zapica: <\/b>Jarras de madera donde se echa la sidra desde las pipas.<\/em><\/div>\n","protected":false},"excerpt":{"rendered":"<p>Vocabulario asturiano I Vocabulario asturiano II A de Asgaya:\u00a0muy abundante, en gran cantidad. Comer asgaya es lo que har\u00e1s en tu visita a Asturias. B de Babayu: de estos hay en todos lados. Un babayu es un tonto, un idiota un simpl\u00f3n. \u00abEl que dice babayades\u00bb C de Chigre: segun Wikipedia lugar donde se expende [&hellip;]<\/p>\n","protected":false},"author":117,"featured_media":0,"parent":2118,"menu_order":0,"comment_status":"closed","ping_status":"closed","template":"","meta":{"footnotes":""},"class_list":["post-2144","page","type-page","status-publish","hentry"],"_links":{"self":[{"href":"https:\/\/edublog.educastur.es\/ixuxu\/wp-json\/wp\/v2\/pages\/2144","targetHints":{"allow":["GET"]}}],"collection":[{"href":"https:\/\/edublog.educastur.es\/ixuxu\/wp-json\/wp\/v2\/pages"}],"about":[{"href":"https:\/\/edublog.educastur.es\/ixuxu\/wp-json\/wp\/v2\/types\/page"}],"author":[{"embeddable":true,"href":"https:\/\/edublog.educastur.es\/ixuxu\/wp-json\/wp\/v2\/users\/117"}],"replies":[{"embeddable":true,"href":"https:\/\/edublog.educastur.es\/ixuxu\/wp-json\/wp\/v2\/comments?post=2144"}],"version-history":[{"count":4,"href":"https:\/\/edublog.educastur.es\/ixuxu\/wp-json\/wp\/v2\/pages\/2144\/revisions"}],"predecessor-version":[{"id":2146,"href":"https:\/\/edublog.educastur.es\/ixuxu\/wp-json\/wp\/v2\/pages\/2144\/revisions\/2146"}],"up":[{"embeddable":true,"href":"https:\/\/edublog.educastur.es\/ixuxu\/wp-json\/wp\/v2\/pages\/2118"}],"wp:attachment":[{"href":"https:\/\/edublog.educastur.es\/ixuxu\/wp-json\/wp\/v2\/media?parent=2144"}],"curies":[{"name":"wp","href":"https:\/\/api.w.org\/{rel}","templated":true}]}}