{"id":22265,"date":"2023-10-26T19:25:48","date_gmt":"2023-10-26T17:25:48","guid":{"rendered":"https:\/\/edublog.educastur.es\/ixuxu\/?page_id=22265"},"modified":"2023-10-26T19:41:19","modified_gmt":"2023-10-26T17:41:19","slug":"cosines-de-clas","status":"publish","type":"page","link":"https:\/\/edublog.educastur.es\/ixuxu\/asturiano\/cosines-de-clas\/","title":{"rendered":"Cosines de clas"},"content":{"rendered":"<div class=\"x9f619 xjbqb8w x78zum5 x168nmei x13lgxp2 x5pf9jr xo71vjh x1n2onr6 x1plvlek xryxfnj x1c4vz4f x2lah0s xdt5ytf xqjyukv x1qjc9v5 x1oa3qoh x1nhvcw1\">\n<div class=\"_aacl _aaco _aacu _aacy _aad6 _aade\" dir=\"auto\" style=\"text-align: center\"><a href=\"https:\/\/blogger.googleusercontent.com\/img\/b\/R29vZ2xl\/AVvXsEgIfLaaS3B0Ca8rYza0Tz5MQNsMhht82Ivlk0IeYPnqbVnvxaDgDIyMIXwOLt8xM5_O54BjzU5aDZDq5GAV9Mf5T2OKE8Q8mcf_Swe8JIC0vWO202Jwd5X5IV6AGcDrU9wENcToBZdclpoXxDb1Vv3HjaBkjtZ85qHZkCxtZVoe0dw\/s220\/LOGO%20COSINES.png\"><img loading=\"lazy\" decoding=\"async\" class=\"aligncenter size-full\" src=\"https:\/\/blogger.googleusercontent.com\/img\/b\/R29vZ2xl\/AVvXsEgIfLaaS3B0Ca8rYza0Tz5MQNsMhht82Ivlk0IeYPnqbVnvxaDgDIyMIXwOLt8xM5_O54BjzU5aDZDq5GAV9Mf5T2OKE8Q8mcf_Swe8JIC0vWO202Jwd5X5IV6AGcDrU9wENcToBZdclpoXxDb1Vv3HjaBkjtZ85qHZkCxtZVoe0dw\/s220\/LOGO%20COSINES.png\" width=\"220\" height=\"220\" \/><\/a><span style=\"font-size: 20px\">??\u200d? Preparadora de Certificaci\u00f3n d&#8217;Asturianu<\/span><span style=\"font-size: 20px\"><br \/>\n? Maestra de Llingua Asturiana (C1)<br \/>\n<\/span><span style=\"font-size: 20px\">? Especialista en PT y AL<\/span><span style=\"font-size: 20px\"><br \/>\n? T\u00e9unica n&#8217;Integraci\u00f3n Social<\/span><\/div>\n<\/div>\n<ul>\n<li class=\"x3nfvp2\"><a href=\"https:\/\/l.instagram.com\/?u=https%3A%2F%2Fsites.google.com%2Fview%2Fcosinesdeclas%2Faniciu&amp;e=AT0z-L9OTzsFpSe-toLpRKVbwxv6-UqnW3WKtwKxYMBC2HK5m1Yo_uFj2XaPyCk9E4sZP7I4-s9w7JoyzT0fDKE6355xnLLrX_BckA\" target=\"_blank\" rel=\"me nofollow noopener noreferrer\"><span class=\"x1lliihq x1plvlek xryxfnj x1n2onr6 x193iq5w xeuugli x1fj9vlw x13faqbe x1vvkbs x1s928wv xhkezso x1gmr53x x1cpjm7i x1fgarty x1943h6x x1i0vuye xvs91rp x1s688f x7l2uk3 x10wh9bi x1wdrske x8viiok x18hxmgj\" dir=\"auto\"><span class=\"x1lliihq x193iq5w x6ikm8r x10wlt62 xlyipyv xuxw1ft\">sites.google.com\/view\/cosinesdeclas\/aniciu<\/span><\/span><\/a><\/li>\n<li><a href=\"https:\/\/cosinesdeclas.blogspot.com\/\">Blogue<\/a> \/<\/li>\n<\/ul>\n<p>Cosines de clas, ye un proyeutu personal cre\u00e1u col env\u00eds de compartir y divulgar conocimientos sobro una montonera de temes. Si yes daqui\u00e9n curioso y te presta tar al d\u00eda no que cinca a la educaci\u00f3n, les nueves teunolox\u00edes y la Llingua Asturiana. Esti bloggue ensin dubia ye&#8217;l to llugar. \u00a1Som\u00f3rguiate xunto a mi, nesta nueva aventura!<\/p>\n<p>&nbsp;<\/p>\n\n<!-- iframe plugin v.6.0 wordpress.org\/plugins\/iframe\/ -->\n<iframe loading=\"lazy\" id=\"iframeInstagram\" src=\"https:\/\/www.instagram.com\/p\/Cxe6Cl1MtCx\" name=\"IframeInstagram\" style=\"width: 100%; height: 500px; border: medium none;visibility: visible;\" 0=\"\/iframe\" width=\"100%\" height=\"500\" scrolling=\"yes\" class=\"iframe-class\" frameborder=\"0\"><\/iframe>\n\n<ul>\n<li><a href=\"https:\/\/www.instagram.com\/p\/Cxe6Cl1MtCx\/?utm_source=ig_web_button_share_sheet&amp;igshid=MzRlODBiNWFlZA==\">Bienllegada seronda<\/a><\/li>\n<\/ul>\n<p>https:\/\/www.instagram.com\/p\/Cxe6Cl1MtCx\/?utm_source=ig_web_button_share_sheet&#038;igshid=MzRlODBiNWFlZA==<\/p>\n<table>\n<tbody>\n<tr>\n<th class=\"item-key\"><\/th>\n<td><\/td>\n<\/tr>\n<tr>\n<th class=\"item-key\"><\/th>\n<td><\/td>\n<\/tr>\n<\/tbody>\n<\/table>\n<p>&nbsp;<\/p>\n<pre class=\"default s-code-block\"><code class=\"hljs language-xml\">\u00a0<\/code><\/pre>\n<p>&nbsp;<\/p>\n","protected":false},"excerpt":{"rendered":"<p>??\u200d? Preparadora de Certificaci\u00f3n d&#8217;Asturianu ? Maestra de Llingua Asturiana (C1) ? Especialista en PT y AL ? T\u00e9unica n&#8217;Integraci\u00f3n Social sites.google.com\/view\/cosinesdeclas\/aniciu Blogue \/ Cosines de clas, ye un proyeutu personal cre\u00e1u col env\u00eds de compartir y divulgar conocimientos sobro una montonera de temes. Si yes daqui\u00e9n curioso y te presta tar al d\u00eda no [&hellip;]<\/p>\n","protected":false},"author":117,"featured_media":0,"parent":6599,"menu_order":0,"comment_status":"closed","ping_status":"closed","template":"","meta":{"footnotes":""},"class_list":["post-22265","page","type-page","status-publish","hentry"],"_links":{"self":[{"href":"https:\/\/edublog.educastur.es\/ixuxu\/wp-json\/wp\/v2\/pages\/22265","targetHints":{"allow":["GET"]}}],"collection":[{"href":"https:\/\/edublog.educastur.es\/ixuxu\/wp-json\/wp\/v2\/pages"}],"about":[{"href":"https:\/\/edublog.educastur.es\/ixuxu\/wp-json\/wp\/v2\/types\/page"}],"author":[{"embeddable":true,"href":"https:\/\/edublog.educastur.es\/ixuxu\/wp-json\/wp\/v2\/users\/117"}],"replies":[{"embeddable":true,"href":"https:\/\/edublog.educastur.es\/ixuxu\/wp-json\/wp\/v2\/comments?post=22265"}],"version-history":[{"count":6,"href":"https:\/\/edublog.educastur.es\/ixuxu\/wp-json\/wp\/v2\/pages\/22265\/revisions"}],"predecessor-version":[{"id":22273,"href":"https:\/\/edublog.educastur.es\/ixuxu\/wp-json\/wp\/v2\/pages\/22265\/revisions\/22273"}],"up":[{"embeddable":true,"href":"https:\/\/edublog.educastur.es\/ixuxu\/wp-json\/wp\/v2\/pages\/6599"}],"wp:attachment":[{"href":"https:\/\/edublog.educastur.es\/ixuxu\/wp-json\/wp\/v2\/media?parent=22265"}],"curies":[{"name":"wp","href":"https:\/\/api.w.org\/{rel}","templated":true}]}}