{"id":29789,"date":"2024-08-25T17:09:21","date_gmt":"2024-08-25T15:09:21","guid":{"rendered":"https:\/\/edublog.educastur.es\/ixuxu\/?page_id=29789"},"modified":"2024-08-25T17:42:16","modified_gmt":"2024-08-25T15:42:16","slug":"cuenques-mineres","status":"publish","type":"page","link":"https:\/\/edublog.educastur.es\/ixuxu\/asturies\/mapes\/cuenques-mineres\/","title":{"rendered":"Cuenques Mineres"},"content":{"rendered":"<h2 class=\"mb-0\">Mapa tur\u00edstico del Paisaje Protegido de las Cuencas Mineras<\/h2>\n<div class=\"plantilla-articulo plantilla-detalle-contenido\">\n<div class=\"date\">El documentu ta disponible nos conceyos de Llangr\u00e9u, Llaviana, Mieres y Samart\u00edn del Rei Aurelio, seg\u00fan na web www. naturalezadeasturias. ye. La Conseyer\u00eda de Desenvolvimientu Rural hai promovido la edici\u00f3n, financiada pola Fundaci\u00f3n Caxa Rural d&#8217;Asturies<\/div>\n<div class=\"row\">\n<div class=\"contenido-article col-md-9\">\n<div class=\"description\">\n<ul>\n<li><a href=\"http:\/\/www.naturalezadeasturias.es\/upload\/Mapa_Cuencas_Mineras.pdf\" target=\"_blank\" rel=\"noopener\">ww.naturalezadeasturias.es\/upload\/Mapa_Cuencas_Mineras.pdf<\/a><\/li>\n<\/ul>\n<p align=\"justify\">El conten\u00edu del documentu foi coordin\u00e1u pol conservador del espaciu protex\u00edu, Carlos Fern\u00e1ndez, ya incl\u00fai la informaci\u00f3n m\u00e1s interesante para&#8217;l visitante: la descripci\u00f3n del paisaxe, orixe, territoriu, patrimoniu cultural, valores naturales, accesos y usu p\u00fablicu<\/p>\n<\/div>\n<\/div>\n<\/div>\n<\/div>\n","protected":false},"excerpt":{"rendered":"<p>Mapa tur\u00edstico del Paisaje Protegido de las Cuencas Mineras El documentu ta disponible nos conceyos de Llangr\u00e9u, Llaviana, Mieres y Samart\u00edn del Rei Aurelio, seg\u00fan na web www. naturalezadeasturias. ye. La Conseyer\u00eda de Desenvolvimientu Rural hai promovido la edici\u00f3n, financiada pola Fundaci\u00f3n Caxa Rural d&#8217;Asturies ww.naturalezadeasturias.es\/upload\/Mapa_Cuencas_Mineras.pdf El conten\u00edu del documentu foi coordin\u00e1u pol conservador del [&hellip;]<\/p>\n","protected":false},"author":117,"featured_media":0,"parent":20330,"menu_order":0,"comment_status":"closed","ping_status":"closed","template":"","meta":{"footnotes":""},"class_list":["post-29789","page","type-page","status-publish","hentry"],"_links":{"self":[{"href":"https:\/\/edublog.educastur.es\/ixuxu\/wp-json\/wp\/v2\/pages\/29789","targetHints":{"allow":["GET"]}}],"collection":[{"href":"https:\/\/edublog.educastur.es\/ixuxu\/wp-json\/wp\/v2\/pages"}],"about":[{"href":"https:\/\/edublog.educastur.es\/ixuxu\/wp-json\/wp\/v2\/types\/page"}],"author":[{"embeddable":true,"href":"https:\/\/edublog.educastur.es\/ixuxu\/wp-json\/wp\/v2\/users\/117"}],"replies":[{"embeddable":true,"href":"https:\/\/edublog.educastur.es\/ixuxu\/wp-json\/wp\/v2\/comments?post=29789"}],"version-history":[{"count":3,"href":"https:\/\/edublog.educastur.es\/ixuxu\/wp-json\/wp\/v2\/pages\/29789\/revisions"}],"predecessor-version":[{"id":29792,"href":"https:\/\/edublog.educastur.es\/ixuxu\/wp-json\/wp\/v2\/pages\/29789\/revisions\/29792"}],"up":[{"embeddable":true,"href":"https:\/\/edublog.educastur.es\/ixuxu\/wp-json\/wp\/v2\/pages\/20330"}],"wp:attachment":[{"href":"https:\/\/edublog.educastur.es\/ixuxu\/wp-json\/wp\/v2\/media?parent=29789"}],"curies":[{"name":"wp","href":"https:\/\/api.w.org\/{rel}","templated":true}]}}

<h2 class="mb-0">Mapa turístico del Paisaje Protegido de las Cuencas Mineras</h2>
<div class="plantilla-articulo plantilla-detalle-contenido">
<div class="date">El documentu ta disponible nos conceyos de Llangréu, Llaviana, Mieres y Samartín del Rei Aurelio, según na web www. naturalezadeasturias. ye. La Conseyería de Desenvolvimientu Rural hai promovido la edición, financiada pola Fundación Caxa Rural d&#8217;Asturies</div>
<div class="row">
<div class="contenido-article col-md-9">
<div class="description">
<ul>
<li><a href="http://www.naturalezadeasturias.es/upload/Mapa_Cuencas_Mineras.pdf" target="_blank" rel="noopener">ww.naturalezadeasturias.es/upload/Mapa_Cuencas_Mineras.pdf</a></li>
</ul>
<p align="justify">El conteníu del documentu foi coordináu pol conservador del espaciu protexíu, Carlos Fernández, ya inclúi la información más interesante para&#8217;l visitante: la descripción del paisaxe, orixe, territoriu, patrimoniu cultural, valores naturales, accesos y usu públicu</p>
</div>
</div>
</div>
</div>

<p>Mapa turístico del Paisaje Protegido de las Cuencas Mineras El documentu ta disponible nos conceyos de Llangréu, Llaviana, Mieres y Samartín del Rei Aurelio, según na web www. naturalezadeasturias. ye. La Conseyería de Desenvolvimientu Rural hai promovido la edición, financiada pola Fundación Caxa Rural d&#8217;Asturies ww.naturalezadeasturias.es/upload/Mapa_Cuencas_Mineras.pdf El conteníu del documentu foi coordináu pol conservador del [&hellip;]</p>
