{"id":31018,"date":"2024-09-12T21:45:30","date_gmt":"2024-09-12T19:45:30","guid":{"rendered":"https:\/\/edublog.educastur.es\/ixuxu\/?page_id=31018"},"modified":"2024-09-12T21:47:48","modified_gmt":"2024-09-12T19:47:48","slug":"rodrigo-cuevas","status":"publish","type":"page","link":"https:\/\/edublog.educastur.es\/ixuxu\/musica\/rodrigo-cuevas\/","title":{"rendered":"Rodrigo Cuevas"},"content":{"rendered":"<div class=\"html-div xdj266r x11i5rnm xat24cr x1mh8g0r xexx8yu x4uap5 x18d9i69 xkhd6sd x1iyjqo2\">\n<div class=\"x78zum5 xdt5ytf xz62fqu x16ldp7u\">\n<div class=\"xu06os2 x1ok221b\">\n<ul>\n<li class=\"html-h3 x11i5rnm xat24cr x1mh8g0r xexx8yu x4uap5 x18d9i69 xkhd6sd x1vvkbs x1heor9g x1qlqyl8 x1pd3egz x1a2a7pz x1gslohp x1yc453h\"><span class=\"xt0psk2\"><a class=\"x1i10hfl xjbqb8w x1ejq31n xd10rxx x1sy0etr x17r0tee x972fbf xcfux6l x1qhh985 xm0m39n x9f619 x1ypdohk xt0psk2 xe8uvvx xdj266r x11i5rnm xat24cr x1mh8g0r xexx8yu x4uap5 x18d9i69 xkhd6sd x16tdsg8 x1hl2dhg xggy1nq x1a2a7pz x1sur9pj xkrqix3 xzsf02u x1s688f\" role=\"link\" href=\"https:\/\/www.facebook.com\/musicasturiana?__cft__[0]=AZVdGMfwDJbvSOolzjNiqA-m4UIotjWw2fM2T_jZi7ueF6WXUC3oXWOKQfAHeQsSZWsg1G-1bHMAyUQ8NORTC1HKDinpiobP0MVNTdly7sDyEeSZueUoNoQiVvnCTNYVoNUYZC37OFJZnZBj5RUj7SlYkPOAzKOkquoQpcbuvbJ8gyYuwim2nbIxbGF1tCUQyI7gFtAQI7E0dSzNJB4iJP0EW2OjW55UFF-8vb6aP-y3BQ&amp;__tn__=-UC%2CP-y-R\"><strong class=\"html-strong xdj266r x11i5rnm xat24cr x1mh8g0r xexx8yu x4uap5 x18d9i69 xkhd6sd x1hl2dhg x16tdsg8 x1vvkbs x1s688f\"><span class=\"html-span xdj266r x11i5rnm xat24cr x1mh8g0r xexx8yu x4uap5 x18d9i69 xkhd6sd x1hl2dhg x16tdsg8 x1vvkbs\">musicasturiana.com<\/span><\/strong><\/a><\/span><\/li>\n<\/ul>\n<\/div>\n<\/div>\n<\/div>\n<div class=\"html-div xdj266r x11i5rnm xat24cr x1mh8g0r xexx8yu x4uap5 x18d9i69 xkhd6sd\" dir=\"auto\">\n<div class=\"html-div xdj266r x11i5rnm xat24cr x1mh8g0r xexx8yu x4uap5 x18d9i69 xkhd6sd\" dir=\"auto\">\n<div class=\"x1l90r2v x1pi30zi x1swvt13 x1iorvi4\" data-ad-comet-preview=\"message\" data-ad-preview=\"message\">\n<div class=\"x78zum5 xdt5ytf xz62fqu x16ldp7u\">\n<div class=\"xu06os2 x1ok221b\">\n<div class=\"xdj266r x11i5rnm xat24cr x1mh8g0r x1vvkbs x126k92a\">\n<div dir=\"auto\">Rodrigo Cuevas ye axitador folcl\u00f3ricu, el rei del cortexu, el llabrador d\u2019una Asturies diversa y arguyosa de la so identid\u00e1 rural, l\u2019animal esc\u00e9nicu que ta ximielgando la industria musical dientro y fuera d\u2019Asturies.<\/div>\n<div dir=\"auto\"><\/div>\n<\/div>\n<div class=\"x11i5rnm xat24cr x1mh8g0r x1vvkbs xtlvy1s x126k92a\">\n<div dir=\"auto\"><span class=\"html-span xexx8yu x4uap5 x18d9i69 xkhd6sd x1hl2dhg x16tdsg8 x1vvkbs x3nfvp2 x1j61x8r x1fcty0u xdj266r xat24cr xgzva0m xhhsvwb xxymvpz xlup9mm x1kky2od\"><img loading=\"lazy\" decoding=\"async\" class=\"xz74otr\" src=\"https:\/\/static.xx.fbcdn.net\/images\/emoji.php\/v9\/t1\/1\/16\/1f3a7.png\" alt=\"?\" width=\"16\" height=\"16\" \/><\/span> L&#8217;artista escueye<strong><a href=\"https:\/\/open.spotify.com\/playlist\/0SSBDDq3Imsdclu5vOljIN?si=01-OYDFiTO6JP_-b2JbQ1w\"> los 20 cantares que m\u00e1s-y presten<\/a><\/strong> y fala d&#8217;arquitectura tradicional, programaci\u00f3n cultural comunitaria y m\u00e1s coses.<\/div>\n<div dir=\"auto\">\n<h5 style=\"text-align: center\">\n<!-- iframe plugin v.6.0 wordpress.org\/plugins\/iframe\/ -->\n<iframe style=\"border-radius:12px\" src=\"https:\/\/open.spotify.com\/embed\/playlist\/0SSBDDq3Imsdclu5vOljIN?utm_source=generator\" width=\"100%\" height=\"352\" frameborder=\"0\" allowfullscreen allow=\"autoplay; clipboard-write; encrypted-media; fullscreen; picture-in-picture\" loading=\"lazy\" 0=\"\/iframe\" scrolling=\"yes\" class=\"iframe-class\"><\/iframe>\n<\/h5>\n<h5 id=\"un-discu-qu-enxamas-canses-de-sentir\" class=\"wp-block-heading\"><span style=\"font-size: 16px\"><em><span style=\"color: #008080\"><strong>Un discu qu\u2019enxam\u00e1s canses de sentir<\/strong>.<\/span><\/em><\/span><\/h5>\n<p><span style=\"font-size: 16px\"><em><span style=\"color: #008080\">Mediterr\u00e1neo de Joan Manuel Serrat.<\/span><\/em><\/span><\/p>\n<h5 id=\"si-tuvieres-que-formar-parte-d-otru-proyectu-musical-cual-seria\" class=\"wp-block-heading\"><span style=\"font-size: 16px\"><em><span style=\"color: #008080\"><strong>Si tuvieres que formar parte d\u2019otru proyectu musical, \u00bfcu\u00e1l ser\u00eda?<\/strong><\/span><\/em><\/span><\/h5>\n<p><span style=\"font-size: 16px\"><em><span style=\"color: #008080\">De Bomb\u00f3n de la Ibense.<\/span><\/em><\/span><\/p>\n<h5 id=\"de-los-cantares-que-compusisti-o-interpretes-cual-ye-l-to-preferiu\" class=\"wp-block-heading\"><span style=\"font-size: 16px\"><em><span style=\"color: #008080\"><strong>De los cantares que compusisti o interpretes, \u00bfcu\u00e1l ye\u2019l to prefer\u00edu?<\/strong><\/span><\/em><\/span><\/h5>\n<p><span style=\"font-size: 16px\"><em><span style=\"color: #008080\">\u201cValse\u201d.<\/span><\/em><\/span><\/p>\n<blockquote class=\"wp-block-quote is-style-large is-layout-flow wp-block-quote-is-layout-flow\"><p><span style=\"font-size: 16px\"><em><span style=\"color: #008080\">\u00abSi fuere Conseyeru de Cultura, promover\u00eda la construcci\u00f3n de fornos y llares nos pueblos como llugares pa la programaci\u00f3n cultural comunitaria\u00bb<\/span><\/em><\/span><\/p><\/blockquote>\n<h5 id=\"cuando-foi-la-primer-vez-que-xubisti-a-un-escenariu-y-que-paso-enantes-durante-y-depues\" class=\"wp-block-heading\"><span style=\"font-size: 16px\"><em><span style=\"color: #008080\"><strong>\u00bfCu\u00e1ndo foi la primer vez que xubisti a un escenariu y que pas\u00f3 enantes, durante y depu\u00e9s?<\/strong><\/span><\/em><\/span><\/h5>\n<p><span style=\"font-size: 16px\"><em><span style=\"color: #008080\">Pues yo creo que foi nun conciertu de la Escuela Municipal de M\u00fasica d\u2019Uvi\u00e9u. P\u00fanxime a sangrar pela nariz nel escenariu mientres tocaba la persona que diba enantes que yo. Un cuadru.<\/span><\/em><\/span><\/p>\n<h5 id=\"que-ye-lo-mas-inxusto-de-ser-artista\" class=\"wp-block-heading\"><span style=\"font-size: 16px\"><em><span style=\"color: #008080\"><strong>\u00bfQu\u00e9 ye lo m\u00e1s inxusto de ser artista?<\/strong><\/span><\/em><\/span><\/h5>\n<p><span style=\"font-size: 16px\"><em><span style=\"color: #008080\">El que nun se considere la intermitencia de la profesi\u00f3n.<\/span><\/em><\/span><\/p>\n<h5 id=\"si-fueres-conseyeru-de-cultura-que-son-les-primeres-coses-que-fadries\" class=\"wp-block-heading\"><span style=\"font-size: 16px\"><em><span style=\"color: #008080\"><strong>Si fueres Conseyeru de Cultura, \u00bfqu\u00e9 son les primeres coses que fadr\u00edes?<\/strong><\/span><\/em><\/span><\/h5>\n<p><span style=\"font-size: 16px\"><em><span style=\"color: #008080\">Facer que se cumpla la Llei d\u2019usu del asturianu y protexer el llar y el fornu como elementu indispensable de la cocina y la casa asturianes. Protexendo los que queden al mesmu nivel que los horros o los molinos, y promoviendo la construcci\u00f3n de fornos y llares comunitarios nos pueblos como llugares pa la programaci\u00f3n cultural comunitaria.<\/span><\/em><\/span><\/p>\n<blockquote class=\"wp-block-quote is-style-large is-layout-flow wp-block-quote-is-layout-flow\"><p><span style=\"font-size: 16px\"><em><span style=\"color: #008080\">\u00abLa mayor\u00eda de los cantares que siento son culposos pa dalguna xente. Enc\u00e1ntame lo kitsch, pero yo creo que a naide-y sorprende esta confesi\u00f3n\u00bb<\/span><\/em><\/span><\/p><\/blockquote>\n<h5 id=\"enantes-de-ser-artista-de-la-musica-asturiana-de-xuru-que-sentisti-o-visti-en-directo-a-mas-companeros-y-companeres-d-esta-escena-quien-te-marco-y-t-animo-a-xubir-al-barcu-de-facer-musica-n-asturianu\" class=\"wp-block-heading\"><span style=\"font-size: 16px\"><em><span style=\"color: #008080\"><strong>Enantes de ser artista de la m\u00fasica asturiana, de xuru que sentisti o visti en directo a m\u00e1s compa\u00f1eros y compa\u00f1eres d\u2019esta escena. \u00bfQui\u00e9n te marc\u00f3 y t\u2019anim\u00f3 a xubir al barcu de facer m\u00fasica n\u2019asturianu?<\/strong><\/span><\/em><\/span><\/h5>\n<p><span style=\"font-size: 16px\"><em><span style=\"color: #008080\">Ensin dulda, El Presi y Mariluz Crist\u00f3bal<\/span><\/em><\/span><\/p>\n<h5 id=\"ya-conocemos-les-tos-recomendaciones-y-influencies-agora-toca-que-te-confieses-cual-ye-esi-cantar-o-esi-grupu-qu-escuches-culposamente-na-intimida\" class=\"wp-block-heading\"><span style=\"font-size: 16px\"><em><span style=\"color: #008080\"><strong>Y\u00e1 conocemos les tos recomendaciones y influencies\u2026 agora toca que te confieses: \u00bfcu\u00e1l ye esi cantar o esi grupu qu\u2019escuches culposamente \u201cna intimid\u00e1\u201d?<\/strong><\/span><\/em><\/span><\/h5>\n<p><span style=\"font-size: 16px\"><em><span style=\"color: #008080\">Uff\u2026 la mayor\u00eda de lo que siento ye culposo pa dalguna xente. Enc\u00e1ntame lo kitsch, pero yo creo que a naide-y sorprende esta confesi\u00f3n. Agora toi a tope con \u201cVirtual Diva\u201d de Don Omar, por exemplu, o \u201cComo la Flor\u201d de Selena.<\/span><\/em><\/span><\/p>\n<h5 id=\"a-que-personaxe-publicu-convidaries-a-un-conciertu-tuyu-a-pasar-llueu-pel-backstage-y-pa-que\" class=\"wp-block-heading\"><span style=\"font-size: 16px\"><em><span style=\"color: #008080\"><strong>\u00bfA qu\u00e9 personaxe p\u00fablicu convidar\u00edes a un conciertu tuyu, a pasar llueu pel backstage y pa qu\u00e9?<\/strong><\/span><\/em><\/span><\/h5>\n<p><span style=\"font-size: 16px\"><em><span style=\"color: #008080\">A Yenesi, porque creo que pue ser una persona mui divertida y nos camerinos p\u00e1sense munchos tiempos muertos.<\/span><\/em><\/span><\/p>\n<h5 id=\"ya-qu-escoyisti-la-to-banda-sonora-vital-vamos-rematar-con-una-banda-sonora-orixinal-de-que-llibru-n-asturianu-te-prestaria-qu-hubiere-una-pelicula-a-la-qu-amas-pongas-y-tu-la-bso\" class=\"wp-block-heading\"><span style=\"font-size: 16px\"><em><span style=\"color: #008080\"><strong>Y\u00e1 qu\u2019escoyisti la to \u201cBanda Sonora Vital\u201d, vamos rematar con una Banda Sonora Orixinal. \u00bfDe qu\u00e9 llibru n\u2019asturianu te prestar\u00eda qu\u2019hubiere una pel\u00edcula a la qu\u2019am\u00e1s pongas-y t\u00fa la BSO?<\/strong><\/span><\/em><\/span><\/h5>\n<p><span style=\"font-size: 16px\"><em><span style=\"color: #008080\">Hestoria universal de Paniceiros, de Xuan Bello.<\/span><\/em><\/span><\/p>\n<div class=\"wp-block-spacer\" aria-hidden=\"true\"><\/div>\n<div class=\"wp-block-spacer\" aria-hidden=\"true\"><\/div>\n<\/div>\n<div dir=\"auto\"><\/div>\n<\/div>\n<\/div>\n<\/div>\n<\/div>\n<\/div>\n<\/div>\n","protected":false},"excerpt":{"rendered":"<p>musicasturiana.com Rodrigo Cuevas ye axitador folcl\u00f3ricu, el rei del cortexu, el llabrador d\u2019una Asturies diversa y arguyosa de la so identid\u00e1 rural, l\u2019animal esc\u00e9nicu que ta ximielgando la industria musical dientro y fuera d\u2019Asturies. L&#8217;artista escueye los 20 cantares que m\u00e1s-y presten y fala d&#8217;arquitectura tradicional, programaci\u00f3n cultural comunitaria y m\u00e1s coses. Un discu qu\u2019enxam\u00e1s [&hellip;]<\/p>\n","protected":false},"author":117,"featured_media":0,"parent":153,"menu_order":0,"comment_status":"closed","ping_status":"closed","template":"","meta":{"footnotes":""},"class_list":["post-31018","page","type-page","status-publish","hentry"],"_links":{"self":[{"href":"https:\/\/edublog.educastur.es\/ixuxu\/wp-json\/wp\/v2\/pages\/31018","targetHints":{"allow":["GET"]}}],"collection":[{"href":"https:\/\/edublog.educastur.es\/ixuxu\/wp-json\/wp\/v2\/pages"}],"about":[{"href":"https:\/\/edublog.educastur.es\/ixuxu\/wp-json\/wp\/v2\/types\/page"}],"author":[{"embeddable":true,"href":"https:\/\/edublog.educastur.es\/ixuxu\/wp-json\/wp\/v2\/users\/117"}],"replies":[{"embeddable":true,"href":"https:\/\/edublog.educastur.es\/ixuxu\/wp-json\/wp\/v2\/comments?post=31018"}],"version-history":[{"count":4,"href":"https:\/\/edublog.educastur.es\/ixuxu\/wp-json\/wp\/v2\/pages\/31018\/revisions"}],"predecessor-version":[{"id":31022,"href":"https:\/\/edublog.educastur.es\/ixuxu\/wp-json\/wp\/v2\/pages\/31018\/revisions\/31022"}],"up":[{"embeddable":true,"href":"https:\/\/edublog.educastur.es\/ixuxu\/wp-json\/wp\/v2\/pages\/153"}],"wp:attachment":[{"href":"https:\/\/edublog.educastur.es\/ixuxu\/wp-json\/wp\/v2\/media?parent=31018"}],"curies":[{"name":"wp","href":"https:\/\/api.w.org\/{rel}","templated":true}]}}