{"id":312,"date":"2020-08-10T15:22:21","date_gmt":"2020-08-10T15:22:21","guid":{"rendered":"https:\/\/edublog.educastur.es\/ixuxu\/?page_id=312"},"modified":"2023-01-22T19:52:58","modified_gmt":"2023-01-22T17:52:58","slug":"play-presta-la-caseria","status":"publish","type":"page","link":"https:\/\/edublog.educastur.es\/ixuxu\/videu\/play-presta-la-caseria\/","title":{"rendered":"Play Presta LA CASER\u00cdA"},"content":{"rendered":"<p><img loading=\"lazy\" decoding=\"async\" src=\"https:\/\/scontent.fmad7-1.fna.fbcdn.net\/v\/t1.0-9\/p960x960\/66091946_710663462737412_4120127294868029440_o.png?_nc_cat=105&amp;_nc_sid=85a577&amp;_nc_ohc=enqUJfFzGHMAX-y3s3R&amp;_nc_ht=scontent.fmad7-1.fna&amp;oh=2861f5925e0b0b245a1a935d98ba1d73&amp;oe=5ECD9F63\" width=\"100\" height=\"100\" \/>\u00a0 <img loading=\"lazy\" decoding=\"async\" src=\"http:\/\/playpresta.com\/wp-content\/uploads\/2019\/01\/playpresta-retina.png\" width=\"272\" height=\"90\" \/><br \/>\n<a href=\"http:\/\/playpresta.com\/lacaseria\/\" target=\"_blank\" rel=\"noopener noreferrer\"><b><i>Canal de videos sobre\u00b4l Campu<\/i><\/b><\/a><\/p>\n<p>\u23e9 Facebook: <a href=\"https:\/\/www.youtube.com\/redirect?q=https%3A%2F%2Fwww.facebook.com%2FPlayPresta%2F&amp;v=6xf51LhgSY0&amp;redir_token=AjDGLZm5Vuylsw7O-W_zgjWX6X18MTU4ODE1MTYwMkAxNTg4MDY1MjAy&amp;event=video_description\" target=\"_blank\" rel=\"nofollow noopener noreferrer\">https:\/\/www.facebook.com\/PlayPresta\/<\/a><br \/>\n\u23e9 Twitter: <a href=\"https:\/\/www.youtube.com\/redirect?q=https%3A%2F%2Fwww.twitter.com%2FPlayPresta%2F&amp;v=6xf51LhgSY0&amp;redir_token=AjDGLZm5Vuylsw7O-W_zgjWX6X18MTU4ODE1MTYwMkAxNTg4MDY1MjAy&amp;event=video_description\" target=\"_blank\" rel=\"nofollow noopener noreferrer\">https:\/\/www.twitter.com\/PlayPresta\/<\/a><\/p>\n<p>Programa sobre la vida na aldea dende\u2019l puntu<br \/>\nde vista mozu, present\u00e1u por Sa\u00fal Molleda Joglar.<br \/>\nDanos a conocer les xeres na caser\u00eda.<\/p>\n<ul>\n<li>Estrenu:<a href=\"https:\/\/youtu.be\/edCzmB-zaR8?list=PLhtoo519UiZavtpL_lMfUycrdTzjwFkpr\" target=\"_blank\" rel=\"noopener noreferrer\"><b><i> Ochobre 2018<br \/>\n<\/i><\/b><\/a><\/li>\n<li>Cap. 1: <a href=\"https:\/\/youtu.be\/9yOBOYIfxh4?list=PLhtoo519UiZavtpL_lMfUycrdTzjwFkpr\" target=\"_blank\" rel=\"noopener noreferrer\"><b><u><i>Un d\u00eda na Caser\u00eda<\/i><\/u><\/b><\/a><\/li>\n<\/ul>\n\n<!-- iframe plugin v.6.0 wordpress.org\/plugins\/iframe\/ -->\n<iframe loading=\"lazy\" width=\"100%\" height=\"364\" src=\"https:\/\/www.youtube.com\/embed\/9yOBOYIfxh4\" 0=\"\/iframe\" scrolling=\"yes\" class=\"iframe-class\" frameborder=\"0\"><\/iframe>\n\n<ul>\n<li>Cap. 2: <a href=\"https:\/\/youtu.be\/0TQH-tDBesI?list=PLhtoo519UiZavtpL_lMfUycrdTzjwFkpr\" target=\"_blank\" rel=\"noopener noreferrer\"><i><b>\u00bfD\u00b4\u00f3nde vienen les fabes?<\/b><\/i><\/a><\/li>\n<\/ul>\n\n<!-- iframe plugin v.6.0 wordpress.org\/plugins\/iframe\/ -->\n<iframe loading=\"lazy\" width=\"100%\" height=\"364\" src=\"https:\/\/www.youtube.com\/embed\/0TQH-tDBesI\" 0=\"\/iframe\" scrolling=\"yes\" class=\"iframe-class\" frameborder=\"0\"><\/iframe>\n\n<ul>\n<li>\u00a0Cap. 3: <a href=\"https:\/\/youtu.be\/cYPki-FNQsc?list=PLhtoo519UiZavtpL_lMfUycrdTzjwFkpr\" target=\"_blank\" rel=\"noopener noreferrer\"><i><b>Sidra casero<\/b><\/i><\/a><\/li>\n<\/ul>\n\n<!-- iframe plugin v.6.0 wordpress.org\/plugins\/iframe\/ -->\n<iframe loading=\"lazy\" width=\"100%\" height=\"364\" src=\"https:\/\/www.youtube.com\/embed\/cYPki-FNQsc\" 0=\"\/iframe\" scrolling=\"yes\" class=\"iframe-class\" frameborder=\"0\"><\/iframe>\n\n<ul>\n<li>Cap. 4: <a href=\"https:\/\/youtu.be\/ZAmUFfBxFlU?list=PLhtoo519UiZavtpL_lMfUycrdTzjwFkpr\" target=\"_blank\" rel=\"noopener noreferrer\"><i><b>Trabayar cola gada\u00f1a<br \/>\n<\/b><\/i><\/a><\/li>\n<\/ul>\n\n<!-- iframe plugin v.6.0 wordpress.org\/plugins\/iframe\/ -->\n<iframe loading=\"lazy\" width=\"100%\" height=\"364\" src=\"https:\/\/www.youtube.com\/embed\/ZAmUFfBxFlU\" 0=\"\/iframe\" scrolling=\"yes\" class=\"iframe-class\" frameborder=\"0\"><\/iframe>\n\n<ul>\n<li>Cap. 5: <a href=\"https:\/\/youtu.be\/x0c-GCX5hzg?list=PLhtoo519UiZavtpL_lMfUycrdTzjwFkpr\" target=\"_blank\" rel=\"noopener noreferrer\"><i><b>Cuidando\u00b4l piteru<br \/>\n<\/b><\/i><\/a><\/li>\n<\/ul>\n\n<!-- iframe plugin v.6.0 wordpress.org\/plugins\/iframe\/ -->\n<iframe loading=\"lazy\" width=\"100%\" height=\"364\" src=\"https:\/\/www.youtube.com\/embed\/x0c-GCX5hzg\" 0=\"\/iframe\" scrolling=\"yes\" class=\"iframe-class\" frameborder=\"0\"><\/iframe>\n\n<ul>\n<li>Cap. 6: <a href=\"https:\/\/youtu.be\/YqKfDbA96UQ?list=PLhtoo519UiZavtpL_lMfUycrdTzjwFkpr\" target=\"_blank\" rel=\"noopener noreferrer\"><i><b>Cuidaos d\u00b4un xatu.<br \/>\n<\/b><\/i><\/a><\/li>\n<\/ul>\n\n<!-- iframe plugin v.6.0 wordpress.org\/plugins\/iframe\/ -->\n<iframe loading=\"lazy\" width=\"100%\" height=\"364\" src=\"https:\/\/www.youtube.com\/embed\/YqKfDbA96UQ\" 0=\"\/iframe\" scrolling=\"yes\" class=\"iframe-class\" frameborder=\"0\"><\/iframe>\n\n<ul>\n<li>Cap. 7:<a href=\"https:\/\/youtu.be\/n0v8U68vuSM?list=PLhtoo519UiZavtpL_lMfUycrdTzjwFkpr\" target=\"_blank\" rel=\"noopener noreferrer\"><i><b> \u00bfQuieren prohibir el cuchu?<br \/>\n<\/b><\/i><\/a><\/li>\n<\/ul>\n\n<!-- iframe plugin v.6.0 wordpress.org\/plugins\/iframe\/ -->\n<iframe loading=\"lazy\" width=\"100%\" height=\"364\" src=\"https:\/\/www.youtube.com\/embed\/n0v8U68vuSM\" 0=\"\/iframe\" scrolling=\"yes\" class=\"iframe-class\" frameborder=\"0\"><\/iframe>\n\n<ul>\n<li>Cap. 8: <a href=\"https:\/\/youtu.be\/IJ7DCBIVHHE\" target=\"_blank\" rel=\"noopener noreferrer\"><b><i>Picar el maizu<br \/>\n<\/i><\/b><\/a><\/li>\n<\/ul>\n\n<!-- iframe plugin v.6.0 wordpress.org\/plugins\/iframe\/ -->\n<iframe loading=\"lazy\" width=\"100%\" height=\"364\" src=\"https:\/\/www.youtube.com\/embed\/IJ7DCBIVHHE\" 0=\"\/iframe\" scrolling=\"yes\" class=\"iframe-class\" frameborder=\"0\"><\/iframe>\n\n<ul>\n<li>Cap. 9: <a href=\"https:\/\/youtu.be\/-7T4dRIuVms?list=PLhtoo519UiZavtpL_lMfUycrdTzjwFkpr\" target=\"_blank\" rel=\"noopener noreferrer\"><i><b>Andar col gan\u00e1u<br \/>\n<\/b><\/i><\/a><\/li>\n<\/ul>\n\n<!-- iframe plugin v.6.0 wordpress.org\/plugins\/iframe\/ -->\n<iframe loading=\"lazy\" width=\"100%\" height=\"364\" src=\"https:\/\/www.youtube.com\/embed\/-7T4dRIuVms\" 0=\"\/iframe\" scrolling=\"yes\" class=\"iframe-class\" frameborder=\"0\"><\/iframe>\n\n<ul>\n<li>CAp. 10: <a href=\"https:\/\/youtu.be\/2_003iG2HmI?list=PLhtoo519UiZavtpL_lMfUycrdTzjwFkpr\" target=\"_blank\" rel=\"noopener noreferrer\"><b><i>Races de vaques<\/i><\/b><\/a><\/li>\n<\/ul>\n\n<!-- iframe plugin v.6.0 wordpress.org\/plugins\/iframe\/ -->\n<iframe loading=\"lazy\" width=\"100%\" height=\"364\" src=\"https:\/\/www.youtube.com\/embed\/2_003iG2HmI\" 0=\"\/iframe\" scrolling=\"yes\" class=\"iframe-class\" frameborder=\"0\"><\/iframe>\n\n<ul>\n<li>Cap. 11: <a href=\"https:\/\/youtu.be\/_Z7QFOIh__s?list=PLhtoo519UiZavtpL_lMfUycrdTzjwFkpr\" target=\"_blank\" rel=\"noopener noreferrer\"><i><b>Lo meyor de&#8230;La Caser\u00eda<br \/>\n<\/b><\/i><\/a><\/li>\n<\/ul>\n\n<!-- iframe plugin v.6.0 wordpress.org\/plugins\/iframe\/ -->\n<iframe loading=\"lazy\" width=\"100%\" height=\"364\" src=\"https:\/\/www.youtube.com\/embed\/_Z7QFOIh__s\" 0=\"\/iframe\" scrolling=\"yes\" class=\"iframe-class\" frameborder=\"0\"><\/iframe>\n\n<ul>\n<li>Cap. 11: <a href=\"https:\/\/youtu.be\/_Z7QFOIh__s?list=PLhtoo519UiZavtpL_lMfUycrdTzjwFkpr\" target=\"_blank\" rel=\"noopener noreferrer\"><i><b>Lo meyor de &#8230; La Caser\u00eda<br \/>\n<\/b><\/i><\/a><\/li>\n<\/ul>\n\n<!-- iframe plugin v.6.0 wordpress.org\/plugins\/iframe\/ -->\n<iframe loading=\"lazy\" width=\"100%\" height=\"364\" src=\"https:\/\/www.youtube.com\/embed\/_Z7QFOIh__s\" 0=\"\/iframe\" scrolling=\"yes\" class=\"iframe-class\" frameborder=\"0\"><\/iframe>\n\n<ul>\n<li>Cap. 2-2: <a href=\"https:\/\/youtu.be\/6xf51LhgSY0\" target=\"_blank\" rel=\"noopener noreferrer\"><i><b>Trabayando na g\u00fcerta<\/b><\/i><\/a><\/li>\n<\/ul>\n\n<!-- iframe plugin v.6.0 wordpress.org\/plugins\/iframe\/ -->\n<iframe loading=\"lazy\" width=\"100%\" height=\"364\" src=\"https:\/\/www.youtube.com\/embed\/6xf51LhgSY0\" 0=\"\/iframe\" scrolling=\"yes\" class=\"iframe-class\" frameborder=\"0\"><\/iframe>\n\n<ul>\n<li>Cap 2-12: <a href=\"https:\/\/twitter.com\/i\/status\/1254923742867853315\" target=\"_blank\" rel=\"noopener noreferrer\"><i><b>Consumir productos asturianos<\/b><\/i><\/a><\/li>\n<li><\/li>\n<\/ul>\n","protected":false},"excerpt":{"rendered":"<p>\u00a0 Canal de videos sobre\u00b4l Campu \u23e9 Facebook: https:\/\/www.facebook.com\/PlayPresta\/ \u23e9 Twitter: https:\/\/www.twitter.com\/PlayPresta\/ Programa sobre la vida na aldea dende\u2019l puntu de vista mozu, present\u00e1u por Sa\u00fal Molleda Joglar. Danos a conocer les xeres na caser\u00eda. Estrenu: Ochobre 2018 Cap. 1: Un d\u00eda na Caser\u00eda Cap. 2: \u00bfD\u00b4\u00f3nde vienen les fabes? \u00a0Cap. 3: Sidra casero Cap. [&hellip;]<\/p>\n","protected":false},"author":117,"featured_media":0,"parent":117,"menu_order":0,"comment_status":"closed","ping_status":"closed","template":"","meta":{"footnotes":""},"class_list":["post-312","page","type-page","status-publish","hentry"],"_links":{"self":[{"href":"https:\/\/edublog.educastur.es\/ixuxu\/wp-json\/wp\/v2\/pages\/312","targetHints":{"allow":["GET"]}}],"collection":[{"href":"https:\/\/edublog.educastur.es\/ixuxu\/wp-json\/wp\/v2\/pages"}],"about":[{"href":"https:\/\/edublog.educastur.es\/ixuxu\/wp-json\/wp\/v2\/types\/page"}],"author":[{"embeddable":true,"href":"https:\/\/edublog.educastur.es\/ixuxu\/wp-json\/wp\/v2\/users\/117"}],"replies":[{"embeddable":true,"href":"https:\/\/edublog.educastur.es\/ixuxu\/wp-json\/wp\/v2\/comments?post=312"}],"version-history":[{"count":3,"href":"https:\/\/edublog.educastur.es\/ixuxu\/wp-json\/wp\/v2\/pages\/312\/revisions"}],"predecessor-version":[{"id":16020,"href":"https:\/\/edublog.educastur.es\/ixuxu\/wp-json\/wp\/v2\/pages\/312\/revisions\/16020"}],"up":[{"embeddable":true,"href":"https:\/\/edublog.educastur.es\/ixuxu\/wp-json\/wp\/v2\/pages\/117"}],"wp:attachment":[{"href":"https:\/\/edublog.educastur.es\/ixuxu\/wp-json\/wp\/v2\/media?parent=312"}],"curies":[{"name":"wp","href":"https:\/\/api.w.org\/{rel}","templated":true}]}}