{"id":315,"date":"2020-08-10T15:25:10","date_gmt":"2020-08-10T15:25:10","guid":{"rendered":"https:\/\/edublog.educastur.es\/ixuxu\/?page_id=315"},"modified":"2020-08-11T21:23:32","modified_gmt":"2020-08-11T21:23:32","slug":"casa-natal-de-xovellanos","status":"publish","type":"page","link":"https:\/\/edublog.educastur.es\/ixuxu\/asturies\/museos\/casa-natal-de-xovellanos\/","title":{"rendered":"Casa Natal de Xovellanos"},"content":{"rendered":"<p><span style=\"font-size: 20px\"><b><i><span style=\"font-size: 24px\">Mus\u00e9u Casa Natal de Xovellanos<\/span><br \/>\n<\/i><\/b><span style=\"color: #000080\"><i>Cap\u00edtulu 1 &#8211; Temporada 1<\/i><\/span><\/span><\/p>\n<p><span style=\"font-size: 20px\"><img loading=\"lazy\" decoding=\"async\" src=\"https:\/\/upload.wikimedia.org\/wikipedia\/commons\/9\/96\/Gijon_-_Casa_de_Jovellanos.jpg\" width=\"320\" height=\"240\" \/><\/span><\/p>\n<ul>\n<li><span style=\"font-size: 20px\"><a href=\"https:\/\/museos.gijon.es\/page\/5283-museo-casa-natal-de-jovellanos\" target=\"_blank\" rel=\"noopener noreferrer\">Ver p\u00e1xina oficial<\/a><\/span><\/li>\n<li><span style=\"font-size: 20px\"><a href=\"https:\/\/ast.wikipedia.org\/wiki\/Mus%C3%A9u_Xovellanos\" target=\"_blank\" rel=\"noopener noreferrer\">Ver info na Wikipedia<\/a><\/span><\/li>\n<li><span style=\"font-size: 20px\"><a href=\"https:\/\/www.youtube.com\/watch?v=ck8rNULvo4o\" target=\"_blank\" rel=\"noopener noreferrer\">Ver en Youtube<br \/>\n<\/a><\/span><\/li>\n<li><span style=\"font-size: 20px\"><i>\u00a0Ta asiti\u00e1u n&#8217;una casa palaciega nel barriub de Cimavilla de Xix\u00f3n, n&#8217;Asturies.\u00a0 <\/i><i><b>Plazoleta de Jovellanos s\/n<\/b><br \/>\n<\/i><\/span><\/li>\n<\/ul>\n<p>&nbsp;<\/p>\n<p><span style=\"font-size: 20px\">\n<!-- iframe plugin v.6.0 wordpress.org\/plugins\/iframe\/ -->\n<iframe loading=\"lazy\" width=\"588\" height=\"331\" src=\"https:\/\/www.youtube.com\/embed\/ck8rNULvo4o\" scrolling=\"yes\" class=\"iframe-class\" frameborder=\"0\"><\/iframe>\n<\/span><\/p>\n<p><span style=\"font-size: 20px\"><i>El <u>Mus\u00e9u Casa Natal de Xovellanos <\/u>abri\u00f3 les sos puertes al p\u00fablicu, el 6 d&#8217;agostu de 1971, cola colecci\u00f3n art\u00edstica municipal, hasta ent\u00f3s espuesta na planta baxa del Antiguu Institutu Xovellanos.<\/i><\/span><\/p>\n<p><span style=\"font-size: 20px\"><i> <\/i><i>Dende esta fecha, la so programaci\u00f3n trata nel estudiu y espardimientu de la figura del ilustr\u00e1u, seg\u00fan nel caltenimientu, documentaci\u00f3n, investigaci\u00f3n y espardimientu del patrimoniu art\u00edsticu municipal. <\/i><\/span><\/p>\n<ul>\n<li><span style=\"font-size: 20px\"><i><a title=\"Ir a Biograf\ufffda de Jovellanos\" href=\"https:\/\/museos.gijon.es\/page\/9182-biografia-de-jovellanos\">Biograf\u00eda de Jovellanos<\/a><\/i><\/span><\/li>\n<li><span style=\"font-size: 20px\"><i><a title=\"\/\/www.jovellanos2011.es\/web\/\" href=\"http:\/\/www.jovellanos2011.es\/web\/\" rel=\"external\">Bicentenario de Jovellanos<\/a><\/i><\/span><\/li>\n<li><a title=\"\/\/www.pintar-pintar.com\/dat\/167.swf\" href=\"http:\/\/www.pintar-pintar.com\/dat\/167.swf\"><span style=\"font-size: 20px\">Gu\u00eda interactiva en el Museo de Bellas Artes de Asturias<\/span><\/a><\/li>\n<\/ul>\n","protected":false},"excerpt":{"rendered":"<p>Mus\u00e9u Casa Natal de Xovellanos Cap\u00edtulu 1 &#8211; Temporada 1 Ver p\u00e1xina oficial Ver info na Wikipedia Ver en Youtube \u00a0Ta asiti\u00e1u n&#8217;una casa palaciega nel barriub de Cimavilla de Xix\u00f3n, n&#8217;Asturies.\u00a0 Plazoleta de Jovellanos s\/n &nbsp; El Mus\u00e9u Casa Natal de Xovellanos abri\u00f3 les sos puertes al p\u00fablicu, el 6 d&#8217;agostu de 1971, cola [&hellip;]<\/p>\n","protected":false},"author":117,"featured_media":0,"parent":161,"menu_order":0,"comment_status":"closed","ping_status":"closed","template":"","meta":{"footnotes":""},"class_list":["post-315","page","type-page","status-publish","hentry"],"_links":{"self":[{"href":"https:\/\/edublog.educastur.es\/ixuxu\/wp-json\/wp\/v2\/pages\/315","targetHints":{"allow":["GET"]}}],"collection":[{"href":"https:\/\/edublog.educastur.es\/ixuxu\/wp-json\/wp\/v2\/pages"}],"about":[{"href":"https:\/\/edublog.educastur.es\/ixuxu\/wp-json\/wp\/v2\/types\/page"}],"author":[{"embeddable":true,"href":"https:\/\/edublog.educastur.es\/ixuxu\/wp-json\/wp\/v2\/users\/117"}],"replies":[{"embeddable":true,"href":"https:\/\/edublog.educastur.es\/ixuxu\/wp-json\/wp\/v2\/comments?post=315"}],"version-history":[{"count":3,"href":"https:\/\/edublog.educastur.es\/ixuxu\/wp-json\/wp\/v2\/pages\/315\/revisions"}],"predecessor-version":[{"id":329,"href":"https:\/\/edublog.educastur.es\/ixuxu\/wp-json\/wp\/v2\/pages\/315\/revisions\/329"}],"up":[{"embeddable":true,"href":"https:\/\/edublog.educastur.es\/ixuxu\/wp-json\/wp\/v2\/pages\/161"}],"wp:attachment":[{"href":"https:\/\/edublog.educastur.es\/ixuxu\/wp-json\/wp\/v2\/media?parent=315"}],"curies":[{"name":"wp","href":"https:\/\/api.w.org\/{rel}","templated":true}]}}