{"id":3153,"date":"2021-01-24T21:44:13","date_gmt":"2021-01-24T19:44:13","guid":{"rendered":"https:\/\/edublog.educastur.es\/ixuxu\/?page_id=3153"},"modified":"2021-01-24T21:46:58","modified_gmt":"2021-01-24T19:46:58","slug":"juanjo-arrojo","status":"publish","type":"page","link":"https:\/\/edublog.educastur.es\/ixuxu\/asturiano\/entrevistes\/juanjo-arrojo\/","title":{"rendered":"Juanjo Arrojo"},"content":{"rendered":"<p style=\"text-align: center\"><img loading=\"lazy\" decoding=\"async\" class=\"alignnone size-full\" src=\"https:\/\/verasturies.com\/wp-content\/uploads\/2020\/07\/favicon-verasturies-300x300.png\" width=\"300\" height=\"300\" \/><\/p>\n<ul>\n<li style=\"text-align: center\"><a href=\"https:\/\/verasturies.com\/juanjo-arrojo-semeyes-ye-la-palabra-nasturianu-que-mas-me-presta\/?fbclid=IwAR34dpHG5Icr9y8pBMisrOY8TJgrh3-ZJQ5cegtdtPYS3IWjLZkqlSOBzOE\"><span style=\"font-size: 20px;color: #008080\"><em>Fuente: VER ASTURIES Xineru 2021<\/em><\/span><\/a><\/li>\n<li style=\"text-align: center\"><a href=\"https:\/\/verasturies.com\/personalidades\/\">Galer\u00eda: PERSONALIDADES<\/a><\/li>\n<\/ul>\n<div>\n<div class=\"post-content-share post-content-share-bar jssocials is_stuck\">\n<div class=\"jssocials-shares\">\n<div class=\"jssocials-share jssocials-share-twitter\"><\/div>\n<\/div>\n<\/div>\n<\/div>\n<div class=\"post-single-meta\">\n<div class=\"post-categories-container\">\n<div class=\"post-categories\"><a href=\"https:\/\/verasturies.com\/personalidades\/\">Personalidades<\/a><\/div>\n<\/div>\n<h1>Juanjo Arrojo: <span style=\"font-size: 24px;color: #008080\"><em>\u00ab\u2018Semeya\u2019 ye la pallabra n\u2019asturianu que m\u00e1s me presta\u00bb\u00a0<\/em><\/span><i class=\"fa fa-bookmark-o\"><\/i><\/h1>\n<\/div>\n<div class=\"post-content post-single-content\">\n<p><span style=\"font-size: 20px\">Fot\u00f3grafu profesional dende los a\u00f1os 80. El so trabayu c\u00e9ntrase na fotograf\u00eda documental, tratando toles temes sobre Asturies \u2018Paisaxes, Paisanaje, Arte, Cultura, Tradiciones, Costumes, Monumentos, Etnograf\u00eda\u2019. Juanjo Arrojo destacar por ser unu de los pocos especialistes en \u2018retratar\u2019 l\u2019Arte Parietal. La so obra tien una estensa trayectoria, tanto en publicaciones como n\u2019esposiciones per tol pa\u00eds.<\/span><\/p>\n<p style=\"text-align: center\"><img loading=\"lazy\" decoding=\"async\" class=\"alignnone size-full\" src=\"https:\/\/verasturies.com\/wp-content\/uploads\/2020\/12\/juanjo-arrojo-fotografo.jpg\" width=\"900\" height=\"600\" \/><\/p>\n<p><span style=\"font-size: 20px\"><strong><em>Un llugar pa perdese un fin de semana\u2026\u00a0<\/em><\/strong>\u00a0Quir\u00f3s.<\/span><\/p>\n<p><span style=\"font-size: 20px\"><strong><em>Un llugar pa vivir\u2026\u00a0<\/em><\/strong>Xix\u00f3n.<\/span><\/p>\n<p><span style=\"font-size: 20px\"><strong><em>Un platu\u2026\u00a0<\/em><\/strong>Pote de casta\u00f1es.<\/span><\/p>\n<p><span style=\"font-size: 20px\"><strong><em>Un postre\u2026\u00a0<\/em><\/strong>Freses con nates.<\/span><\/p>\n<p><span style=\"font-size: 20px\"><strong><em>Una playa pa pasar el d\u00eda\u2026\u00a0<\/em><\/strong>Playa del Silencio \u00f3 El Gabieiru, en Cuideiru.<\/span><\/p>\n<p><span style=\"font-size: 20px\"><strong><em>Un puebl\u00edn que nun podemos dexar de ver\u2026\u00a0<\/em><\/strong>Banduxu, Proaza.<\/span><\/p>\n<p><span style=\"font-size: 20px\"><strong><em>Un chigrin pa tomar unos culinos\u2026\u00a0<\/em><\/strong>Cualquiera que tenga sidra, preferiblemente que tenga merenderu.<\/span><\/p>\n<p><span style=\"font-size: 20px\"><strong><em>Un parque natural pa visitar\u2026\u00a0<\/em><\/strong>Parque Natural Les Ubi\u00f1es-La Mesa \u00f3, cualquiera de los que tenemos.<\/span><\/p>\n<p><span style=\"font-size: 20px\"><strong><em>Una fiesta a la que nun faltar\u2026<\/em><\/strong>\u00a0L\u2019Amuravela, S. Pedro, S. Pablo y S. Pabl\u00edn en Cuideiru.<\/span><\/p>\n<p><span style=\"font-size: 20px\"><strong><em>Un Museo pa recomendar\u2026 <\/em><\/strong>L\u2019Etnogr\u00e1ficu de Grandas, l\u2019Etnogr\u00e1ficu de Quir\u00f3s\u2026 hai tantos y tan bonos.<\/span><\/p>\n<p><span style=\"font-size: 20px\"><strong><em>Un momentu de la historia d\u2019Asturies que te prestar\u00eda vivir\u2026 <\/em><\/strong>La \u00e9poca Romana y la Medieval.<\/span><\/p>\n<p><span style=\"font-size: 20px\"><strong><em>Un baile pa pasalo bien\u2026<\/em><\/strong> La danza prima.<\/span><\/p>\n<p><span style=\"font-size: 20px\"><strong><em>Una pallabra n\u2019asturianu que te preste\u2026<\/em><\/strong> Semeya.<\/span><\/p>\n<p><span style=\"font-size: 20px\"><strong><em>Una tradici\u00f3n que nun pue perdese\u2026\u00a0<\/em><\/strong>Les mazcaraes del Valledor, d\u2019Uvi\u00e9u, de Tin\u00e9u, d\u2019Ibias, de San Xuan de Villapa\u00f1ada en Grau, los Sidros de Valdesoto\u2026<\/span><\/p>\n<p><span style=\"font-size: 20px\"><strong><em>Una espresi\u00f3n n\u2019asturianu que te preste\u2026 <\/em><\/strong>Collaciu.<\/span><\/p>\n<\/div>\n","protected":false},"excerpt":{"rendered":"<p>Fuente: VER ASTURIES Xineru 2021 Galer\u00eda: PERSONALIDADES Personalidades Juanjo Arrojo: \u00ab\u2018Semeya\u2019 ye la pallabra n\u2019asturianu que m\u00e1s me presta\u00bb\u00a0 Fot\u00f3grafu profesional dende los a\u00f1os 80. El so trabayu c\u00e9ntrase na fotograf\u00eda documental, tratando toles temes sobre Asturies \u2018Paisaxes, Paisanaje, Arte, Cultura, Tradiciones, Costumes, Monumentos, Etnograf\u00eda\u2019. Juanjo Arrojo destacar por ser unu de los pocos especialistes [&hellip;]<\/p>\n","protected":false},"author":117,"featured_media":0,"parent":3151,"menu_order":0,"comment_status":"closed","ping_status":"closed","template":"","meta":{"footnotes":""},"class_list":["post-3153","page","type-page","status-publish","hentry"],"_links":{"self":[{"href":"https:\/\/edublog.educastur.es\/ixuxu\/wp-json\/wp\/v2\/pages\/3153","targetHints":{"allow":["GET"]}}],"collection":[{"href":"https:\/\/edublog.educastur.es\/ixuxu\/wp-json\/wp\/v2\/pages"}],"about":[{"href":"https:\/\/edublog.educastur.es\/ixuxu\/wp-json\/wp\/v2\/types\/page"}],"author":[{"embeddable":true,"href":"https:\/\/edublog.educastur.es\/ixuxu\/wp-json\/wp\/v2\/users\/117"}],"replies":[{"embeddable":true,"href":"https:\/\/edublog.educastur.es\/ixuxu\/wp-json\/wp\/v2\/comments?post=3153"}],"version-history":[{"count":5,"href":"https:\/\/edublog.educastur.es\/ixuxu\/wp-json\/wp\/v2\/pages\/3153\/revisions"}],"predecessor-version":[{"id":3158,"href":"https:\/\/edublog.educastur.es\/ixuxu\/wp-json\/wp\/v2\/pages\/3153\/revisions\/3158"}],"up":[{"embeddable":true,"href":"https:\/\/edublog.educastur.es\/ixuxu\/wp-json\/wp\/v2\/pages\/3151"}],"wp:attachment":[{"href":"https:\/\/edublog.educastur.es\/ixuxu\/wp-json\/wp\/v2\/media?parent=3153"}],"curies":[{"name":"wp","href":"https:\/\/api.w.org\/{rel}","templated":true}]}}

<p style="text-align: center"><img loading="lazy" decoding="async" class="alignnone size-full" src="https://verasturies.com/wp-content/uploads/2020/07/favicon-verasturies-300x300.png" width="300" height="300" /></p>
<ul>
<li style="text-align: center"><a href="https://verasturies.com/juanjo-arrojo-semeyes-ye-la-palabra-nasturianu-que-mas-me-presta/?fbclid=IwAR34dpHG5Icr9y8pBMisrOY8TJgrh3-ZJQ5cegtdtPYS3IWjLZkqlSOBzOE"><span style="font-size: 20px;color: #008080"><em>Fuente: VER ASTURIES Xineru 2021</em></span></a></li>
<li style="text-align: center"><a href="https://verasturies.com/personalidades/">Galería: PERSONALIDADES</a></li>
</ul>
<div>
<div class="post-content-share post-content-share-bar jssocials is_stuck">
<div class="jssocials-shares">
<div class="jssocials-share jssocials-share-twitter"></div>
</div>
</div>
</div>
<div class="post-single-meta">
<div class="post-categories-container">
<div class="post-categories"><a href="https://verasturies.com/personalidades/">Personalidades</a></div>
</div>
<h1>Juanjo Arrojo: <span style="font-size: 24px;color: #008080"><em>«‘Semeya’ ye la pallabra n’asturianu que más me presta» </em></span><i class="fa fa-bookmark-o"></i></h1>
</div>
<div class="post-content post-single-content">
<p><span style="font-size: 20px">Fotógrafu profesional dende los años 80. El so trabayu céntrase na fotografía documental, tratando toles temes sobre Asturies ‘Paisaxes, Paisanaje, Arte, Cultura, Tradiciones, Costumes, Monumentos, Etnografía’. Juanjo Arrojo destacar por ser unu de los pocos especialistes en ‘retratar’ l’Arte Parietal. La so obra tien una estensa trayectoria, tanto en publicaciones como n’esposiciones per tol país.</span></p>
<p style="text-align: center"><img loading="lazy" decoding="async" class="alignnone size-full" src="https://verasturies.com/wp-content/uploads/2020/12/juanjo-arrojo-fotografo.jpg" width="900" height="600" /></p>
<p><span style="font-size: 20px"><strong><em>Un llugar pa perdese un fin de semana… </em></strong> Quirós.</span></p>
<p><span style="font-size: 20px"><strong><em>Un llugar pa vivir… </em></strong>Xixón.</span></p>
<p><span style="font-size: 20px"><strong><em>Un platu… </em></strong>Pote de castañes.</span></p>
<p><span style="font-size: 20px"><strong><em>Un postre… </em></strong>Freses con nates.</span></p>
<p><span style="font-size: 20px"><strong><em>Una playa pa pasar el día… </em></strong>Playa del Silencio ó El Gabieiru, en Cuideiru.</span></p>
<p><span style="font-size: 20px"><strong><em>Un pueblín que nun podemos dexar de ver… </em></strong>Banduxu, Proaza.</span></p>
<p><span style="font-size: 20px"><strong><em>Un chigrin pa tomar unos culinos… </em></strong>Cualquiera que tenga sidra, preferiblemente que tenga merenderu.</span></p>
<p><span style="font-size: 20px"><strong><em>Un parque natural pa visitar… </em></strong>Parque Natural Les Ubiñes-La Mesa ó, cualquiera de los que tenemos.</span></p>
<p><span style="font-size: 20px"><strong><em>Una fiesta a la que nun faltar…</em></strong> L’Amuravela, S. Pedro, S. Pablo y S. Pablín en Cuideiru.</span></p>
<p><span style="font-size: 20px"><strong><em>Un Museo pa recomendar… </em></strong>L’Etnográficu de Grandas, l’Etnográficu de Quirós… hai tantos y tan bonos.</span></p>
<p><span style="font-size: 20px"><strong><em>Un momentu de la historia d’Asturies que te prestaría vivir… </em></strong>La época Romana y la Medieval.</span></p>
<p><span style="font-size: 20px"><strong><em>Un baile pa pasalo bien…</em></strong> La danza prima.</span></p>
<p><span style="font-size: 20px"><strong><em>Una pallabra n’asturianu que te preste…</em></strong> Semeya.</span></p>
<p><span style="font-size: 20px"><strong><em>Una tradición que nun pue perdese… </em></strong>Les mazcaraes del Valledor, d’Uviéu, de Tinéu, d’Ibias, de San Xuan de Villapañada en Grau, los Sidros de Valdesoto…</span></p>
<p><span style="font-size: 20px"><strong><em>Una espresión n’asturianu que te preste… </em></strong>Collaciu.</span></p>
</div>

<p>Fuente: VER ASTURIES Xineru 2021 Galería: PERSONALIDADES Personalidades Juanjo Arrojo: «‘Semeya’ ye la pallabra n’asturianu que más me presta»  Fotógrafu profesional dende los años 80. El so trabayu céntrase na fotografía documental, tratando toles temes sobre Asturies ‘Paisaxes, Paisanaje, Arte, Cultura, Tradiciones, Costumes, Monumentos, Etnografía’. Juanjo Arrojo destacar por ser unu de los pocos especialistes [&hellip;]</p>
