{"id":32911,"date":"2024-10-15T13:29:45","date_gmt":"2024-10-15T11:29:45","guid":{"rendered":"https:\/\/edublog.educastur.es\/ixuxu\/?page_id=32911"},"modified":"2024-10-15T13:29:45","modified_gmt":"2024-10-15T11:29:45","slug":"marisa-valle-roso","status":"publish","type":"page","link":"https:\/\/edublog.educastur.es\/ixuxu\/musica\/marisa-valle-roso\/","title":{"rendered":"Marisa Valle Roso"},"content":{"rendered":"<p style=\"text-align: center\">\n<!-- iframe plugin v.6.0 wordpress.org\/plugins\/iframe\/ -->\n<iframe style=\"border-radius:12px\" src=\"https:\/\/open.spotify.com\/embed\/artist\/0OvQ1xWnrw2B3aPrDMayLL?utm_source=generator\" width=\"100%\" height=\"352\" frameborder=\"0\" allowfullscreen allow=\"autoplay; clipboard-write; encrypted-media; fullscreen; picture-in-picture\" loading=\"lazy\" 0=\"\/iframe\" scrolling=\"yes\" class=\"iframe-class\"><\/iframe>\n<\/p>\n<ul>\n<li><strong>Marisa Valle Roso<\/strong>.<a href=\"https:\/\/es.wikipedia.org\/wiki\/Marisa_Valle_Roso\">: wiki<\/a> \/ <a href=\"https:\/\/marisavalleroso.com\/\">web<\/a> \/<\/li>\n<\/ul>\n<p>Marisa Valle Roso ye una cantante y compositora espa\u00f1ola formada na tonada asturiana.\u200b Nos sos entamos musicales sol\u00eda formar pareya art\u00edstica col so hermanu, Fernando.<\/p>\n<p>&nbsp;<\/p>\n<blockquote><p>Les vivencies, les emociones, la m\u00fasica y les sos melod\u00edes, la lliteratura y un llargu etc\u00e9tera, van rellenando la nuesa base de datos interior creando un espaciu en constante evoluci\u00f3n que nos fai a cada individuu \u00fanicu ya irrepetible.<\/p>\n<p>Nac\u00ed y crec\u00ed bebiendo de los nuesos antepasaos, de la cultura y del cantar que nos representa a tolos asturianos. La constante molici\u00f3n por beber d&#8217;otres ag\u00fces, d&#8217;otros folclores y d&#8217;otros x\u00e9neros foime conformando como artista. Y si a eso a\u00f1ed\u00edmos-y les mio moliciones m\u00e1s personales, pensamientos, observaciones y esmoliciones, como individuu y sobremanera como muyer, surde una necesid\u00e1 enorme por llevar la mio m\u00fasica m\u00e1s all\u00e1 y dexar de ser una mera int\u00e9rprete para pasar a ser la compositora, autora ya int\u00e9rprete de la mio propia hestoria.<\/p><\/blockquote>\n","protected":false},"excerpt":{"rendered":"<p>Marisa Valle Roso.: wiki \/ web \/ Marisa Valle Roso ye una cantante y compositora espa\u00f1ola formada na tonada asturiana.\u200b Nos sos entamos musicales sol\u00eda formar pareya art\u00edstica col so hermanu, Fernando. &nbsp; Les vivencies, les emociones, la m\u00fasica y les sos melod\u00edes, la lliteratura y un llargu etc\u00e9tera, van rellenando la nuesa base de [&hellip;]<\/p>\n","protected":false},"author":117,"featured_media":0,"parent":153,"menu_order":0,"comment_status":"closed","ping_status":"closed","template":"","meta":{"footnotes":""},"class_list":["post-32911","page","type-page","status-publish","hentry"],"_links":{"self":[{"href":"https:\/\/edublog.educastur.es\/ixuxu\/wp-json\/wp\/v2\/pages\/32911","targetHints":{"allow":["GET"]}}],"collection":[{"href":"https:\/\/edublog.educastur.es\/ixuxu\/wp-json\/wp\/v2\/pages"}],"about":[{"href":"https:\/\/edublog.educastur.es\/ixuxu\/wp-json\/wp\/v2\/types\/page"}],"author":[{"embeddable":true,"href":"https:\/\/edublog.educastur.es\/ixuxu\/wp-json\/wp\/v2\/users\/117"}],"replies":[{"embeddable":true,"href":"https:\/\/edublog.educastur.es\/ixuxu\/wp-json\/wp\/v2\/comments?post=32911"}],"version-history":[{"count":2,"href":"https:\/\/edublog.educastur.es\/ixuxu\/wp-json\/wp\/v2\/pages\/32911\/revisions"}],"predecessor-version":[{"id":32913,"href":"https:\/\/edublog.educastur.es\/ixuxu\/wp-json\/wp\/v2\/pages\/32911\/revisions\/32913"}],"up":[{"embeddable":true,"href":"https:\/\/edublog.educastur.es\/ixuxu\/wp-json\/wp\/v2\/pages\/153"}],"wp:attachment":[{"href":"https:\/\/edublog.educastur.es\/ixuxu\/wp-json\/wp\/v2\/media?parent=32911"}],"curies":[{"name":"wp","href":"https:\/\/api.w.org\/{rel}","templated":true}]}}