{"id":35632,"date":"2024-11-18T11:53:52","date_gmt":"2024-11-18T09:53:52","guid":{"rendered":"https:\/\/edublog.educastur.es\/ixuxu\/?page_id=35632"},"modified":"2024-11-18T11:54:08","modified_gmt":"2024-11-18T09:54:08","slug":"atlas-sonoru","status":"publish","type":"page","link":"https:\/\/edublog.educastur.es\/ixuxu\/eonaviego\/atlas-sonoru\/","title":{"rendered":"Atlas Sonoru"},"content":{"rendered":"<ul>\n<li><a href=\"https:\/\/www.gijon.es\/es\/publicaciones\/atlas-sonoru-de-la-llingua-asturiana-vi-gallego-asturiano\">Ofi. Lling\u00fc\u00edstica Xix\u00f3n<\/a> \/<\/li>\n<\/ul>\n<div class=\"row\">\n<div class=\"col-md-12 margin-top-20\">\n<div class=\"campo_ficha_basica\">\n<p class=\"normal text-align-justify\"><em>Nesta entrega del Atlas Sonoru de la Llingua Asturiana mant\u00favose por cuesti\u00f3is editoriales el t\u00edtulo da colecci\u00f3n, per\u00f3 conv\u00e9n aclariar qu\u2019\u00e9 m\u00e1is al xeito un t\u00edtulo como Atlas Sonoro del Gallego-Asturiano, porque tamos falando de grabaci\u00f3is noutra llingua diferente, non d\u2019\u00faa varied\u00e1 da llingua asturiana. El gallegoasturiano \u00e9 tam\u00e9n \u00faa llingua d\u2019Asturias \u2014nas s\u00faas terras occidentales nac\u00e9u y se mantuvo vivo\u2014, irm\u00e1 del asturiano \u2014con \u00e9l comparte muita da evoluci\u00f3n del llat\u00edn que Roma trouxo al norte peninsular\u2014, per\u00f3, al cabo, tipol\u00f3xicamente distinta.<\/em><\/p>\n<p class=\"normal text-align-justify\"><em>Os fragmentos de conversaci\u00f3is qu\u2019aqu\u00ed se brindan recoyen mostras da fala de b\u00faa parte dos conceyos m\u00e1is occidentales d\u2019Asturias, unde a llingua de cadald\u00eda \u00e9 el gallego-asturiano. As mostras recoyen grabaci\u00f3is que van dende el estremo oeste del territorio, no Chao (San Tiso d\u2019Abres), pasando pola Veiga, Taramunde,Santalla d\u2019Ozcos, Samart\u00edn d\u2019Ozcos, Pez\u00f3s, Grandas, Ibias, Ayande, Eilao, Bual, Castripol, Tapia, El Franco y chegando hasta el outra punta del territorio, en Anlleo (Navia)<\/em><\/p>\n<\/div>\n<\/div>\n<\/div>\n<div class=\"row\">\n<div class=\"col-md-12 margin-top-20\">\n<ul>\n<li class=\"campo_ficha_basica rojo\"><a href=\"https:\/\/drupal.gijon.es\/sites\/default\/files\/2022-02\/6-%20VI%20Gallego-Asturiano.pdf\" target=\"_blank\" rel=\"noopener\"> Atlas sonoru de la llingua asturiana VI. Gallego &#8211; Asturiano<\/a><\/li>\n<li class=\"campo_ficha_basica rojo\"><label class=\"negro text-bold\">Autor: <\/label>Su\u00e1rez L\u00f3pez, Jes\u00fas (grab.)\n<div class=\"col-md-6 margin-top-20\"><\/div>\n<\/li>\n<li class=\"campo_ficha_basica rojo\">\n<div class=\"col-md-6 margin-top-20\"><label class=\"negro text-bold\">Editor:<\/label>FMCE y UP. Mus\u00e9u del Pueblu d&#8217;Asturies &#8211; Rede de Museos Etnogr\u00e1ficos d&#8217;Asturies<\/div>\n<\/li>\n<\/ul>\n<\/div>\n<\/div>\n<p><a href=\"https:\/\/drupal.gijon.es\/sites\/default\/files\/2022-02\/6-%20VI%20Gallego-Asturiano.pdf\"><img loading=\"lazy\" decoding=\"async\" class=\"aligncenter\" src=\"https:\/\/drupal.gijon.es\/sites\/default\/files\/styles\/imagen_4_3\/public\/2022-02\/MPA_AtlasSonoroVI_0.PNG\" alt=\"\" width=\"302\" height=\"440\" \/><\/a><\/p>\n","protected":false},"excerpt":{"rendered":"<p>Ofi. Lling\u00fc\u00edstica Xix\u00f3n \/ Nesta entrega del Atlas Sonoru de la Llingua Asturiana mant\u00favose por cuesti\u00f3is editoriales el t\u00edtulo da colecci\u00f3n, per\u00f3 conv\u00e9n aclariar qu\u2019\u00e9 m\u00e1is al xeito un t\u00edtulo como Atlas Sonoro del Gallego-Asturiano, porque tamos falando de grabaci\u00f3is noutra llingua diferente, non d\u2019\u00faa varied\u00e1 da llingua asturiana. El gallegoasturiano \u00e9 tam\u00e9n \u00faa llingua [&hellip;]<\/p>\n","protected":false},"author":117,"featured_media":0,"parent":35630,"menu_order":0,"comment_status":"closed","ping_status":"closed","template":"","meta":{"footnotes":""},"class_list":["post-35632","page","type-page","status-publish","hentry"],"_links":{"self":[{"href":"https:\/\/edublog.educastur.es\/ixuxu\/wp-json\/wp\/v2\/pages\/35632","targetHints":{"allow":["GET"]}}],"collection":[{"href":"https:\/\/edublog.educastur.es\/ixuxu\/wp-json\/wp\/v2\/pages"}],"about":[{"href":"https:\/\/edublog.educastur.es\/ixuxu\/wp-json\/wp\/v2\/types\/page"}],"author":[{"embeddable":true,"href":"https:\/\/edublog.educastur.es\/ixuxu\/wp-json\/wp\/v2\/users\/117"}],"replies":[{"embeddable":true,"href":"https:\/\/edublog.educastur.es\/ixuxu\/wp-json\/wp\/v2\/comments?post=35632"}],"version-history":[{"count":1,"href":"https:\/\/edublog.educastur.es\/ixuxu\/wp-json\/wp\/v2\/pages\/35632\/revisions"}],"predecessor-version":[{"id":35633,"href":"https:\/\/edublog.educastur.es\/ixuxu\/wp-json\/wp\/v2\/pages\/35632\/revisions\/35633"}],"up":[{"embeddable":true,"href":"https:\/\/edublog.educastur.es\/ixuxu\/wp-json\/wp\/v2\/pages\/35630"}],"wp:attachment":[{"href":"https:\/\/edublog.educastur.es\/ixuxu\/wp-json\/wp\/v2\/media?parent=35632"}],"curies":[{"name":"wp","href":"https:\/\/api.w.org\/{rel}","templated":true}]}}

<ul>
<li><a href="https://www.gijon.es/es/publicaciones/atlas-sonoru-de-la-llingua-asturiana-vi-gallego-asturiano">Ofi. Llingüística Xixón</a> /</li>
</ul>
<div class="row">
<div class="col-md-12 margin-top-20">
<div class="campo_ficha_basica">
<p class="normal text-align-justify"><em>Nesta entrega del Atlas Sonoru de la Llingua Asturiana mantúvose por cuestióis editoriales el título da colección, peró convén aclariar qu’é máis al xeito un título como Atlas Sonoro del Gallego-Asturiano, porque tamos falando de grabacióis noutra llingua diferente, non d’úa variedá da llingua asturiana. El gallegoasturiano é tamén úa llingua d’Asturias —nas súas terras occidentales nacéu y se mantuvo vivo—, irmá del asturiano —con él comparte muita da evolución del llatín que Roma trouxo al norte peninsular—, peró, al cabo, tipolóxicamente distinta.</em></p>
<p class="normal text-align-justify"><em>Os fragmentos de conversacióis qu’aquí se brindan recoyen mostras da fala de búa parte dos conceyos máis occidentales d’Asturias, unde a llingua de cadaldía é el gallego-asturiano. As mostras recoyen grabacióis que van dende el estremo oeste del territorio, no Chao (San Tiso d’Abres), pasando pola Veiga, Taramunde,Santalla d’Ozcos, Samartín d’Ozcos, Pezós, Grandas, Ibias, Ayande, Eilao, Bual, Castripol, Tapia, El Franco y chegando hasta el outra punta del territorio, en Anlleo (Navia)</em></p>
</div>
</div>
</div>
<div class="row">
<div class="col-md-12 margin-top-20">
<ul>
<li class="campo_ficha_basica rojo"><a href="https://drupal.gijon.es/sites/default/files/2022-02/6-%20VI%20Gallego-Asturiano.pdf" target="_blank" rel="noopener"> Atlas sonoru de la llingua asturiana VI. Gallego &#8211; Asturiano</a></li>
<li class="campo_ficha_basica rojo"><label class="negro text-bold">Autor: </label>Suárez López, Jesús (grab.)
<div class="col-md-6 margin-top-20"></div>
</li>
<li class="campo_ficha_basica rojo">
<div class="col-md-6 margin-top-20"><label class="negro text-bold">Editor:</label>FMCE y UP. Muséu del Pueblu d&#8217;Asturies &#8211; Rede de Museos Etnográficos d&#8217;Asturies</div>
</li>
</ul>
</div>
</div>
<p><a href="https://drupal.gijon.es/sites/default/files/2022-02/6-%20VI%20Gallego-Asturiano.pdf"><img loading="lazy" decoding="async" class="aligncenter" src="https://drupal.gijon.es/sites/default/files/styles/imagen_4_3/public/2022-02/MPA_AtlasSonoroVI_0.PNG" alt="" width="302" height="440" /></a></p>

<p>Ofi. Llingüística Xixón / Nesta entrega del Atlas Sonoru de la Llingua Asturiana mantúvose por cuestióis editoriales el título da colección, peró convén aclariar qu’é máis al xeito un título como Atlas Sonoro del Gallego-Asturiano, porque tamos falando de grabacióis noutra llingua diferente, non d’úa variedá da llingua asturiana. El gallegoasturiano é tamén úa llingua [&hellip;]</p>
