{"id":3808,"date":"2021-02-15T13:42:27","date_gmt":"2021-02-15T11:42:27","guid":{"rendered":"https:\/\/edublog.educastur.es\/ixuxu\/?page_id=3808"},"modified":"2022-03-21T13:12:25","modified_gmt":"2022-03-21T11:12:25","slug":"dicires","status":"publish","type":"page","link":"https:\/\/edublog.educastur.es\/ixuxu\/asturiano\/dicires\/","title":{"rendered":"Dicires.."},"content":{"rendered":"<p style=\"text-align: center\"><img loading=\"lazy\" decoding=\"async\" class=\"alignnone \" src=\"https:\/\/secureservercdn.net\/160.153.138.219\/j1j.3b5.myftpupload.com\/wp-content\/uploads\/2019\/03\/jijijijiji-600x248.png\" width=\"431\" height=\"178\" \/><\/p>\n<ul>\n<li><span style=\"font-size: 20px\">Fonte: <strong><em>Ser Asturianu<\/em><\/strong><\/span><\/li>\n<li><span style=\"font-size: 20px\"><a href=\"http:\/\/serasturianu.com\/\">Web<\/a><\/span><\/li>\n<li><span style=\"text-decoration: underline\"><em><span style=\"font-size: 20px\"><a href=\"https:\/\/www.picuki.com\/tag\/asturllion%C3%A9s\">Instagram<\/a><\/span><\/em><\/span><\/li>\n<li><a href=\"https:\/\/twitter.com\/SerAsturianu\"><em><span style=\"font-size: 20px\">Twitter<\/span><\/em><\/a><\/li>\n<li>Correu: <strong>infoserasturianu@gmail.com<\/strong><\/li>\n<li>Tel\u00e9fonu: 626 221 712\n<div class=\"et_pb_blurb_content\"><\/div>\n<\/li>\n<li><a href=\"https:\/\/www.picuki.com\/tag\/asturllion%C3%A9s\"><em><span style=\"font-size: 20px\">Asturllion\u00e9s<\/span><\/em><\/a><\/li>\n<li><a href=\"https:\/\/www.picuki.com\/tag\/asturllion%C3%A9s\"><span style=\"font-size: 20px\">Ver galler\u00eda d\u00b4im\u00e1xenes<\/span><\/a><\/li>\n<\/ul>\n<hr \/>\n<p style=\"text-align: center\"><span class=\"d2edcug0 hpfvmrgz qv66sw1b c1et5uql lr9zc1uh a8c37x1j fe6kdd0r mau55g9w c8b282yb keod5gw0 nxhoafnm aigsh9s9 d3f4x2em iv3no6db gfeo3gy3 a3bd9o3v b1v8xokw oo9gr5id\" dir=\"auto\">\u00abSi les fueyes del ma\u00edz falasen,<br \/>\ncu\u00e1ntes nun se casar\u00eden que se casen\u00bb. <span class=\"pq6dq46d tbxw36s4 knj5qynh kvgmc6g5 ditlmg2l oygrvhab nvdbi5me sf5mxxl7 gl3lb2sf hhz5lgdu\"><img loading=\"lazy\" decoding=\"async\" src=\"https:\/\/static.xx.fbcdn.net\/images\/emoji.php\/v9\/t75\/1.5\/16\/1f33d.png\" alt=\"?\" width=\"16\" height=\"16\" \/><\/span><br \/>\n<\/span><\/p>\n<p style=\"text-align: center\"><a href=\"https:\/\/tinypix.top\/images\/2022\/01\/14\/eLHdp.jpg\"><img loading=\"lazy\" decoding=\"async\" class=\"alignnone\" src=\"https:\/\/tinypix.top\/images\/2022\/01\/14\/eLHdp.jpg\" alt=\"\" width=\"508\" height=\"508\" \/><\/a><\/p>\n<p style=\"text-align: center\">\n<p style=\"text-align: center\"><a href=\"https:\/\/tinypix.top\/images\/2022\/03\/21\/4AvGL.jpg\"><img loading=\"lazy\" decoding=\"async\" class=\"alignnone\" src=\"https:\/\/tinypix.top\/images\/2022\/03\/21\/4AvGL.jpg\" alt=\"\" width=\"552\" height=\"552\" \/><\/a><\/p>\n<p style=\"text-align: center\"><a href=\"https:\/\/tinypix.top\/images\/2022\/01\/03\/eiPxO.jpg\"><img loading=\"lazy\" decoding=\"async\" class=\"alignnone\" src=\"https:\/\/tinypix.top\/images\/2022\/01\/03\/eiPxO.jpg\" alt=\"\" width=\"529\" height=\"529\" \/><\/a><\/p>\n<p style=\"text-align: center\"><a href=\"https:\/\/tinypix.top\/images\/2021\/12\/17\/Sji8q.jpg\"><img loading=\"lazy\" decoding=\"async\" class=\"alignnone\" src=\"https:\/\/tinypix.top\/images\/2021\/12\/17\/Sji8q.jpg\" alt=\"\" width=\"523\" height=\"523\" \/><\/a><\/p>\n<p style=\"text-align: center\"><a href=\"https:\/\/tinypix.top\/images\/2021\/10\/17\/vJEDN.jpg\"><img loading=\"lazy\" decoding=\"async\" class=\"alignnone\" src=\"https:\/\/tinypix.top\/images\/2021\/10\/17\/vJEDN.jpg\" alt=\"\" width=\"513\" height=\"513\" \/><\/a><\/p>\n<p style=\"text-align: center\"><a href=\"https:\/\/tinypix.top\/images\/2021\/11\/26\/vHqYL.jpg\"><img loading=\"lazy\" decoding=\"async\" class=\"alignnone\" src=\"https:\/\/tinypix.top\/images\/2021\/11\/26\/vHqYL.jpg\" alt=\"\" width=\"512\" height=\"512\" \/><\/a><\/p>\n<p style=\"text-align: center\"><a href=\"https:\/\/tinypix.top\/images\/2021\/08\/06\/vFXlo.jpg\"><img loading=\"lazy\" decoding=\"async\" class=\"alignnone\" src=\"https:\/\/tinypix.top\/images\/2021\/08\/06\/vFXlo.jpg\" alt=\"\" width=\"501\" height=\"501\" \/><\/a><\/p>\n<p style=\"text-align: center\"><a href=\"https:\/\/tinypix.top\/images\/2021\/12\/24\/SAPzV.jpg\"><img loading=\"lazy\" decoding=\"async\" class=\"alignnone\" src=\"https:\/\/tinypix.top\/images\/2021\/12\/24\/SAPzV.jpg\" alt=\"\" width=\"478\" height=\"478\" \/><\/a><\/p>\n","protected":false},"excerpt":{"rendered":"<p>Fonte: Ser Asturianu Web Instagram Twitter Correu: infoserasturianu@gmail.com Tel\u00e9fonu: 626 221 712 Asturllion\u00e9s Ver galler\u00eda d\u00b4im\u00e1xenes \u00abSi les fueyes del ma\u00edz falasen, cu\u00e1ntes nun se casar\u00eden que se casen\u00bb.<\/p>\n","protected":false},"author":117,"featured_media":0,"parent":6599,"menu_order":0,"comment_status":"closed","ping_status":"closed","template":"","meta":{"footnotes":""},"class_list":["post-3808","page","type-page","status-publish","hentry"],"_links":{"self":[{"href":"https:\/\/edublog.educastur.es\/ixuxu\/wp-json\/wp\/v2\/pages\/3808","targetHints":{"allow":["GET"]}}],"collection":[{"href":"https:\/\/edublog.educastur.es\/ixuxu\/wp-json\/wp\/v2\/pages"}],"about":[{"href":"https:\/\/edublog.educastur.es\/ixuxu\/wp-json\/wp\/v2\/types\/page"}],"author":[{"embeddable":true,"href":"https:\/\/edublog.educastur.es\/ixuxu\/wp-json\/wp\/v2\/users\/117"}],"replies":[{"embeddable":true,"href":"https:\/\/edublog.educastur.es\/ixuxu\/wp-json\/wp\/v2\/comments?post=3808"}],"version-history":[{"count":28,"href":"https:\/\/edublog.educastur.es\/ixuxu\/wp-json\/wp\/v2\/pages\/3808\/revisions"}],"predecessor-version":[{"id":13757,"href":"https:\/\/edublog.educastur.es\/ixuxu\/wp-json\/wp\/v2\/pages\/3808\/revisions\/13757"}],"up":[{"embeddable":true,"href":"https:\/\/edublog.educastur.es\/ixuxu\/wp-json\/wp\/v2\/pages\/6599"}],"wp:attachment":[{"href":"https:\/\/edublog.educastur.es\/ixuxu\/wp-json\/wp\/v2\/media?parent=3808"}],"curies":[{"name":"wp","href":"https:\/\/api.w.org\/{rel}","templated":true}]}}