{"id":4038,"date":"2021-03-07T19:48:11","date_gmt":"2021-03-07T17:48:11","guid":{"rendered":"https:\/\/edublog.educastur.es\/ixuxu\/?page_id=4038"},"modified":"2021-03-07T19:51:19","modified_gmt":"2021-03-07T17:51:19","slug":"susana-sela","status":"publish","type":"page","link":"https:\/\/edublog.educastur.es\/ixuxu\/poesia-2\/susana-sela\/","title":{"rendered":"Susana Sela Rguez."},"content":{"rendered":"<div class=\"dati1w0a hv4rvrfc osnr6wyh\">\n<div class=\"btwxx1t3 j83agx80 cwj9ozl2\">\n<div class=\"j83agx80 cbu4d94t ew0dbk1b irj2b8pg\">\n<div class=\"qzhwtbm6 knvmm38d\">\n<div class=\"nc684nl6\"><strong>Susana Sela Rodr\u00edguez<\/strong><\/div>\n<\/div>\n<ul>\n<li class=\"qzhwtbm6 knvmm38d\"><span class=\"d2edcug0 hpfvmrgz qv66sw1b c1et5uql rrkovp55 a8c37x1j keod5gw0 nxhoafnm aigsh9s9 d9wwppkn fe6kdd0r mau55g9w c8b282yb mdeji52x e9vueds3 j5wam9gi knj5qynh m9osqain hzawbc8m\" dir=\"auto\"><a href=\"https:\/\/www.facebook.com\/susana.selarodriguez\"><span class=\"tojvnm2t a6sixzi8 abs2jz4q a8s20v7p t1p8iaqh k5wvi7nf q3lfd5jv pk4s997a bipmatt0 cebpdrjk qowsmv63 owwhemhu dp1hu0rb dhp61c6y iyyx5f41\">Facebook<\/span><\/a><span class=\"jpp8pzdo\"><span aria-hidden=\"true\"><br \/>\n<\/span><\/span><\/span><\/li>\n<\/ul>\n<\/div>\n<\/div>\n<\/div>\n<div><a href=\"https:\/\/scontent.fmad7-1.fna.fbcdn.net\/v\/t1.0-9\/s960x960\/157748244_10222083221647744_6138583433441403136_o.jpg?_nc_cat=101&amp;ccb=1-3&amp;_nc_sid=8bfeb9&amp;_nc_ohc=Z9rChXgcdbUAX9eL19m&amp;_nc_ht=scontent.fmad7-1.fna&amp;tp=7&amp;oh=916d2640565c07b46efbc282e4fc54d3&amp;oe=606958AE\"><img loading=\"lazy\" decoding=\"async\" class=\"alignnone\" src=\"https:\/\/scontent.fmad7-1.fna.fbcdn.net\/v\/t1.0-9\/s960x960\/157748244_10222083221647744_6138583433441403136_o.jpg?_nc_cat=101&amp;ccb=1-3&amp;_nc_sid=8bfeb9&amp;_nc_ohc=Z9rChXgcdbUAX9eL19m&amp;_nc_ht=scontent.fmad7-1.fna&amp;tp=7&amp;oh=916d2640565c07b46efbc282e4fc54d3&amp;oe=606958AE\" alt=\"\" width=\"492\" height=\"257\" \/><\/a><\/div>\n<div><span style=\"color: #800080\"><strong><em><span style=\"font-size: 20px\">7 Hibiernos<\/span><\/em><\/strong><\/span>, Susana Sela 2021)<\/div>\n<div><\/div>\n<div class=\"\" dir=\"auto\">\n<div class=\"\" dir=\"auto\">\n<div class=\"ecm0bbzt hv4rvrfc ihqw7lf3 dati1w0a\" data-ad-comet-preview=\"message\" data-ad-preview=\"message\">\n<div class=\"j83agx80 cbu4d94t ew0dbk1b irj2b8pg\">\n<div class=\"qzhwtbm6 knvmm38d\">\n<div class=\"kvgmc6g5 cxmmr5t8 oygrvhab hcukyx3x c1et5uql ii04i59q\">\n<div dir=\"auto\"><span style=\"font-size: 20px;color: #800080\"><em>Rompimos la pallabra.<\/em><\/span><\/div>\n<div dir=\"auto\"><span style=\"font-size: 20px;color: #800080\"><em>Rompimos el respetu.<\/em><\/span><\/div>\n<div dir=\"auto\"><span style=\"font-size: 20px;color: #800080\"><em>Y rompimos el silenciu.<\/em><\/span><\/div>\n<div dir=\"auto\"><span style=\"font-size: 20px;color: #800080\"><em>Rompimos la posibilid\u00e1 de miramos a la cara.<\/em><\/span><\/div>\n<div dir=\"auto\"><span style=\"font-size: 20px;color: #800080\"><em>Rompimos les cadenes<\/em><\/span><\/div>\n<div dir=\"auto\"><span style=\"font-size: 20px;color: #800080\"><em>Y rompimos tami\u00e9n los finxos.<\/em><\/span><\/div>\n<div dir=\"auto\"><span style=\"font-size: 20px;color: #800080\"><em>Agora flotamos nel espaciu<\/em><\/span><\/div>\n<div dir=\"auto\"><span style=\"font-size: 20px;color: #800080\"><em>Como p\u00f3mpares de xab\u00f3n.<\/em><\/span><\/div>\n<div dir=\"auto\"><span style=\"font-size: 20px;color: #800080\"><em>Y espa\u00f1amos, pa esfacemos en pingarates<\/em><\/span><\/div>\n<div dir=\"auto\"><span style=\"font-size: 20px;color: #800080\"><em>Que recuden y queden en nada.<\/em><\/span><\/div>\n<div dir=\"auto\"><span style=\"font-size: 20px;color: #800080\"><em>Y\u00e1 nun somos.<\/em><\/span><\/div>\n<div dir=\"auto\"><span style=\"font-size: 20px;color: #800080\"><em>Hai fueu na monta\u00f1a<\/em><\/span><\/div>\n<div dir=\"auto\"><span style=\"font-size: 20px;color: #800080\"><em>Y agull\u00edos na nueche<\/em><\/span><\/div>\n<div dir=\"auto\"><span style=\"font-size: 20px;color: #800080\"><em>Y silenciu nes coraes de la tierra.<\/em><\/span><\/div>\n<div dir=\"auto\"><span style=\"font-size: 20px;color: #800080\"><em>Y la \u00f1eve, esborra lo que fuimos<\/em><\/span><\/div>\n<div dir=\"auto\"><span style=\"font-size: 20px;color: #800080\"><em>Pa entamar otra vuelta,<\/em><\/span><\/div>\n<div dir=\"auto\"><span style=\"font-size: 20px;color: #800080\"><em>El nuevu ciclu de la vida<\/em><\/span><\/div>\n<div dir=\"auto\"><\/div>\n<div dir=\"auto\">\n<hr \/>\n<\/div>\n<p>VER: <a href=\"https:\/\/www.facebook.com\/formientu\/videos\/599534897301699\"><span style=\"font-size: 20px\"><strong><em>In versu baxu l\u00b4augua<\/em><\/strong><\/span><\/a><\/p>\n<hr \/>\n<\/div>\n<\/div>\n<\/div>\n<\/div>\n<\/div>\n<\/div>\n","protected":false},"excerpt":{"rendered":"<p>Susana Sela Rodr\u00edguez Facebook 7 Hibiernos, Susana Sela 2021) Rompimos la pallabra. Rompimos el respetu. Y rompimos el silenciu. Rompimos la posibilid\u00e1 de miramos a la cara. Rompimos les cadenes Y rompimos tami\u00e9n los finxos. Agora flotamos nel espaciu Como p\u00f3mpares de xab\u00f3n. Y espa\u00f1amos, pa esfacemos en pingarates Que recuden y queden en nada. [&hellip;]<\/p>\n","protected":false},"author":117,"featured_media":0,"parent":221,"menu_order":0,"comment_status":"closed","ping_status":"closed","template":"","meta":{"footnotes":""},"class_list":["post-4038","page","type-page","status-publish","hentry"],"_links":{"self":[{"href":"https:\/\/edublog.educastur.es\/ixuxu\/wp-json\/wp\/v2\/pages\/4038","targetHints":{"allow":["GET"]}}],"collection":[{"href":"https:\/\/edublog.educastur.es\/ixuxu\/wp-json\/wp\/v2\/pages"}],"about":[{"href":"https:\/\/edublog.educastur.es\/ixuxu\/wp-json\/wp\/v2\/types\/page"}],"author":[{"embeddable":true,"href":"https:\/\/edublog.educastur.es\/ixuxu\/wp-json\/wp\/v2\/users\/117"}],"replies":[{"embeddable":true,"href":"https:\/\/edublog.educastur.es\/ixuxu\/wp-json\/wp\/v2\/comments?post=4038"}],"version-history":[{"count":4,"href":"https:\/\/edublog.educastur.es\/ixuxu\/wp-json\/wp\/v2\/pages\/4038\/revisions"}],"predecessor-version":[{"id":4044,"href":"https:\/\/edublog.educastur.es\/ixuxu\/wp-json\/wp\/v2\/pages\/4038\/revisions\/4044"}],"up":[{"embeddable":true,"href":"https:\/\/edublog.educastur.es\/ixuxu\/wp-json\/wp\/v2\/pages\/221"}],"wp:attachment":[{"href":"https:\/\/edublog.educastur.es\/ixuxu\/wp-json\/wp\/v2\/media?parent=4038"}],"curies":[{"name":"wp","href":"https:\/\/api.w.org\/{rel}","templated":true}]}}