{"id":405,"date":"2020-06-17T07:37:45","date_gmt":"2020-06-17T07:37:45","guid":{"rendered":"https:\/\/edublog.educastur.es\/ixuxu\/?page_id=405"},"modified":"2021-08-14T13:04:57","modified_gmt":"2021-08-14T11:04:57","slug":"campana-de-matriculacion-na-asignatura-de-llingua-asturiana","status":"publish","type":"page","link":"https:\/\/edublog.educastur.es\/ixuxu\/asturiano\/campanes\/campana-de-matriculacion-na-asignatura-de-llingua-asturiana\/","title":{"rendered":"Campa\u00f1a de matriculaci\u00f3n na asignatura de Llingua Asturiana"},"content":{"rendered":"<div class=\"entry\">\n<p style=\"text-align: center\"><a href=\"https:\/\/politicallinguistica.asturias.es\/documents\/35940\/36696\/Cartel+camapa%C3%B1a+matriculaci%C3%B3n+LAL.jpg\/a25f38f5-ad83-2acb-0ea5-ff5166de0f80?version=1.0&amp;t=1603097886076&amp;imagePreview=1\"><img loading=\"lazy\" decoding=\"async\" class=\"alignnone\" src=\"https:\/\/politicallinguistica.asturias.es\/documents\/35940\/36696\/Cartel+camapa%C3%B1a+matriculaci%C3%B3n+LAL.jpg\/a25f38f5-ad83-2acb-0ea5-ff5166de0f80?version=1.0&amp;t=1603097886076&amp;imagePreview=1\" alt=\"\" width=\"420\" height=\"590\" \/><\/a><\/p>\n<p><span style=\"font-size: 20px\">Arrancamos cola campa\u00f1a de matriculaci\u00f3n na asignatura de<span style=\"color: #000080\"> <strong><em>Llingua Asturiana y Lliteratura.<\/em><\/strong><\/span><\/span><\/p>\n<p><a href=\"https:\/\/iniciativapolasturianu.org\/wp-content\/uploads\/2020\/06\/IMG-8396.png\" target=\"_blank\" rel=\"noopener noreferrer\"><img loading=\"lazy\" decoding=\"async\" src=\"https:\/\/iniciativapolasturianu.org\/wp-content\/uploads\/2020\/06\/IMG-8396.png\" width=\"360\" height=\"360\" border=\"1\" \/><\/a><\/p>\n<p><span style=\"font-size: 20px\"><em>La oportunid\u00e1 de conocer mundu, el to mundu. Escueyi Llingua Asturiana al matriculate nel colexu o al camudar de cursu. Agora mesmu somos 228 alumnos cursando esta prestosa materia. \u00a1\u00c1nimu!<\/em><\/span><\/p>\n<ul>\n<li><a href=\"https:\/\/iniciativapolasturianu.org\/iniciativa-pol-asturianu-entama-una-campana-pa-promover-la-matriculacion-en-llingua-asturiana-y-gallego-asturianu\/?fbclid=IwAR2cuPQJ8SrBmh_Xelxk7_WlHnrJwpYWyUgDFG4EOKddRneti-Of4AVBDEM\" target=\"_blank\" rel=\"noopener noreferrer\"><span style=\"font-size: 20px\">Ver campa\u00f1a d\u00b4<\/span><strong><em><span style=\"font-size: 20px\">Iniciativa pol Asturianu<\/span><\/em><\/strong><\/a><\/li>\n<\/ul>\n<\/div>\n","protected":false},"excerpt":{"rendered":"<p>Arrancamos cola campa\u00f1a de matriculaci\u00f3n na asignatura de Llingua Asturiana y Lliteratura. La oportunid\u00e1 de conocer mundu, el to mundu. Escueyi Llingua Asturiana al matriculate nel colexu o al camudar de cursu. Agora mesmu somos 228 alumnos cursando esta prestosa materia. \u00a1\u00c1nimu! Ver campa\u00f1a d\u00b4Iniciativa pol Asturianu<\/p>\n","protected":false},"author":117,"featured_media":0,"parent":142,"menu_order":0,"comment_status":"closed","ping_status":"closed","template":"","meta":{"footnotes":""},"class_list":["post-405","page","type-page","status-publish","hentry"],"_links":{"self":[{"href":"https:\/\/edublog.educastur.es\/ixuxu\/wp-json\/wp\/v2\/pages\/405","targetHints":{"allow":["GET"]}}],"collection":[{"href":"https:\/\/edublog.educastur.es\/ixuxu\/wp-json\/wp\/v2\/pages"}],"about":[{"href":"https:\/\/edublog.educastur.es\/ixuxu\/wp-json\/wp\/v2\/types\/page"}],"author":[{"embeddable":true,"href":"https:\/\/edublog.educastur.es\/ixuxu\/wp-json\/wp\/v2\/users\/117"}],"replies":[{"embeddable":true,"href":"https:\/\/edublog.educastur.es\/ixuxu\/wp-json\/wp\/v2\/comments?post=405"}],"version-history":[{"count":2,"href":"https:\/\/edublog.educastur.es\/ixuxu\/wp-json\/wp\/v2\/pages\/405\/revisions"}],"predecessor-version":[{"id":8847,"href":"https:\/\/edublog.educastur.es\/ixuxu\/wp-json\/wp\/v2\/pages\/405\/revisions\/8847"}],"up":[{"embeddable":true,"href":"https:\/\/edublog.educastur.es\/ixuxu\/wp-json\/wp\/v2\/pages\/142"}],"wp:attachment":[{"href":"https:\/\/edublog.educastur.es\/ixuxu\/wp-json\/wp\/v2\/media?parent=405"}],"curies":[{"name":"wp","href":"https:\/\/api.w.org\/{rel}","templated":true}]}}