{"id":41277,"date":"2025-02-01T19:53:34","date_gmt":"2025-02-01T17:53:34","guid":{"rendered":"https:\/\/edublog.educastur.es\/ixuxu\/?page_id=41277"},"modified":"2025-02-01T19:56:37","modified_gmt":"2025-02-01T17:56:37","slug":"hevia","status":"publish","type":"page","link":"https:\/\/edublog.educastur.es\/ixuxu\/musica\/hevia\/","title":{"rendered":"Hevia"},"content":{"rendered":"<div class=\"html-div xdj266r x11i5rnm xat24cr x1mh8g0r xexx8yu x4uap5 x18d9i69 xkhd6sd x1iyjqo2\">\n<div class=\"x78zum5 xdt5ytf xz62fqu x16ldp7u\">\n<div class=\"xu06os2 x1ok221b\">\n<ul>\n<li class=\"html-h3 x11i5rnm xat24cr x1mh8g0r xexx8yu x4uap5 x18d9i69 xkhd6sd x1vvkbs x1heor9g x1qlqyl8 x1pd3egz x1a2a7pz x1gslohp x1yc453h\"><span class=\"xt0psk2\"><span class=\"xjp7ctv\"><a class=\"x1i10hfl xjbqb8w x1ejq31n xd10rxx x1sy0etr x17r0tee x972fbf xcfux6l x1qhh985 xm0m39n x9f619 x1ypdohk xt0psk2 xe8uvvx xdj266r x11i5rnm xat24cr x1mh8g0r xexx8yu x4uap5 x18d9i69 xkhd6sd x16tdsg8 x1hl2dhg xggy1nq x1a2a7pz x1sur9pj xkrqix3 xzsf02u x1s688f\" role=\"link\" href=\"https:\/\/www.facebook.com\/hevia.es?__cft__[0]=AZV2DQ5LP-MUCfpelfw032QiLjDR-Tt1GsAjU6coWYH5xPf6TrCowRwRHs007PsrkxAf5eeqgpjpLe2wtvXIGSJFvuYYFQOOOsqHzucbumWiZr20qmLPy0-dlaKGYu0tJBeosnnegX0GZuN-kh1b2hPHeV_w4VxfqxTSkx3VNcU9xUn80Z0Ia4-LLBKOPEXgqRdKN5Oidp3hXYLQoFtLhi7dVZqtnIuHI2SfxwyOTjXB_g&amp;__tn__=-UC%2CP-y-R\" aria-describedby=\":r5ea:\"><strong class=\"html-strong xdj266r x11i5rnm xat24cr x1mh8g0r xexx8yu x4uap5 x18d9i69 xkhd6sd x1hl2dhg x16tdsg8 x1vvkbs x1s688f\"><span class=\"html-span xdj266r x11i5rnm xat24cr x1mh8g0r xexx8yu x4uap5 x18d9i69 xkhd6sd x1hl2dhg x16tdsg8 x1vvkbs\">Hevia<\/span><\/strong><\/a><\/span><\/span><\/li>\n<li><a class=\"ft-link ft-link--decoration\" href=\"https:\/\/www.youtube.com\/watch?v=8QW3ksGndkQ\" rel=\"nofollow\">en su canal de Youtube<\/a>\/ <a href=\"https:\/\/www.hevia.es\/\"><strong>web<\/strong><\/a>\/ <strong><a href=\"https:\/\/www.youtube.com\/watch?v=8QW3ksGndkQ\">Bas\u00e1u en fechos reales<\/a> \/<\/strong><\/li>\n<\/ul>\n<hr \/>\n<\/div>\n<p style=\"text-align: center\"><strong><span style=\"font-size: 20px\"><em><span style=\"color: #008080\">II &#8211; La panderetera<\/span><\/em><\/span><\/strong><br \/>\n\n<!-- iframe plugin v.6.0 wordpress.org\/plugins\/iframe\/ -->\n<iframe loading=\"lazy\" width=\"100%\" height=\"383\" src=\"https:\/\/www.youtube.com\/embed\/wuKpFJDVVuo\" title=\"BASADO EN HECHOS REALES. Cap\u00edtulo II. LA PANDERETERA\" frameborder=\"0\" allow=\"accelerometer; autoplay; clipboard-write; encrypted-media; gyroscope; picture-in-picture; web-share\" referrerpolicy=\"strict-origin-when-cross-origin\" 0=\"allowfullscreen\" 1=\"\/iframe\" scrolling=\"yes\" class=\"iframe-class\"><\/iframe>\n<\/p>\n<hr \/>\n<div class=\"xu06os2 x1ok221b\">\n<p>&nbsp;<\/p>\n<p style=\"text-align: center\"><a href=\"https:\/\/estaticos-cdn.prensaiberica.es\/clip\/b1a9c017-c476-46ea-94a0-c4243cb60b8e_16-9-aspect-ratio_default_0.jpg\"><img loading=\"lazy\" decoding=\"async\" class=\"aligncenter size-large\" src=\"https:\/\/estaticos-cdn.prensaiberica.es\/clip\/b1a9c017-c476-46ea-94a0-c4243cb60b8e_16-9-aspect-ratio_default_0.jpg\" width=\"880\" height=\"495\" \/><\/a><\/p>\n<p><strong>El videoblog de Jos\u00e9 \u00c1ngel Hevia: el gaiteru m\u00e1s universal cunta les hestories de la tradici\u00f3n musical asturiana.<\/strong> El maliay\u00e9s que revolucion\u00f3 la gaita asturiana adelantra nA NUEVA ESPA\u00d1A los cap\u00edtulos de la so cr\u00f3nica personal sobro los testimonios y esperiencies que-y tresmitieron los vieyos gaiteros y los mayores\u00bb y que, anque nun tean nes partitures, <em>\u00abs\u00ed terminen sonando nesa m\u00fasica\u00bb. <\/em><a href=\"https:\/\/www.lne.es\/asturias-exterior\/2025\/01\/16\/videoblog-jose-angel-hevia-gaiteru-113434514.html\">Fonte: LNE<\/a><em><br \/>\n<\/em><\/p>\n<p>Jos\u00e9 \u00c1ngel Hevia, el gaiteru asturianu de mayor proyecci\u00f3n internacional, <strong>ta de celebraci\u00f3n pol 25\u00ba aniversariu de la edici\u00f3n la so y\u00e1 llexendariu discu \u201cTierra de naide\u201d<\/strong>, que-y vali\u00f3&#8217;l premiu \u201cMultiplatinum Europe Award\u201d por vender m\u00e1s de 1 mill\u00f3n de discos nun a\u00f1u.<\/p>\n<p>Hevia acaba de publicar un discu colos sos grandes \u00e9sitos y el pr\u00f3ximu d\u00eda 25, nel teatru Campoamor d&#8217;Uvi\u00e9u, va atopase&#8217;l 22 de marzu col p\u00fablicu asturianu nun conciertu que se promete memorable. Pero, am\u00e1s d&#8217;estos proyectos musicales, l&#8217;int\u00e9rprete maliay\u00e9s llanza agora un videoblog que lleva por t\u00edtulu \u201cBas\u00e1u en fechos reales\/<strong>Bas\u00e1u en fechos reales\u201d<\/strong>.<\/p>\n<p><strong> Un t\u00edtulu billing\u00fce porque n\u00e9l va alternar l&#8217;asturianu col castell\u00e1n<\/strong>. L&#8217;oxetu d&#8217;esti videoblog que va publicar na so canal de Youtube va ser tirar <em>\u201cd&#8217;esa cadena d&#8217;hestories que se van tresmitiendo de padres a f\u00edos, de g\u00fcelos a nietos\u201d.<\/em><\/p>\n\n<!-- iframe plugin v.6.0 wordpress.org\/plugins\/iframe\/ -->\n<iframe loading=\"lazy\" width=\"100%\" height=\"387\" src=\"https:\/\/www.youtube.com\/embed\/EmgvdTnUzr8\" title=\"BASADO EN HECHOS REALES \/ BAS\u00c1U EN FECHOS REALES. Cap\u00edtulo I. Los Carbayones\" frameborder=\"0\" allow=\"accelerometer; autoplay; clipboard-write; encrypted-media; gyroscope; picture-in-picture; web-share\" referrerpolicy=\"strict-origin-when-cross-origin\" 0=\"allowfullscreen\" 1=\"\/iframe\" scrolling=\"yes\" class=\"iframe-class\"><\/iframe>\n\n<p><em>Nesti episodiu vamos encetar la hestoria de los Carbayones, agrupaci\u00f3n<br \/>\nde seis componentes, qu&#8217;amenizaben les romer\u00edes cola so m\u00fasica.<\/em><\/p>\n<p>En cada unu de los cap\u00edtulos, d&#8217;unos quince minutos de duraci\u00f3n, el gaiteru maliay\u00e9s que revolucion\u00f3&#8217;l mundu de la gaita asturiana y desamarr\u00f3 una aut\u00e9ntica renacencia del pres\u00e9u, va enfrescar aquella tradici\u00f3n oral que recibi\u00f3 de los sos mayores, va dir rellatando distintes hestories rellacionaes cola m\u00fasica tradicional asturiana. La Nueva Espa\u00f1a va adelantrar ca\u00fana d&#8217;eses entraes d&#8217;un videoblog que combina la esperiencia y el testimoniu personal d&#8217;Hevia cola <strong>recuperaci\u00f3n d&#8217;imaxes, v\u00eddeos y grabaciones sonores que y\u00e1 formen parte de la hestoria de la m\u00fasica tradicional d&#8217;Asturies.<\/strong><\/p>\n<p><strong>Cada quince d\u00edes, puntualmente, Hevia va adelantrar a los llectores del peri\u00f3dicu un cap\u00edtulu de la so personal hestoria de la tradici\u00f3n musical asturiana y de los sos protagonistes.<\/strong> Convirti\u00f3&#8217;l despachu de la so casa na sierra de Madrid nun estudiu y dende esti llugar va viaxar al pas\u00e1u pa \u201csalvar\u201d del olvidu dalgunos episodios relevantes \u201cque puede tresmitivos esti gaiteru qu&#8217;empez\u00f3 precisamente na gaita siendo un guah.e porque oy\u00f3 esi tipu d&#8217;hestories fai y\u00e1 50 a\u00f1os\u201d. Y va facelo tami\u00e9n n&#8217;asturianu. Porque <em><strong>\u201ceses histories fu\u00e9ronme trasmit\u00edes na llingua orixinal, l&#8217;asturianu\u201d.<\/strong><\/em><\/p>\n<\/div>\n<\/div>\n<\/div>\n<div class=\"html-div xdj266r x11i5rnm xat24cr x1mh8g0r xexx8yu x4uap5 x18d9i69 xkhd6sd x1q0g3np\">Y\u00e1 ten\u00e9is en Youtube el Cap\u00edtulu II de la serie documental <span style=\"text-decoration: underline\"><strong><span style=\"color: #008080;text-decoration: underline\">\u00abBas\u00e1u en fechos reales\u00bb<\/span><\/strong><\/span>: La Panderetera, la llarga hestoria d&#8217;una pieza bien popular que lleg\u00f3 hasta los nuesos d\u00edes. Si quer\u00e9is la partitura pod\u00e9is solicitala nel mail <strong><span style=\"color: #008080\">busindre@hevia.es<\/span><\/strong> y vamos unviala. Esperamos que vos guste.<\/div>\n<div class=\"html-div xdj266r x11i5rnm xat24cr x1mh8g0r xexx8yu x4uap5 x18d9i69 xkhd6sd\" dir=\"auto\">\n<div class=\"html-div xdj266r x11i5rnm xat24cr x1mh8g0r xexx8yu x4uap5 x18d9i69 xkhd6sd\" dir=\"auto\">\n<div class=\"html-div xdj266r x11i5rnm xat24cr x1mh8g0r xexx8yu x4uap5 x18d9i69 xkhd6sd\" data-ad-rendering-role=\"story_message\">\n<div class=\"x1l90r2v x1iorvi4 x1ye3gou xn6708d\" data-ad-comet-preview=\"message\" data-ad-preview=\"message\">\n<div class=\"x78zum5 xdt5ytf xz62fqu x16ldp7u\">\n<div class=\"xu06os2 x1ok221b\">\n<div class=\"xdj266r x11i5rnm xat24cr x1mh8g0r x1vvkbs x126k92a\">\n<div dir=\"auto\">\u00a0<span class=\"html-span xdj266r x11i5rnm xat24cr x1mh8g0r xexx8yu x4uap5 x18d9i69 xkhd6sd x1hl2dhg x16tdsg8 x1vvkbs\"><a class=\"x1i10hfl xjbqb8w x1ejq31n xd10rxx x1sy0etr x17r0tee x972fbf xcfux6l x1qhh985 xm0m39n x9f619 x1ypdohk xt0psk2 xe8uvvx xdj266r x11i5rnm xat24cr x1mh8g0r xexx8yu x4uap5 x18d9i69 xkhd6sd x16tdsg8 x1hl2dhg xggy1nq x1a2a7pz x1sur9pj xkrqix3 x1fey0fg x1s688f\" role=\"link\" href=\"https:\/\/www.facebook.com\/hashtag\/hevia?__eep__=6&amp;__cft__[0]=AZV2DQ5LP-MUCfpelfw032QiLjDR-Tt1GsAjU6coWYH5xPf6TrCowRwRHs007PsrkxAf5eeqgpjpLe2wtvXIGSJFvuYYFQOOOsqHzucbumWiZr20qmLPy0-dlaKGYu0tJBeosnnegX0GZuN-kh1b2hPHeV_w4VxfqxTSkx3VNcU9xUn80Z0Ia4-LLBKOPEXgqRdKN5Oidp3hXYLQoFtLhi7dVZqtnIuHI2SfxwyOTjXB_g&amp;__tn__=*NK-y-R\">#hevia<\/a><\/span> <span class=\"html-span xdj266r x11i5rnm xat24cr x1mh8g0r xexx8yu x4uap5 x18d9i69 xkhd6sd x1hl2dhg x16tdsg8 x1vvkbs\"><a class=\"x1i10hfl xjbqb8w x1ejq31n xd10rxx x1sy0etr x17r0tee x972fbf xcfux6l x1qhh985 xm0m39n x9f619 x1ypdohk xt0psk2 xe8uvvx xdj266r x11i5rnm xat24cr x1mh8g0r xexx8yu x4uap5 x18d9i69 xkhd6sd x16tdsg8 x1hl2dhg xggy1nq x1a2a7pz x1sur9pj xkrqix3 x1fey0fg x1s688f\" role=\"link\" href=\"https:\/\/www.facebook.com\/hashtag\/basadoenhechosreales?__eep__=6&amp;__cft__[0]=AZV2DQ5LP-MUCfpelfw032QiLjDR-Tt1GsAjU6coWYH5xPf6TrCowRwRHs007PsrkxAf5eeqgpjpLe2wtvXIGSJFvuYYFQOOOsqHzucbumWiZr20qmLPy0-dlaKGYu0tJBeosnnegX0GZuN-kh1b2hPHeV_w4VxfqxTSkx3VNcU9xUn80Z0Ia4-LLBKOPEXgqRdKN5Oidp3hXYLQoFtLhi7dVZqtnIuHI2SfxwyOTjXB_g&amp;__tn__=*NK-y-R\">#basadoenhechosreales<\/a><\/span> <span class=\"html-span xdj266r x11i5rnm xat24cr x1mh8g0r xexx8yu x4uap5 x18d9i69 xkhd6sd x1hl2dhg x16tdsg8 x1vvkbs\"><a class=\"x1i10hfl xjbqb8w x1ejq31n xd10rxx x1sy0etr x17r0tee x972fbf xcfux6l x1qhh985 xm0m39n x9f619 x1ypdohk xt0psk2 xe8uvvx xdj266r x11i5rnm xat24cr x1mh8g0r xexx8yu x4uap5 x18d9i69 xkhd6sd x16tdsg8 x1hl2dhg xggy1nq x1a2a7pz x1sur9pj xkrqix3 x1fey0fg x1s688f\" role=\"link\" href=\"https:\/\/www.facebook.com\/hashtag\/lapanderetera?__eep__=6&amp;__cft__[0]=AZV2DQ5LP-MUCfpelfw032QiLjDR-Tt1GsAjU6coWYH5xPf6TrCowRwRHs007PsrkxAf5eeqgpjpLe2wtvXIGSJFvuYYFQOOOsqHzucbumWiZr20qmLPy0-dlaKGYu0tJBeosnnegX0GZuN-kh1b2hPHeV_w4VxfqxTSkx3VNcU9xUn80Z0Ia4-LLBKOPEXgqRdKN5Oidp3hXYLQoFtLhi7dVZqtnIuHI2SfxwyOTjXB_g&amp;__tn__=*NK-y-R\">#lapanderetera<\/a><\/span> <span class=\"html-span xdj266r x11i5rnm xat24cr x1mh8g0r xexx8yu x4uap5 x18d9i69 xkhd6sd x1hl2dhg x16tdsg8 x1vvkbs\"><a class=\"x1i10hfl xjbqb8w x1ejq31n xd10rxx x1sy0etr x17r0tee x972fbf xcfux6l x1qhh985 xm0m39n x9f619 x1ypdohk xt0psk2 xe8uvvx xdj266r x11i5rnm xat24cr x1mh8g0r xexx8yu x4uap5 x18d9i69 xkhd6sd x16tdsg8 x1hl2dhg xggy1nq x1a2a7pz x1sur9pj xkrqix3 x1fey0fg x1s688f\" role=\"link\" href=\"https:\/\/www.facebook.com\/hashtag\/mu%CC%81sicatradicional?__eep__=6&amp;__cft__[0]=AZV2DQ5LP-MUCfpelfw032QiLjDR-Tt1GsAjU6coWYH5xPf6TrCowRwRHs007PsrkxAf5eeqgpjpLe2wtvXIGSJFvuYYFQOOOsqHzucbumWiZr20qmLPy0-dlaKGYu0tJBeosnnegX0GZuN-kh1b2hPHeV_w4VxfqxTSkx3VNcU9xUn80Z0Ia4-LLBKOPEXgqRdKN5Oidp3hXYLQoFtLhi7dVZqtnIuHI2SfxwyOTjXB_g&amp;__tn__=*NK-y-R\">#mu\u0301sicatradicional<\/a><\/span> <span class=\"html-span xdj266r x11i5rnm xat24cr x1mh8g0r xexx8yu x4uap5 x18d9i69 xkhd6sd x1hl2dhg x16tdsg8 x1vvkbs\"><a class=\"x1i10hfl xjbqb8w x1ejq31n xd10rxx x1sy0etr x17r0tee x972fbf xcfux6l x1qhh985 xm0m39n x9f619 x1ypdohk xt0psk2 xe8uvvx xdj266r x11i5rnm xat24cr x1mh8g0r xexx8yu x4uap5 x18d9i69 xkhd6sd x16tdsg8 x1hl2dhg xggy1nq x1a2a7pz x1sur9pj xkrqix3 x1fey0fg x1s688f\" role=\"link\" href=\"https:\/\/www.facebook.com\/hashtag\/jos%C3%A9remisovalle?__eep__=6&amp;__cft__[0]=AZV2DQ5LP-MUCfpelfw032QiLjDR-Tt1GsAjU6coWYH5xPf6TrCowRwRHs007PsrkxAf5eeqgpjpLe2wtvXIGSJFvuYYFQOOOsqHzucbumWiZr20qmLPy0-dlaKGYu0tJBeosnnegX0GZuN-kh1b2hPHeV_w4VxfqxTSkx3VNcU9xUn80Z0Ia4-LLBKOPEXgqRdKN5Oidp3hXYLQoFtLhi7dVZqtnIuHI2SfxwyOTjXB_g&amp;__tn__=*NK-y-R\">#jos\u00e9remiso<\/a><\/span><\/div>\n<\/div>\n<\/div>\n<\/div>\n<\/div>\n<\/div>\n<\/div>\n<\/div>\n","protected":false},"excerpt":{"rendered":"<p>Hevia en su canal de Youtube\/ web\/ Bas\u00e1u en fechos reales \/ II &#8211; La panderetera &nbsp; El videoblog de Jos\u00e9 \u00c1ngel Hevia: el gaiteru m\u00e1s universal cunta les hestories de la tradici\u00f3n musical asturiana. El maliay\u00e9s que revolucion\u00f3 la gaita asturiana adelantra nA NUEVA ESPA\u00d1A los cap\u00edtulos de la so cr\u00f3nica personal sobro los [&hellip;]<\/p>\n","protected":false},"author":117,"featured_media":0,"parent":153,"menu_order":0,"comment_status":"closed","ping_status":"closed","template":"","meta":{"footnotes":""},"class_list":["post-41277","page","type-page","status-publish","hentry"],"_links":{"self":[{"href":"https:\/\/edublog.educastur.es\/ixuxu\/wp-json\/wp\/v2\/pages\/41277","targetHints":{"allow":["GET"]}}],"collection":[{"href":"https:\/\/edublog.educastur.es\/ixuxu\/wp-json\/wp\/v2\/pages"}],"about":[{"href":"https:\/\/edublog.educastur.es\/ixuxu\/wp-json\/wp\/v2\/types\/page"}],"author":[{"embeddable":true,"href":"https:\/\/edublog.educastur.es\/ixuxu\/wp-json\/wp\/v2\/users\/117"}],"replies":[{"embeddable":true,"href":"https:\/\/edublog.educastur.es\/ixuxu\/wp-json\/wp\/v2\/comments?post=41277"}],"version-history":[{"count":3,"href":"https:\/\/edublog.educastur.es\/ixuxu\/wp-json\/wp\/v2\/pages\/41277\/revisions"}],"predecessor-version":[{"id":41281,"href":"https:\/\/edublog.educastur.es\/ixuxu\/wp-json\/wp\/v2\/pages\/41277\/revisions\/41281"}],"up":[{"embeddable":true,"href":"https:\/\/edublog.educastur.es\/ixuxu\/wp-json\/wp\/v2\/pages\/153"}],"wp:attachment":[{"href":"https:\/\/edublog.educastur.es\/ixuxu\/wp-json\/wp\/v2\/media?parent=41277"}],"curies":[{"name":"wp","href":"https:\/\/api.w.org\/{rel}","templated":true}]}}