{"id":42479,"date":"2025-02-22T23:37:08","date_gmt":"2025-02-22T21:37:08","guid":{"rendered":"https:\/\/edublog.educastur.es\/ixuxu\/?page_id=42479"},"modified":"2025-02-22T23:37:08","modified_gmt":"2025-02-22T21:37:08","slug":"ha-de-la-musica","status":"publish","type":"page","link":"https:\/\/edublog.educastur.es\/ixuxu\/musica\/ha-de-la-musica\/","title":{"rendered":"H\u00aa de la M\u00fasica"},"content":{"rendered":"<p><span class=\"x193iq5w xeuugli x13faqbe x1vvkbs x1xmvt09 x1lliihq x1s928wv xhkezso x1gmr53x x1cpjm7i x1fgarty x1943h6x xudqn12 x3x7a5m x1f6kntn xvq8zen xo1l8bm xzsf02u x1yc453h\" dir=\"auto\">Reportaxe a doble p\u00e1xina de LNE bas\u00e1u nel llibru Hai una llinia trazada de <span class=\"html-span xdj266r x11i5rnm xat24cr x1mh8g0r xexx8yu x4uap5 x18d9i69 xkhd6sd x1hl2dhg x16tdsg8 x1vvkbs\"><a class=\"x1i10hfl xjbqb8w x1ejq31n xd10rxx x1sy0etr x17r0tee x972fbf xcfux6l x1qhh985 xm0m39n x9f619 x1ypdohk xt0psk2 xe8uvvx xdj266r x11i5rnm xat24cr x1mh8g0r xexx8yu x4uap5 x18d9i69 xkhd6sd x16tdsg8 x1hl2dhg xggy1nq x1a2a7pz x1sur9pj xkrqix3 x1fey0fg x1s688f\" role=\"link\" href=\"https:\/\/www.facebook.com\/profile.php?id=100006285035585&amp;__cft__[0]=AZVfvXiqFt_1sLN4DOy7P3P3ccmvrHpZedaYjUWCaB7SH5tE0ctwrPoTy-hX4T3tM5UElJLMdfgf-H7AULj42BvZbwUDmLCA-iXkj2-P038dSXgi7RNyfqBYU71O4YZ6whzeOtzBYCgIrSkLqHjui59vjXyUdICIDxWlPj6AFRmXr5tpEaYZedb93Z0hB7Wx9ec&amp;__tn__=-]KH-R\"><span class=\"xt0psk2\"><span class=\"xjp7ctv\"><span aria-describedby=\":r45i:\">Xune Elipe Raposo<\/span><\/span><\/span><\/a><\/span> public\u00e1u por <span class=\"html-span xdj266r x11i5rnm xat24cr x1mh8g0r xexx8yu x4uap5 x18d9i69 xkhd6sd x1hl2dhg x16tdsg8 x1vvkbs\"><a class=\"x1i10hfl xjbqb8w x1ejq31n xd10rxx x1sy0etr x17r0tee x972fbf xcfux6l x1qhh985 xm0m39n x9f619 x1ypdohk xt0psk2 xe8uvvx xdj266r x11i5rnm xat24cr x1mh8g0r xexx8yu x4uap5 x18d9i69 xkhd6sd x16tdsg8 x1hl2dhg xggy1nq x1a2a7pz x1sur9pj xkrqix3 x1fey0fg x1s688f\" role=\"link\" href=\"https:\/\/www.facebook.com\/EdicionesTrabe?__cft__[0]=AZVfvXiqFt_1sLN4DOy7P3P3ccmvrHpZedaYjUWCaB7SH5tE0ctwrPoTy-hX4T3tM5UElJLMdfgf-H7AULj42BvZbwUDmLCA-iXkj2-P038dSXgi7RNyfqBYU71O4YZ6whzeOtzBYCgIrSkLqHjui59vjXyUdICIDxWlPj6AFRmXr5tpEaYZedb93Z0hB7Wx9ec&amp;__tn__=-]KH-R\"><span class=\"xt0psk2\"><span class=\"xjp7ctv\"><span aria-describedby=\":r45j:\">Ediciones Trabe<\/span><\/span><\/span><\/a><\/span> Xune destaca once momentos de la historia de la m\u00fasica asturiana que van animavos a lleer un llibru pol que l&#8217;autor recibi\u00f3&#8217;l premiu M\u00e1ximo Fuertes Acevedo. <a href=\"https:\/\/scontent-mad2-1.xx.fbcdn.net\/v\/t39.30808-6\/274468282_10158746702112374_288656703513137203_n.jpg?_nc_cat=108&amp;ccb=1-7&amp;_nc_sid=127cfc&amp;_nc_ohc=E6PJ69D_cagQ7kNvgECZOAf&amp;_nc_oc=Adi8SAj41rQ8DhG6oIL9NKsn8e2nYy6lmGIQKCtcvCePkOoatYadLfLoH5IXD785IWU&amp;_nc_zt=23&amp;_nc_ht=scontent-mad2-1.xx&amp;_nc_gid=AMVyQUY_2uFO0vdseUKPSgT&amp;oh=00_AYClCcoOu1lvgJov-Kp8rzxN08_cLiRggQSWKxqA4ZsiXQ&amp;oe=67C016A5\"><strong>VER ART\u00cdCULU<\/strong><\/a><\/span><\/p>\n<p style=\"text-align: center\">\n<!-- iframe plugin v.6.0 wordpress.org\/plugins\/iframe\/ -->\n<iframe loading=\"lazy\" src=\"https:\/\/www.facebook.com\/plugins\/post.php?href=https%3A%2F%2Fwww.facebook.com%2FEdicionesTrabe%2Fposts%2Fpfbid0dsCHcpz4kte2jbcU5N8wdWcBvpZZsiL5FF4GDeXQ1hzHXN6WrH3Zav5R8M1zfFGhl&#038;show_text=false&#038;width=500\" width=\"500\" height=\"314\" style=\"border:none;overflow:hidden\" scrolling=\"no\" frameborder=\"0\" allowfullscreen=\"true\" allow=\"autoplay; clipboard-write; encrypted-media; picture-in-picture; web-share\" 0=\"\/iframe\" class=\"iframe-class\"><\/iframe>\n<\/p>\n<h2 class=\"html-h2 x11i5rnm xat24cr x1mh8g0r xexx8yu x4uap5 x18d9i69 xkhd6sd x1vvkbs x1heor9g x1qlqyl8 x1pd3egz x1a2a7pz x1gslohp\" style=\"text-align: center\"><span class=\"x193iq5w xeuugli x13faqbe x1vvkbs x1xmvt09 x1f6kntn xvq8zen xo1l8bm xi81zsa\"><span class=\"xt0psk2\"><span class=\"xjp7ctv\"><a class=\"x1i10hfl xjbqb8w x1ejq31n xd10rxx x1sy0etr x17r0tee x972fbf xcfux6l x1qhh985 xm0m39n x9f619 x1ypdohk xt0psk2 xe8uvvx xdj266r x11i5rnm xat24cr x1mh8g0r xexx8yu x4uap5 x18d9i69 xkhd6sd x16tdsg8 x1hl2dhg xggy1nq x1a2a7pz x1sur9pj xkrqix3 xzsf02u x1s688f\" role=\"link\" href=\"https:\/\/www.facebook.com\/EdicionesTrabe?__cft__[0]=AZVfvXiqFt_1sLN4DOy7P3P3ccmvrHpZedaYjUWCaB7SH5tE0ctwrPoTy-hX4T3tM5UElJLMdfgf-H7AULj42BvZbwUDmLCA-iXkj2-P038dSXgi7RNyfqBYU71O4YZ6whzeOtzBYCgIrSkLqHjui59vjXyUdICIDxWlPj6AFRmXr5tpEaYZedb93Z0hB7Wx9ec&amp;__tn__=-UC*F\" aria-describedby=\":r4ac:\">Ediciones Trabe<\/a><\/span><\/span><\/span><\/h2>\n<p>&nbsp;<\/p>\n","protected":false},"excerpt":{"rendered":"<p>Reportaxe a doble p\u00e1xina de LNE bas\u00e1u nel llibru Hai una llinia trazada de Xune Elipe Raposo public\u00e1u por Ediciones Trabe Xune destaca once momentos de la historia de la m\u00fasica asturiana que van animavos a lleer un llibru pol que l&#8217;autor recibi\u00f3&#8217;l premiu M\u00e1ximo Fuertes Acevedo. VER ART\u00cdCULU Ediciones Trabe &nbsp;<\/p>\n","protected":false},"author":117,"featured_media":0,"parent":153,"menu_order":0,"comment_status":"closed","ping_status":"closed","template":"","meta":{"footnotes":""},"class_list":["post-42479","page","type-page","status-publish","hentry"],"_links":{"self":[{"href":"https:\/\/edublog.educastur.es\/ixuxu\/wp-json\/wp\/v2\/pages\/42479","targetHints":{"allow":["GET"]}}],"collection":[{"href":"https:\/\/edublog.educastur.es\/ixuxu\/wp-json\/wp\/v2\/pages"}],"about":[{"href":"https:\/\/edublog.educastur.es\/ixuxu\/wp-json\/wp\/v2\/types\/page"}],"author":[{"embeddable":true,"href":"https:\/\/edublog.educastur.es\/ixuxu\/wp-json\/wp\/v2\/users\/117"}],"replies":[{"embeddable":true,"href":"https:\/\/edublog.educastur.es\/ixuxu\/wp-json\/wp\/v2\/comments?post=42479"}],"version-history":[{"count":1,"href":"https:\/\/edublog.educastur.es\/ixuxu\/wp-json\/wp\/v2\/pages\/42479\/revisions"}],"predecessor-version":[{"id":42480,"href":"https:\/\/edublog.educastur.es\/ixuxu\/wp-json\/wp\/v2\/pages\/42479\/revisions\/42480"}],"up":[{"embeddable":true,"href":"https:\/\/edublog.educastur.es\/ixuxu\/wp-json\/wp\/v2\/pages\/153"}],"wp:attachment":[{"href":"https:\/\/edublog.educastur.es\/ixuxu\/wp-json\/wp\/v2\/media?parent=42479"}],"curies":[{"name":"wp","href":"https:\/\/api.w.org\/{rel}","templated":true}]}}

Hª de la Música

<p><span class="x193iq5w xeuugli x13faqbe x1vvkbs x1xmvt09 x1lliihq x1s928wv xhkezso x1gmr53x x1cpjm7i x1fgarty x1943h6x xudqn12 x3x7a5m x1f6kntn xvq8zen xo1l8bm xzsf02u x1yc453h" dir="auto">Reportaxe a doble páxina de LNE basáu nel llibru Hai una llinia trazada de <span class="html-span xdj266r x11i5rnm xat24cr x1mh8g0r xexx8yu x4uap5 x18d9i69 xkhd6sd x1hl2dhg x16tdsg8 x1vvkbs"><a class="x1i10hfl xjbqb8w x1ejq31n xd10rxx x1sy0etr x17r0tee x972fbf xcfux6l x1qhh985 xm0m39n x9f619 x1ypdohk xt0psk2 xe8uvvx xdj266r x11i5rnm xat24cr x1mh8g0r xexx8yu x4uap5 x18d9i69 xkhd6sd x16tdsg8 x1hl2dhg xggy1nq x1a2a7pz x1sur9pj xkrqix3 x1fey0fg x1s688f" role="link" href="https://www.facebook.com/profile.php?id=100006285035585&amp;__cft__[0]=AZVfvXiqFt_1sLN4DOy7P3P3ccmvrHpZedaYjUWCaB7SH5tE0ctwrPoTy-hX4T3tM5UElJLMdfgf-H7AULj42BvZbwUDmLCA-iXkj2-P038dSXgi7RNyfqBYU71O4YZ6whzeOtzBYCgIrSkLqHjui59vjXyUdICIDxWlPj6AFRmXr5tpEaYZedb93Z0hB7Wx9ec&amp;__tn__=-]KH-R"><span class="xt0psk2"><span class="xjp7ctv"><span aria-describedby=":r45i:">Xune Elipe Raposo</span></span></span></a></span> publicáu por <span class="html-span xdj266r x11i5rnm xat24cr x1mh8g0r xexx8yu x4uap5 x18d9i69 xkhd6sd x1hl2dhg x16tdsg8 x1vvkbs"><a class="x1i10hfl xjbqb8w x1ejq31n xd10rxx x1sy0etr x17r0tee x972fbf xcfux6l x1qhh985 xm0m39n x9f619 x1ypdohk xt0psk2 xe8uvvx xdj266r x11i5rnm xat24cr x1mh8g0r xexx8yu x4uap5 x18d9i69 xkhd6sd x16tdsg8 x1hl2dhg xggy1nq x1a2a7pz x1sur9pj xkrqix3 x1fey0fg x1s688f" role="link" href="https://www.facebook.com/EdicionesTrabe?__cft__[0]=AZVfvXiqFt_1sLN4DOy7P3P3ccmvrHpZedaYjUWCaB7SH5tE0ctwrPoTy-hX4T3tM5UElJLMdfgf-H7AULj42BvZbwUDmLCA-iXkj2-P038dSXgi7RNyfqBYU71O4YZ6whzeOtzBYCgIrSkLqHjui59vjXyUdICIDxWlPj6AFRmXr5tpEaYZedb93Z0hB7Wx9ec&amp;__tn__=-]KH-R"><span class="xt0psk2"><span class="xjp7ctv"><span aria-describedby=":r45j:">Ediciones Trabe</span></span></span></a></span> Xune destaca once momentos de la historia de la música asturiana que van animavos a lleer un llibru pol que l&#8217;autor recibió&#8217;l premiu Máximo Fuertes Acevedo. <a href="https://scontent-mad2-1.xx.fbcdn.net/v/t39.30808-6/274468282_10158746702112374_288656703513137203_n.jpg?_nc_cat=108&amp;ccb=1-7&amp;_nc_sid=127cfc&amp;_nc_ohc=E6PJ69D_cagQ7kNvgECZOAf&amp;_nc_oc=Adi8SAj41rQ8DhG6oIL9NKsn8e2nYy6lmGIQKCtcvCePkOoatYadLfLoH5IXD785IWU&amp;_nc_zt=23&amp;_nc_ht=scontent-mad2-1.xx&amp;_nc_gid=AMVyQUY_2uFO0vdseUKPSgT&amp;oh=00_AYClCcoOu1lvgJov-Kp8rzxN08_cLiRggQSWKxqA4ZsiXQ&amp;oe=67C016A5"><strong>VER ARTÍCULU</strong></a></span></p>
<p style="text-align: center">
<!-- iframe plugin v.6.0 wordpress.org/plugins/iframe/ -->
<iframe loading="lazy" src="https://www.facebook.com/plugins/post.php?href=https%3A%2F%2Fwww.facebook.com%2FEdicionesTrabe%2Fposts%2Fpfbid0dsCHcpz4kte2jbcU5N8wdWcBvpZZsiL5FF4GDeXQ1hzHXN6WrH3Zav5R8M1zfFGhl&#038;show_text=false&#038;width=500" width="500" height="314" style="border:none;overflow:hidden" scrolling="no" frameborder="0" allowfullscreen="true" allow="autoplay; clipboard-write; encrypted-media; picture-in-picture; web-share" 0="/iframe" class="iframe-class"></iframe>
</p>
<h2 class="html-h2 x11i5rnm xat24cr x1mh8g0r xexx8yu x4uap5 x18d9i69 xkhd6sd x1vvkbs x1heor9g x1qlqyl8 x1pd3egz x1a2a7pz x1gslohp" style="text-align: center"><span class="x193iq5w xeuugli x13faqbe x1vvkbs x1xmvt09 x1f6kntn xvq8zen xo1l8bm xi81zsa"><span class="xt0psk2"><span class="xjp7ctv"><a class="x1i10hfl xjbqb8w x1ejq31n xd10rxx x1sy0etr x17r0tee x972fbf xcfux6l x1qhh985 xm0m39n x9f619 x1ypdohk xt0psk2 xe8uvvx xdj266r x11i5rnm xat24cr x1mh8g0r xexx8yu x4uap5 x18d9i69 xkhd6sd x16tdsg8 x1hl2dhg xggy1nq x1a2a7pz x1sur9pj xkrqix3 xzsf02u x1s688f" role="link" href="https://www.facebook.com/EdicionesTrabe?__cft__[0]=AZVfvXiqFt_1sLN4DOy7P3P3ccmvrHpZedaYjUWCaB7SH5tE0ctwrPoTy-hX4T3tM5UElJLMdfgf-H7AULj42BvZbwUDmLCA-iXkj2-P038dSXgi7RNyfqBYU71O4YZ6whzeOtzBYCgIrSkLqHjui59vjXyUdICIDxWlPj6AFRmXr5tpEaYZedb93Z0hB7Wx9ec&amp;__tn__=-UC*F" aria-describedby=":r4ac:">Ediciones Trabe</a></span></span></span></h2>
<p>&nbsp;</p>

<p>Reportaxe a doble páxina de LNE basáu nel llibru Hai una llinia trazada de Xune Elipe Raposo publicáu por Ediciones Trabe Xune destaca once momentos de la historia de la música asturiana que van animavos a lleer un llibru pol que l&#8217;autor recibió&#8217;l premiu Máximo Fuertes Acevedo. VER ARTÍCULU Ediciones Trabe &nbsp;</p>
