{"id":51517,"date":"2025-06-23T20:00:24","date_gmt":"2025-06-23T18:00:24","guid":{"rendered":"https:\/\/edublog.educastur.es\/ixuxu\/?page_id=51517"},"modified":"2025-06-23T20:00:59","modified_gmt":"2025-06-23T18:00:59","slug":"salu","status":"publish","type":"page","link":"https:\/\/edublog.educastur.es\/ixuxu\/salu\/","title":{"rendered":"Sal\u00fa"},"content":{"rendered":"<p style=\"text-align: center\"><span style=\"color: #ff0000\"><strong>En castell\u00e1n<\/strong><\/span><\/p>\n<p style=\"text-align: center\">Programa <span style=\"font-size: 20px\"><strong><em>\u00abLa conquista de la boca sana\u00bb\u00a0<\/em><\/strong><\/span><\/p>\n<p style=\"text-align: center\"><a href=\"http:\/\/i778.photobucket.com\/albums\/yy70\/infantilmorcin\/portada-1.jpg\"><img loading=\"lazy\" decoding=\"async\" class=\"aligncenter \" src=\"http:\/\/i778.photobucket.com\/albums\/yy70\/infantilmorcin\/portada-1.jpg\" width=\"355\" height=\"432\" \/><\/a><\/p>\n<div class=\"entry-content\">\n<ul>\n<li>Programa<strong><em> LA CONQUISTA DE LA BOCA SANA<\/em><\/strong><\/li>\n<\/ul>\n<p><em><strong>Documentos<\/strong><\/em><\/p>\n<p><em>\u2013\u00a0\u00a0 <a href=\"https:\/\/www.astursalud.es\/documents\/31867\/36150\/La+Conquista+de+la+Boca+Sana.pdf\/9aa63480-398f-0ba8-274b-fe9e382e01ad\" target=\"_blank\" rel=\"noopener noreferrer\">La Conquista de la Boca Sana<\/a><\/em><\/p>\n<p><em>\u2013\u00a0\u00a0 <a href=\"https:\/\/www.astursalud.es\/documents\/31867\/36150\/La+Conquista+de+la+Boca+Sana+para+los+m%C3%A1s+peque%C3%B1os.rar\/61537f92-0d05-57cd-ee05-f7eefa6bfb1f\" target=\"_blank\" rel=\"noopener noreferrer\">La Conquista de la Boca Sana para los m\u00e1s peque\u00f1os<\/a><\/em><\/p>\n<p><em>\u2013\u00a0\u00a0 <a href=\"https:\/\/www.astursalud.es\/documents\/31867\/801151\/Canino.pdf\/a1549467-7d94-4ce4-5d94-b3e39afba7fc\" target=\"_blank\" rel=\"noopener noreferrer\">Canino<\/a><\/em><\/p>\n<p><em>\u2013\u00a0\u00a0<a href=\"https:\/\/www.astursalud.es\/documents\/31867\/801151\/Incisivo.pdf\/f3a6c31f-1a80-89a5-a562-c9a097aa8549\" target=\"\" rel=\"noopener noreferrer\"> Incisivo<\/a><\/em><\/p>\n<p><em>\u2013\u00a0\u00a0 <a href=\"https:\/\/www.astursalud.es\/documents\/31867\/801151\/Molar.pdf\/719bd2f0-69fb-1a0f-7b95-24363263ae22\" target=\"_blank\" rel=\"noopener noreferrer\">Molar<\/a><\/em><\/p>\n<p><em>\u2013\u00a0\u00a0 <\/em><a href=\"https:\/\/www.astursalud.es\/documents\/31867\/801151\/Materiales+complementarios+.pdf\/8993cba1-ed09-d1f3-51c9-f397c6881042\" target=\"_blank\" rel=\"noopener noreferrer\"><em>Material complementario<\/em><\/a><\/p>\n<p><em><strong>EDUCACI\u00d3N INFANTIL Y PRIMARIA<\/strong><\/em><\/p>\n<p><em>Las Consejer\u00edas de Educaci\u00f3n y de Sanidad del Principado de Asturias colaboran desde hace m\u00e1s de dos d\u00e9cadas en la iniciativa de Educaci\u00f3n y Promoci\u00f3n de la Salud en la Escuela (EPS). En este marco se desarrolla el programa La Conquista de la Boca Sana para centros de Infantil (3, 4 y 5 a\u00f1os) y Primaria, implantado desde el curso 2010\/2011.<\/em><\/p>\n<p><em><strong>Objetivo<\/strong><\/em><\/p>\n<p><em>Conseguir que el alumnado de Asturias crezca libre de caries a trav\u00e9s del desarrollo de h\u00e1bitos y actitudes saludables en relaci\u00f3n con el cuidado de la boca. Se pretende integrar las actividades que se desarrollan desde el \u00e1mbito educativo y sanitario relacionadas con la salud buco-dental, ofreciendo un material flexible y secuenciado para que todo el alumnado adquiera los conocimientos y habilidades necesarias para el cuidado de su propia boca.<\/em><\/p>\n<p><em>Esto implica la coordinaci\u00f3n de las actuaciones realizadas en los colegios con la participaci\u00f3n de los profesionales sanitarios de los centros de salud (higienistas o enfermer\u00eda).<\/em><\/p>\n<p><em><strong>A qui\u00e9n va dirigido: <\/strong><\/em><em>Al alumnado, profesorado y familias de los centros de E. Infantil (3, 4 y 5 a\u00f1os), E. Primaria y E. Especial de toda Asturias.<\/em><\/p>\n<p><em><strong>Acciones<\/strong><\/em><\/p>\n<p><em>La propuesta es un material completamente nuevo para ser desarrollado en todos los cursos del centro educativo que participa en el proyecto, de manera que el conjunto del alumnado Complete el siguiente itinerario:<\/em><\/p>\n<ul>\n<li><em>Fichas de trabajo en el aula lo largo de cualquier curso, empleando las que se mejor se adapten al nivel e inter\u00e9s del alumnado.<\/em><\/li>\n<li><em>Talleres pr\u00e1cticos de cepillado, preferentemente en los cursos de Educaci\u00f3n Infantil, 2\u00ba, 4\u00ba, 6\u00ba de Educaci\u00f3n Primaria, y en aquellos que se consideren m\u00e1s adecuados en los centros de Educaci\u00f3n Especial.<\/em><\/li>\n<li><em>Las actividades est\u00e1n dise\u00f1adas para trabajar tanto en el aula como en casa, fomentando la participaci\u00f3n y colaboraci\u00f3n de las familias, complementado as\u00ed el objetivo de implicar a toda la comunidad educativa.<\/em><\/li>\n<\/ul>\n<p><em><strong>La Conquista de la Boca Sana <\/strong>es un proyecto de centro, por lo que la participaci\u00f3n en \u00e9l supone la conformidad con todas las condiciones que se recogen en la ficha de inscripci\u00f3n.<\/em><\/p>\n<p>&nbsp;<\/p>\n<p><em><strong>Solicitud<\/strong><\/em><\/p>\n<ul>\n<li><em><a href=\"https:\/\/www.educastur.es\/documents\/10531\/39792\/EPS_BocaSana_SOLICITUD-2019.doc\/f1e919d8-c266-4506-bf33-e7ce27acb340\">Ficha de participaci\u00f3n en La conquista de la boca sana<\/a> (doc)\u00a0<\/em><\/li>\n<li><em>Env\u00edo de la ficha por correo electr\u00f3nico (formato Word) a <a href=\"mailto:salud.poblacional@asturias.org\">salud.poblacional@asturias.org<\/a><\/em><\/li>\n<li><em>Consejer\u00eda de Sanidad. Servicio de Evaluaci\u00f3n de la Salud y Programas Jos\u00e9 M\u00aa Blanco Gonz\u00e1lez\u2013 C \/Ciriaco Miguel Vigil 9 \u2013 33006 \u2013 Oviedo.<\/em><\/li>\n<li><em><a href=\"https:\/\/www.astursalud.es\/en\/noticias\/-\/noticias\/la-conquista-de-la-boca-sana\" target=\"_blank\" rel=\"noopener noreferrer\">La conquista de la boca sana<\/a>. Educaci\u00f3n para la salud en Astursalud, portal de la Consejer\u00eda de Salud\u00a0<\/em><\/li>\n<li><em>Para cualquier duda o comentario:<\/em><em><a href=\"mailto:josemaria.blancogonzalez@asturias.org\">josemaria.blancogonzalez@asturias.org\u00a0\u00a0<\/a><\/em><em>Tel\u00e9fono 985 10 64 92<\/em><\/li>\n<li><a href=\"https:\/\/educastur-my.sharepoint.com\/:b:\/g\/personal\/isabellh_educastur_org\/EeMxX5FTy0ZNn2gSNTfHopwB-2cKCLS3eSDYNB5sns5Kzg?e=EOIoms\"><strong><em>2010: Programa inicial LA CONQUISTA DE LA BOCA SANA<\/em><\/strong><\/a><\/li>\n<li><a href=\"https:\/\/educastur-my.sharepoint.com\/:f:\/g\/personal\/isabellh_educastur_org\/EuhWAtumZSpHtF1GZS9jJDUBzwGBOt5a7cEYlUT3tMiKbg?e=LTEtSL\"><strong><em>Ver carpeta con toda la documentaci\u00f3n<\/em><\/strong><\/a><\/li>\n<\/ul>\n<\/div>\n","protected":false},"excerpt":{"rendered":"<p>En castell\u00e1n Programa \u00abLa conquista de la boca sana\u00bb\u00a0 Programa LA CONQUISTA DE LA BOCA SANA Documentos \u2013\u00a0\u00a0 La Conquista de la Boca Sana \u2013\u00a0\u00a0 La Conquista de la Boca Sana para los m\u00e1s peque\u00f1os \u2013\u00a0\u00a0 Canino \u2013\u00a0\u00a0 Incisivo \u2013\u00a0\u00a0 Molar \u2013\u00a0\u00a0 Material complementario EDUCACI\u00d3N INFANTIL Y PRIMARIA Las Consejer\u00edas de Educaci\u00f3n y de Sanidad [&hellip;]<\/p>\n","protected":false},"author":117,"featured_media":0,"parent":0,"menu_order":0,"comment_status":"closed","ping_status":"closed","template":"","meta":{"footnotes":""},"class_list":["post-51517","page","type-page","status-publish","hentry"],"_links":{"self":[{"href":"https:\/\/edublog.educastur.es\/ixuxu\/wp-json\/wp\/v2\/pages\/51517","targetHints":{"allow":["GET"]}}],"collection":[{"href":"https:\/\/edublog.educastur.es\/ixuxu\/wp-json\/wp\/v2\/pages"}],"about":[{"href":"https:\/\/edublog.educastur.es\/ixuxu\/wp-json\/wp\/v2\/types\/page"}],"author":[{"embeddable":true,"href":"https:\/\/edublog.educastur.es\/ixuxu\/wp-json\/wp\/v2\/users\/117"}],"replies":[{"embeddable":true,"href":"https:\/\/edublog.educastur.es\/ixuxu\/wp-json\/wp\/v2\/comments?post=51517"}],"version-history":[{"count":2,"href":"https:\/\/edublog.educastur.es\/ixuxu\/wp-json\/wp\/v2\/pages\/51517\/revisions"}],"predecessor-version":[{"id":51519,"href":"https:\/\/edublog.educastur.es\/ixuxu\/wp-json\/wp\/v2\/pages\/51517\/revisions\/51519"}],"wp:attachment":[{"href":"https:\/\/edublog.educastur.es\/ixuxu\/wp-json\/wp\/v2\/media?parent=51517"}],"curies":[{"name":"wp","href":"https:\/\/api.w.org\/{rel}","templated":true}]}}

Salú

<p style="text-align: center"><span style="color: #ff0000"><strong>En castellán</strong></span></p>
<p style="text-align: center">Programa <span style="font-size: 20px"><strong><em>«La conquista de la boca sana» </em></strong></span></p>
<p style="text-align: center"><a href="http://i778.photobucket.com/albums/yy70/infantilmorcin/portada-1.jpg"><img loading="lazy" decoding="async" class="aligncenter " src="http://i778.photobucket.com/albums/yy70/infantilmorcin/portada-1.jpg" width="355" height="432" /></a></p>
<div class="entry-content">
<ul>
<li>Programa<strong><em> LA CONQUISTA DE LA BOCA SANA</em></strong></li>
</ul>
<p><em><strong>Documentos</strong></em></p>
<p><em>–   <a href="https://www.astursalud.es/documents/31867/36150/La+Conquista+de+la+Boca+Sana.pdf/9aa63480-398f-0ba8-274b-fe9e382e01ad" target="_blank" rel="noopener noreferrer">La Conquista de la Boca Sana</a></em></p>
<p><em>–   <a href="https://www.astursalud.es/documents/31867/36150/La+Conquista+de+la+Boca+Sana+para+los+m%C3%A1s+peque%C3%B1os.rar/61537f92-0d05-57cd-ee05-f7eefa6bfb1f" target="_blank" rel="noopener noreferrer">La Conquista de la Boca Sana para los más pequeños</a></em></p>
<p><em>–   <a href="https://www.astursalud.es/documents/31867/801151/Canino.pdf/a1549467-7d94-4ce4-5d94-b3e39afba7fc" target="_blank" rel="noopener noreferrer">Canino</a></em></p>
<p><em>–  <a href="https://www.astursalud.es/documents/31867/801151/Incisivo.pdf/f3a6c31f-1a80-89a5-a562-c9a097aa8549" target="" rel="noopener noreferrer"> Incisivo</a></em></p>
<p><em>–   <a href="https://www.astursalud.es/documents/31867/801151/Molar.pdf/719bd2f0-69fb-1a0f-7b95-24363263ae22" target="_blank" rel="noopener noreferrer">Molar</a></em></p>
<p><em>–   </em><a href="https://www.astursalud.es/documents/31867/801151/Materiales+complementarios+.pdf/8993cba1-ed09-d1f3-51c9-f397c6881042" target="_blank" rel="noopener noreferrer"><em>Material complementario</em></a></p>
<p><em><strong>EDUCACIÓN INFANTIL Y PRIMARIA</strong></em></p>
<p><em>Las Consejerías de Educación y de Sanidad del Principado de Asturias colaboran desde hace más de dos décadas en la iniciativa de Educación y Promoción de la Salud en la Escuela (EPS). En este marco se desarrolla el programa La Conquista de la Boca Sana para centros de Infantil (3, 4 y 5 años) y Primaria, implantado desde el curso 2010/2011.</em></p>
<p><em><strong>Objetivo</strong></em></p>
<p><em>Conseguir que el alumnado de Asturias crezca libre de caries a través del desarrollo de hábitos y actitudes saludables en relación con el cuidado de la boca. Se pretende integrar las actividades que se desarrollan desde el ámbito educativo y sanitario relacionadas con la salud buco-dental, ofreciendo un material flexible y secuenciado para que todo el alumnado adquiera los conocimientos y habilidades necesarias para el cuidado de su propia boca.</em></p>
<p><em>Esto implica la coordinación de las actuaciones realizadas en los colegios con la participación de los profesionales sanitarios de los centros de salud (higienistas o enfermería).</em></p>
<p><em><strong>A quién va dirigido: </strong></em><em>Al alumnado, profesorado y familias de los centros de E. Infantil (3, 4 y 5 años), E. Primaria y E. Especial de toda Asturias.</em></p>
<p><em><strong>Acciones</strong></em></p>
<p><em>La propuesta es un material completamente nuevo para ser desarrollado en todos los cursos del centro educativo que participa en el proyecto, de manera que el conjunto del alumnado Complete el siguiente itinerario:</em></p>
<ul>
<li><em>Fichas de trabajo en el aula lo largo de cualquier curso, empleando las que se mejor se adapten al nivel e interés del alumnado.</em></li>
<li><em>Talleres prácticos de cepillado, preferentemente en los cursos de Educación Infantil, 2º, 4º, 6º de Educación Primaria, y en aquellos que se consideren más adecuados en los centros de Educación Especial.</em></li>
<li><em>Las actividades están diseñadas para trabajar tanto en el aula como en casa, fomentando la participación y colaboración de las familias, complementado así el objetivo de implicar a toda la comunidad educativa.</em></li>
</ul>
<p><em><strong>La Conquista de la Boca Sana </strong>es un proyecto de centro, por lo que la participación en él supone la conformidad con todas las condiciones que se recogen en la ficha de inscripción.</em></p>
<p>&nbsp;</p>
<p><em><strong>Solicitud</strong></em></p>
<ul>
<li><em><a href="https://www.educastur.es/documents/10531/39792/EPS_BocaSana_SOLICITUD-2019.doc/f1e919d8-c266-4506-bf33-e7ce27acb340">Ficha de participación en La conquista de la boca sana</a> (doc) </em></li>
<li><em>Envío de la ficha por correo electrónico (formato Word) a <a href="mailto:salud.poblacional@asturias.org">salud.poblacional@asturias.org</a></em></li>
<li><em>Consejería de Sanidad. Servicio de Evaluación de la Salud y Programas José Mª Blanco González– C /Ciriaco Miguel Vigil 9 – 33006 – Oviedo.</em></li>
<li><em><a href="https://www.astursalud.es/en/noticias/-/noticias/la-conquista-de-la-boca-sana" target="_blank" rel="noopener noreferrer">La conquista de la boca sana</a>. Educación para la salud en Astursalud, portal de la Consejería de Salud </em></li>
<li><em>Para cualquier duda o comentario:</em><em><a href="mailto:josemaria.blancogonzalez@asturias.org">josemaria.blancogonzalez@asturias.org  </a></em><em>Teléfono 985 10 64 92</em></li>
<li><a href="https://educastur-my.sharepoint.com/:b:/g/personal/isabellh_educastur_org/EeMxX5FTy0ZNn2gSNTfHopwB-2cKCLS3eSDYNB5sns5Kzg?e=EOIoms"><strong><em>2010: Programa inicial LA CONQUISTA DE LA BOCA SANA</em></strong></a></li>
<li><a href="https://educastur-my.sharepoint.com/:f:/g/personal/isabellh_educastur_org/EuhWAtumZSpHtF1GZS9jJDUBzwGBOt5a7cEYlUT3tMiKbg?e=LTEtSL"><strong><em>Ver carpeta con toda la documentación</em></strong></a></li>
</ul>
</div>

<p>En castellán Programa «La conquista de la boca sana»  Programa LA CONQUISTA DE LA BOCA SANA Documentos –   La Conquista de la Boca Sana –   La Conquista de la Boca Sana para los más pequeños –   Canino –   Incisivo –   Molar –   Material complementario EDUCACIÓN INFANTIL Y PRIMARIA Las Consejerías de Educación y de Sanidad [&hellip;]</p>
