{"id":59207,"date":"2025-10-02T10:44:08","date_gmt":"2025-10-02T08:44:08","guid":{"rendered":"https:\/\/edublog.educastur.es\/ixuxu\/?page_id=59207"},"modified":"2025-10-02T15:05:39","modified_gmt":"2025-10-02T13:05:39","slug":"anabel","status":"publish","type":"page","link":"https:\/\/edublog.educastur.es\/ixuxu\/colexu\/anabel\/","title":{"rendered":"Anabel Santiago"},"content":{"rendered":"<ul>\n<li><strong>Anabel Santiago: wiki \/ web \/ <\/strong><a href=\"https:\/\/www.instagram.com\/anabelsantgo\/\">Instagram <\/a><strong>\/\u00a0<\/strong><\/li>\n<\/ul>\n<p style=\"text-align: center\"><span class=\"x193iq5w xeuugli x13faqbe x1vvkbs xt0psk2 x1i0vuye xvs91rp xo1l8bm x5n08af x10wh9bi xpm28yp x8viiok x1o7cslx x126k92a\"><span class=\"html-span xexx8yu x4uap5 x18d9i69 xkhd6sd x1hl2dhg x16tdsg8 x1vvkbs x3nfvp2 x1j61x8r x1fcty0u xdj266r xat24cr xgzva0m xhhsvwb xxymvpz xlup9mm x1kky2od\">\n<!-- iframe plugin v.6.0 wordpress.org\/plugins\/iframe\/ -->\n<iframe loading=\"lazy\" src=\"https:\/\/www.instagram.com\/reel\/DOtVkn8jFxS\/embed\" width=\"500\" height=\"675\" 0=\"\/iframe\" scrolling=\"yes\" class=\"iframe-class\" frameborder=\"0\"><\/iframe>\n<\/span><\/span><\/p>\n<p>Cantante, profesora de cantu tradicional y presentadora. <strong>Ye la voz m\u00e1s potente de la canci\u00f3n asturiana<\/strong>. Lleva a\u00f1os trabayando ena llabor de la renovaci\u00f3n de la tonada, x\u00e9neru musical, en un momentu en que sos representantes m\u00e1s conoc\u00edos ya tan desaparec\u00edos.<\/p>\n<p style=\"text-align: center\">\n<!-- iframe plugin v.6.0 wordpress.org\/plugins\/iframe\/ -->\n<iframe loading=\"lazy\" width=\"100%\" height=\"445\" src=\"https:\/\/www.youtube.com\/embed\/D_Pqb8G_nvQ\" title=\"Anabel Santiago, &amp;quot;Tonada a raudales&amp;quot;. Mirada Violeta en M\u00fasica\" frameborder=\"0\" allow=\"accelerometer; autoplay; clipboard-write; encrypted-media; gyroscope; picture-in-picture; web-share\" referrerpolicy=\"strict-origin-when-cross-origin\" 0=\"allowfullscreen\" 1=\"\/iframe\" scrolling=\"yes\" class=\"iframe-class\"><\/iframe>\n<\/p>\n<ul>\n<li><span style=\"color: #008080\"><strong>De los Picos d&#8217;Europa<\/strong><\/span><\/li>\n<\/ul>\n<p style=\"text-align: center\">\n<!-- iframe plugin v.6.0 wordpress.org\/plugins\/iframe\/ -->\n<iframe loading=\"lazy\" width=\"100%\" height=\"440\" src=\"https:\/\/www.youtube.com\/embed\/CuemXceaxEY?list=RDCuemXceaxEY\" title=\"Anabel Santiago &#039;&#039;Picos de Europa&#039;&#039;\" frameborder=\"0\" allow=\"accelerometer; autoplay; clipboard-write; encrypted-media; gyroscope; picture-in-picture; web-share\" referrerpolicy=\"strict-origin-when-cross-origin\" 0=\"allowfullscreen\" 1=\"\/iframe\" scrolling=\"yes\" class=\"iframe-class\"><\/iframe>\n<\/p>\n<p style=\"text-align: center\">\n<!-- iframe plugin v.6.0 wordpress.org\/plugins\/iframe\/ -->\n<iframe loading=\"lazy\" width=\"607\" height=\"455\" src=\"https:\/\/www.youtube.com\/embed\/oZK2lVPrans?list=RDoZK2lVPrans\" title=\"Picos de Europa- Anabel Santiago\" frameborder=\"0\" allow=\"accelerometer; autoplay; clipboard-write; encrypted-media; gyroscope; picture-in-picture; web-share\" referrerpolicy=\"strict-origin-when-cross-origin\" 0=\"allowfullscreen\" 1=\"\/iframe\" scrolling=\"yes\" class=\"iframe-class\"><\/iframe>\n<\/p>\n<p style=\"text-align: center\">\n<!-- iframe plugin v.6.0 wordpress.org\/plugins\/iframe\/ -->\n<iframe loading=\"lazy\" width=\"100%\" height=\"445\" src=\"https:\/\/www.youtube.com\/embed\/vtE-gtcFU_w?list=RDvtE-gtcFU_w\" title=\"Anabel Santiago &#039;&#039;Picos de Europa&#039;&#039;\" frameborder=\"0\" allow=\"accelerometer; autoplay; clipboard-write; encrypted-media; gyroscope; picture-in-picture; web-share\" referrerpolicy=\"strict-origin-when-cross-origin\" 0=\"allowfullscreen\" 1=\"\/iframe\" scrolling=\"yes\" class=\"iframe-class\"><\/iframe>\n<\/p>\n<ul>\n<li><a href=\"https:\/\/www.youtube.com\/watch?v=EoQ57oxyN9M&amp;list=RDEoQ57oxyN9M&amp;start_radio=1\"><strong>La llave de la alegr\u00eda<\/strong><\/a><\/li>\n<li>A<a href=\"https:\/\/www.youtube.com\/watch?v=8Q2LNz1Z4Dg\"><strong>mosando, de Musicasturiana.com<\/strong><\/a>: <span class=\"yt-core-attributed-string--link-inherit-color\" dir=\"auto\">Anabel Santiago presenta&#8217;l so discu &#8216;Y_And\u00e1&#8217; p&#8217;Amosando, ciclu de conciertos de <\/span><span class=\"yt-core-attributed-string--link-inherit-color\" dir=\"auto\"><a class=\"yt-core-attributed-string__link yt-core-attributed-string__link--call-to-action-color\" href=\"https:\/\/www.youtube.com\/hashtag\/musicaasturiana\" target=\"\" rel=\"noopener\">#MusicaAsturiana<\/a><\/span><span class=\"yt-core-attributed-string--link-inherit-color\" dir=\"auto\"> en formatu \u00edntimu retresmit\u00edos al travi\u00e9s d\u2019Internet<\/span><\/li>\n<\/ul>\n<p style=\"text-align: center\">\n<!-- iframe plugin v.6.0 wordpress.org\/plugins\/iframe\/ -->\n<iframe loading=\"lazy\" width=\"100%\" height=\"445\" src=\"https:\/\/www.youtube.com\/embed\/8Q2LNz1Z4Dg\" title=\"AMOSANDO #5 \ud83c\udf99\ufe0f Conciertu Anabel Santiago &#039;Y_And\u00e1&#039;\" frameborder=\"0\" allow=\"accelerometer; autoplay; clipboard-write; encrypted-media; gyroscope; picture-in-picture; web-share\" referrerpolicy=\"strict-origin-when-cross-origin\" 0=\"allowfullscreen\" 1=\"\/iframe\" scrolling=\"yes\" class=\"iframe-class\"><\/iframe>\n<\/p>\n<p style=\"text-align: center\">\n<!-- iframe plugin v.6.0 wordpress.org\/plugins\/iframe\/ -->\n<iframe loading=\"lazy\" width=\"100%\" height=\"445\" src=\"https:\/\/www.youtube.com\/embed\/2R0EV4jLCek\" title=\"&#039;Asturias&#039; cantada por Anabel Santiago\" frameborder=\"0\" allow=\"accelerometer; autoplay; clipboard-write; encrypted-media; gyroscope; picture-in-picture; web-share\" referrerpolicy=\"strict-origin-when-cross-origin\" 0=\"allowfullscreen\" 1=\"\/iframe\" scrolling=\"yes\" class=\"iframe-class\"><\/iframe>\n<\/p>\n<ul>\n<li><strong>Y todo por un beso<\/strong><\/li>\n<\/ul>\n<p style=\"text-align: center\">\n<!-- iframe plugin v.6.0 wordpress.org\/plugins\/iframe\/ -->\n<iframe loading=\"lazy\" width=\"100%\" height=\"445\" src=\"https:\/\/www.youtube.com\/embed\/7rEon5s1EK0?list=RD7rEon5s1EK0\" title=\"Y TODO POR UN BESO - ANABEL SANTIAGO con COMPA\u00d1ERAS\" frameborder=\"0\" allow=\"accelerometer; autoplay; clipboard-write; encrypted-media; gyroscope; picture-in-picture; web-share\" referrerpolicy=\"strict-origin-when-cross-origin\" 0=\"allowfullscreen\" 1=\"\/iframe\" scrolling=\"yes\" class=\"iframe-class\"><\/iframe>\n<\/p>\n<ul>\n<li><strong>Entrevista con Anabel Santiago<\/strong><\/li>\n<\/ul>\n<p style=\"text-align: center\">\n<!-- iframe plugin v.6.0 wordpress.org\/plugins\/iframe\/ -->\n<iframe loading=\"lazy\" width=\"100%\" height=\"455\" src=\"https:\/\/www.youtube.com\/embed\/H86ccv5BeOs\" title=\"Falamos con Anabel Santiago\" frameborder=\"0\" allow=\"accelerometer; autoplay; clipboard-write; encrypted-media; gyroscope; picture-in-picture; web-share\" referrerpolicy=\"strict-origin-when-cross-origin\" 0=\"allowfullscreen\" 1=\"\/iframe\" scrolling=\"yes\" class=\"iframe-class\"><\/iframe>\n<\/p>\n<p style=\"text-align: center\">\n<!-- iframe plugin v.6.0 wordpress.org\/plugins\/iframe\/ -->\n<iframe loading=\"lazy\" width=\"569\" height=\"455\" src=\"https:\/\/www.youtube.com\/embed\/7pQ-orBPo-o\" title=\"Desmantelados con la artista Anabel Santiago. T 2 \/ P 4\" frameborder=\"0\" allow=\"accelerometer; autoplay; clipboard-write; encrypted-media; gyroscope; picture-in-picture; web-share\" referrerpolicy=\"strict-origin-when-cross-origin\" 0=\"allowfullscreen\" 1=\"\/iframe\" scrolling=\"yes\" class=\"iframe-class\"><\/iframe>\n<\/p>\n<ul>\n<li><strong>L&#8217;asturianu ye mio patria<\/strong><\/li>\n<\/ul>\n<p style=\"text-align: center\">\n<!-- iframe plugin v.6.0 wordpress.org\/plugins\/iframe\/ -->\n<iframe loading=\"lazy\" width=\"100%\" height=\"445\" src=\"https:\/\/www.youtube.com\/embed\/G16HhlHlRP4?list=RDG16HhlHlRP4\" title=\"ANABEL SANTIAGO - L&#039;Asturianu Ye Mio Patria\" frameborder=\"0\" allow=\"accelerometer; autoplay; clipboard-write; encrypted-media; gyroscope; picture-in-picture; web-share\" referrerpolicy=\"strict-origin-when-cross-origin\" 0=\"allowfullscreen\" 1=\"\/iframe\" scrolling=\"yes\" class=\"iframe-class\"><\/iframe>\n<\/p>\n<p>Anabel Santiago canta a &#8216;La Lloca&#8217;.\u00a0 La cantante presenta&#8217;l videoclip d&#8217;un tangu dedic\u00e1u \u00aba toles madres de los emigrantes\u00bb<\/p>\n<p style=\"text-align: center\">\n<!-- iframe plugin v.6.0 wordpress.org\/plugins\/iframe\/ -->\n<iframe loading=\"lazy\" width=\"100%\" height=\"445\" src=\"https:\/\/www.youtube.com\/embed\/kZ045-YIVmM\" title=\"&amp;quot;La Lloca&amp;quot; de Anabel Santiago\" frameborder=\"0\" allow=\"accelerometer; autoplay; clipboard-write; encrypted-media; gyroscope; picture-in-picture; web-share\" referrerpolicy=\"strict-origin-when-cross-origin\" 0=\"allowfullscreen\" 1=\"\/iframe\" scrolling=\"yes\" class=\"iframe-class\"><\/iframe>\n<\/p>\n<p style=\"text-align: center\">\n","protected":false},"excerpt":{"rendered":"<p>Anabel Santiago: wiki \/ web \/ Instagram \/\u00a0 Cantante, profesora de cantu tradicional y presentadora. Ye la voz m\u00e1s potente de la canci\u00f3n asturiana. Lleva a\u00f1os trabayando ena llabor de la renovaci\u00f3n de la tonada, x\u00e9neru musical, en un momentu en que sos representantes m\u00e1s conoc\u00edos ya tan desaparec\u00edos. De los Picos d&#8217;Europa La llave [&hellip;]<\/p>\n","protected":false},"author":117,"featured_media":0,"parent":59205,"menu_order":0,"comment_status":"closed","ping_status":"closed","template":"","meta":{"footnotes":""},"class_list":["post-59207","page","type-page","status-publish","hentry"],"_links":{"self":[{"href":"https:\/\/edublog.educastur.es\/ixuxu\/wp-json\/wp\/v2\/pages\/59207","targetHints":{"allow":["GET"]}}],"collection":[{"href":"https:\/\/edublog.educastur.es\/ixuxu\/wp-json\/wp\/v2\/pages"}],"about":[{"href":"https:\/\/edublog.educastur.es\/ixuxu\/wp-json\/wp\/v2\/types\/page"}],"author":[{"embeddable":true,"href":"https:\/\/edublog.educastur.es\/ixuxu\/wp-json\/wp\/v2\/users\/117"}],"replies":[{"embeddable":true,"href":"https:\/\/edublog.educastur.es\/ixuxu\/wp-json\/wp\/v2\/comments?post=59207"}],"version-history":[{"count":21,"href":"https:\/\/edublog.educastur.es\/ixuxu\/wp-json\/wp\/v2\/pages\/59207\/revisions"}],"predecessor-version":[{"id":59257,"href":"https:\/\/edublog.educastur.es\/ixuxu\/wp-json\/wp\/v2\/pages\/59207\/revisions\/59257"}],"up":[{"embeddable":true,"href":"https:\/\/edublog.educastur.es\/ixuxu\/wp-json\/wp\/v2\/pages\/59205"}],"wp:attachment":[{"href":"https:\/\/edublog.educastur.es\/ixuxu\/wp-json\/wp\/v2\/media?parent=59207"}],"curies":[{"name":"wp","href":"https:\/\/api.w.org\/{rel}","templated":true}]}}

<ul>
<li><strong>Anabel Santiago: wiki / web / </strong><a href="https://www.instagram.com/anabelsantgo/">Instagram </a><strong>/ </strong></li>
</ul>
<p style="text-align: center"><span class="x193iq5w xeuugli x13faqbe x1vvkbs xt0psk2 x1i0vuye xvs91rp xo1l8bm x5n08af x10wh9bi xpm28yp x8viiok x1o7cslx x126k92a"><span class="html-span xexx8yu x4uap5 x18d9i69 xkhd6sd x1hl2dhg x16tdsg8 x1vvkbs x3nfvp2 x1j61x8r x1fcty0u xdj266r xat24cr xgzva0m xhhsvwb xxymvpz xlup9mm x1kky2od">
<!-- iframe plugin v.6.0 wordpress.org/plugins/iframe/ -->
<iframe loading="lazy" src="https://www.instagram.com/reel/DOtVkn8jFxS/embed" width="500" height="675" 0="/iframe" scrolling="yes" class="iframe-class" frameborder="0"></iframe>
</span></span></p>
<p>Cantante, profesora de cantu tradicional y presentadora. <strong>Ye la voz más potente de la canción asturiana</strong>. Lleva años trabayando ena llabor de la renovación de la tonada, xéneru musical, en un momentu en que sos representantes más conocíos ya tan desaparecíos.</p>
<p style="text-align: center">
<!-- iframe plugin v.6.0 wordpress.org/plugins/iframe/ -->
<iframe loading="lazy" width="100%" height="445" src="https://www.youtube.com/embed/D_Pqb8G_nvQ" title="Anabel Santiago, &amp;quot;Tonada a raudales&amp;quot;. Mirada Violeta en Música" frameborder="0" allow="accelerometer; autoplay; clipboard-write; encrypted-media; gyroscope; picture-in-picture; web-share" referrerpolicy="strict-origin-when-cross-origin" 0="allowfullscreen" 1="/iframe" scrolling="yes" class="iframe-class"></iframe>
</p>
<ul>
<li><span style="color: #008080"><strong>De los Picos d&#8217;Europa</strong></span></li>
</ul>
<p style="text-align: center">
<!-- iframe plugin v.6.0 wordpress.org/plugins/iframe/ -->
<iframe loading="lazy" width="100%" height="440" src="https://www.youtube.com/embed/CuemXceaxEY?list=RDCuemXceaxEY" title="Anabel Santiago &#039;&#039;Picos de Europa&#039;&#039;" frameborder="0" allow="accelerometer; autoplay; clipboard-write; encrypted-media; gyroscope; picture-in-picture; web-share" referrerpolicy="strict-origin-when-cross-origin" 0="allowfullscreen" 1="/iframe" scrolling="yes" class="iframe-class"></iframe>
</p>
<p style="text-align: center">
<!-- iframe plugin v.6.0 wordpress.org/plugins/iframe/ -->
<iframe loading="lazy" width="607" height="455" src="https://www.youtube.com/embed/oZK2lVPrans?list=RDoZK2lVPrans" title="Picos de Europa- Anabel Santiago" frameborder="0" allow="accelerometer; autoplay; clipboard-write; encrypted-media; gyroscope; picture-in-picture; web-share" referrerpolicy="strict-origin-when-cross-origin" 0="allowfullscreen" 1="/iframe" scrolling="yes" class="iframe-class"></iframe>
</p>
<p style="text-align: center">
<!-- iframe plugin v.6.0 wordpress.org/plugins/iframe/ -->
<iframe loading="lazy" width="100%" height="445" src="https://www.youtube.com/embed/vtE-gtcFU_w?list=RDvtE-gtcFU_w" title="Anabel Santiago &#039;&#039;Picos de Europa&#039;&#039;" frameborder="0" allow="accelerometer; autoplay; clipboard-write; encrypted-media; gyroscope; picture-in-picture; web-share" referrerpolicy="strict-origin-when-cross-origin" 0="allowfullscreen" 1="/iframe" scrolling="yes" class="iframe-class"></iframe>
</p>
<ul>
<li><a href="https://www.youtube.com/watch?v=EoQ57oxyN9M&amp;list=RDEoQ57oxyN9M&amp;start_radio=1"><strong>La llave de la alegría</strong></a></li>
<li>A<a href="https://www.youtube.com/watch?v=8Q2LNz1Z4Dg"><strong>mosando, de Musicasturiana.com</strong></a>: <span class="yt-core-attributed-string--link-inherit-color" dir="auto">Anabel Santiago presenta&#8217;l so discu &#8216;Y_Andá&#8217; p&#8217;Amosando, ciclu de conciertos de </span><span class="yt-core-attributed-string--link-inherit-color" dir="auto"><a class="yt-core-attributed-string__link yt-core-attributed-string__link--call-to-action-color" href="https://www.youtube.com/hashtag/musicaasturiana" target="" rel="noopener">#MusicaAsturiana</a></span><span class="yt-core-attributed-string--link-inherit-color" dir="auto"> en formatu íntimu retresmitíos al traviés d’Internet</span></li>
</ul>
<p style="text-align: center">
<!-- iframe plugin v.6.0 wordpress.org/plugins/iframe/ -->
<iframe loading="lazy" width="100%" height="445" src="https://www.youtube.com/embed/8Q2LNz1Z4Dg" title="AMOSANDO #5 🎙️ Conciertu Anabel Santiago &#039;Y_Andá&#039;" frameborder="0" allow="accelerometer; autoplay; clipboard-write; encrypted-media; gyroscope; picture-in-picture; web-share" referrerpolicy="strict-origin-when-cross-origin" 0="allowfullscreen" 1="/iframe" scrolling="yes" class="iframe-class"></iframe>
</p>
<p style="text-align: center">
<!-- iframe plugin v.6.0 wordpress.org/plugins/iframe/ -->
<iframe loading="lazy" width="100%" height="445" src="https://www.youtube.com/embed/2R0EV4jLCek" title="&#039;Asturias&#039; cantada por Anabel Santiago" frameborder="0" allow="accelerometer; autoplay; clipboard-write; encrypted-media; gyroscope; picture-in-picture; web-share" referrerpolicy="strict-origin-when-cross-origin" 0="allowfullscreen" 1="/iframe" scrolling="yes" class="iframe-class"></iframe>
</p>
<ul>
<li><strong>Y todo por un beso</strong></li>
</ul>
<p style="text-align: center">
<!-- iframe plugin v.6.0 wordpress.org/plugins/iframe/ -->
<iframe loading="lazy" width="100%" height="445" src="https://www.youtube.com/embed/7rEon5s1EK0?list=RD7rEon5s1EK0" title="Y TODO POR UN BESO - ANABEL SANTIAGO con COMPAÑERAS" frameborder="0" allow="accelerometer; autoplay; clipboard-write; encrypted-media; gyroscope; picture-in-picture; web-share" referrerpolicy="strict-origin-when-cross-origin" 0="allowfullscreen" 1="/iframe" scrolling="yes" class="iframe-class"></iframe>
</p>
<ul>
<li><strong>Entrevista con Anabel Santiago</strong></li>
</ul>
<p style="text-align: center">
<!-- iframe plugin v.6.0 wordpress.org/plugins/iframe/ -->
<iframe loading="lazy" width="100%" height="455" src="https://www.youtube.com/embed/H86ccv5BeOs" title="Falamos con Anabel Santiago" frameborder="0" allow="accelerometer; autoplay; clipboard-write; encrypted-media; gyroscope; picture-in-picture; web-share" referrerpolicy="strict-origin-when-cross-origin" 0="allowfullscreen" 1="/iframe" scrolling="yes" class="iframe-class"></iframe>
</p>
<p style="text-align: center">
<!-- iframe plugin v.6.0 wordpress.org/plugins/iframe/ -->
<iframe loading="lazy" width="569" height="455" src="https://www.youtube.com/embed/7pQ-orBPo-o" title="Desmantelados con la artista Anabel Santiago. T 2 / P 4" frameborder="0" allow="accelerometer; autoplay; clipboard-write; encrypted-media; gyroscope; picture-in-picture; web-share" referrerpolicy="strict-origin-when-cross-origin" 0="allowfullscreen" 1="/iframe" scrolling="yes" class="iframe-class"></iframe>
</p>
<ul>
<li><strong>L&#8217;asturianu ye mio patria</strong></li>
</ul>
<p style="text-align: center">
<!-- iframe plugin v.6.0 wordpress.org/plugins/iframe/ -->
<iframe loading="lazy" width="100%" height="445" src="https://www.youtube.com/embed/G16HhlHlRP4?list=RDG16HhlHlRP4" title="ANABEL SANTIAGO - L&#039;Asturianu Ye Mio Patria" frameborder="0" allow="accelerometer; autoplay; clipboard-write; encrypted-media; gyroscope; picture-in-picture; web-share" referrerpolicy="strict-origin-when-cross-origin" 0="allowfullscreen" 1="/iframe" scrolling="yes" class="iframe-class"></iframe>
</p>
<p>Anabel Santiago canta a &#8216;La Lloca&#8217;.  La cantante presenta&#8217;l videoclip d&#8217;un tangu dedicáu «a toles madres de los emigrantes»</p>
<p style="text-align: center">
<!-- iframe plugin v.6.0 wordpress.org/plugins/iframe/ -->
<iframe loading="lazy" width="100%" height="445" src="https://www.youtube.com/embed/kZ045-YIVmM" title="&amp;quot;La Lloca&amp;quot; de Anabel Santiago" frameborder="0" allow="accelerometer; autoplay; clipboard-write; encrypted-media; gyroscope; picture-in-picture; web-share" referrerpolicy="strict-origin-when-cross-origin" 0="allowfullscreen" 1="/iframe" scrolling="yes" class="iframe-class"></iframe>
</p>
<p style="text-align: center">

<p>Anabel Santiago: wiki / web / Instagram /  Cantante, profesora de cantu tradicional y presentadora. Ye la voz más potente de la canción asturiana. Lleva años trabayando ena llabor de la renovación de la tonada, xéneru musical, en un momentu en que sos representantes más conocíos ya tan desaparecíos. De los Picos d&#8217;Europa La llave [&hellip;]</p>
