{"id":593,"date":"2020-04-27T08:41:18","date_gmt":"2020-04-27T08:41:18","guid":{"rendered":"https:\/\/edublog.educastur.es\/ixuxu\/?page_id=593"},"modified":"2025-01-09T12:40:44","modified_gmt":"2025-01-09T10:40:44","slug":"hora-de-dir-pala-cama","status":"publish","type":"page","link":"https:\/\/edublog.educastur.es\/ixuxu\/videu\/hora-de-dir-pala-cama\/","title":{"rendered":"\u201cPepa la gocha\u201d"},"content":{"rendered":"<div class=\"entry\">\n<p style=\"text-align: center\"><a href=\"https:\/\/www.youtube.com\/@colexupublicufelechosa7354\">Ne\u00f1os y ne\u00f1es del Colexu p\u00fablicu de Felechosa<\/a><\/p>\n<p><a href=\"https:\/\/youtu.be\/BpsCY31HK-A\" target=\"_blank\" rel=\"noopener noreferrer\"><em><strong>Hora de dir pala cama <\/strong><\/em><\/a>(n\u00b4asturianu)<\/p>\n<p>Cap\u00edtulu <u><em><span style=\"color: #800080\">\u201cHora de dir pa la cama\u201d<\/span><\/em><\/u> de Pepa la Gocha, n\u2019asturiano, dobl\u00e1u polos escolin@s de 1\u00ba, 2\u00ba y 3\u00ba<br \/>\nde Felechosa.<\/p>\n<\/div>\n<p style=\"text-align: center\">\n<!-- iframe plugin v.6.0 wordpress.org\/plugins\/iframe\/ -->\n<iframe loading=\"lazy\" width=\"100%\" height=\"331\" src=\"https:\/\/www.youtube.com\/embed\/BpsCY31HK-A\" scrolling=\"yes\" class=\"iframe-class\" frameborder=\"0\"><\/iframe>\n<\/p>\n<hr \/>\n<p><a href=\"https:\/\/www.youtube.com\/watch?v=jVOaTjJPwH4\"><em><strong>Pepa la gocha na piscina<\/strong> <\/em>(n&#8217;asturianu)<\/a><\/p>\n<p style=\"text-align: center\">\n<!-- iframe plugin v.6.0 wordpress.org\/plugins\/iframe\/ -->\n<iframe loading=\"lazy\" width=\"640\" height=\"360\" src=\"https:\/\/www.youtube.com\/embed\/jVOaTjJPwH4\" title=\"Pepa la Gocha na Piscina\" frameborder=\"0\" allow=\"accelerometer; autoplay; clipboard-write; encrypted-media; gyroscope; picture-in-picture; web-share\" referrerpolicy=\"strict-origin-when-cross-origin\" 0=\"allowfullscreen\" 1=\"\/iframe\" scrolling=\"yes\" class=\"iframe-class\"><\/iframe>\n<\/p>\n<hr \/>\n<p><span class=\"yt-core-attributed-string yt-core-attributed-string--white-space-pre-wrap\" dir=\"auto\" role=\"text\"><span class=\"yt-core-attributed-string--link-inherit-color\" dir=\"auto\">Obra de teatru orixinal escrita y dirixida por Laura Prieto pal Grupu Teatru CP Felechosa 23\/24 cola que se presentaron al X Certame de Teatru Escolar n&#8217;Asturiano y Gallego-Asturiano que convoca la Conseyer\u00eda d&#8217;Educaci\u00f3n con motivu de la Selmana de les Lletres Asturianes y cola qu&#8217;algamaron el <a href=\"https:\/\/youtu.be\/ySF-_zaiagE\"><strong>Premiu al Meyor Testu Orixinal y el Premiu a la Meyor Actriz pa Catalina<\/strong><\/a> pol so papel de <em><strong>\u00abMatilde\u00bb.<\/strong><\/em><\/span><\/span><\/p>\n<p style=\"text-align: center\">\n<!-- iframe plugin v.6.0 wordpress.org\/plugins\/iframe\/ -->\n<iframe loading=\"lazy\" width=\"640\" height=\"360\" src=\"https:\/\/www.youtube.com\/embed\/ySF-_zaiagE\" title=\"&amp;quot;Bon App\u00e9tit...o non...&amp;quot; del Grupu Teatru CP Felechosa\" frameborder=\"0\" allow=\"accelerometer; autoplay; clipboard-write; encrypted-media; gyroscope; picture-in-picture; web-share\" referrerpolicy=\"strict-origin-when-cross-origin\" 0=\"allowfullscreen\" 1=\"\/iframe\" scrolling=\"yes\" class=\"iframe-class\"><\/iframe>\n<\/p>\n<p>&nbsp;<\/p>\n","protected":false},"excerpt":{"rendered":"<p>Ne\u00f1os y ne\u00f1es del Colexu p\u00fablicu de Felechosa Hora de dir pala cama (n\u00b4asturianu) Cap\u00edtulu \u201cHora de dir pa la cama\u201d de Pepa la Gocha, n\u2019asturiano, dobl\u00e1u polos escolin@s de 1\u00ba, 2\u00ba y 3\u00ba de Felechosa. Pepa la gocha na piscina (n&#8217;asturianu) Obra de teatru orixinal escrita y dirixida por Laura Prieto pal Grupu Teatru [&hellip;]<\/p>\n","protected":false},"author":117,"featured_media":0,"parent":117,"menu_order":0,"comment_status":"closed","ping_status":"closed","template":"","meta":{"footnotes":""},"class_list":["post-593","page","type-page","status-publish","hentry"],"_links":{"self":[{"href":"https:\/\/edublog.educastur.es\/ixuxu\/wp-json\/wp\/v2\/pages\/593","targetHints":{"allow":["GET"]}}],"collection":[{"href":"https:\/\/edublog.educastur.es\/ixuxu\/wp-json\/wp\/v2\/pages"}],"about":[{"href":"https:\/\/edublog.educastur.es\/ixuxu\/wp-json\/wp\/v2\/types\/page"}],"author":[{"embeddable":true,"href":"https:\/\/edublog.educastur.es\/ixuxu\/wp-json\/wp\/v2\/users\/117"}],"replies":[{"embeddable":true,"href":"https:\/\/edublog.educastur.es\/ixuxu\/wp-json\/wp\/v2\/comments?post=593"}],"version-history":[{"count":7,"href":"https:\/\/edublog.educastur.es\/ixuxu\/wp-json\/wp\/v2\/pages\/593\/revisions"}],"predecessor-version":[{"id":39796,"href":"https:\/\/edublog.educastur.es\/ixuxu\/wp-json\/wp\/v2\/pages\/593\/revisions\/39796"}],"up":[{"embeddable":true,"href":"https:\/\/edublog.educastur.es\/ixuxu\/wp-json\/wp\/v2\/pages\/117"}],"wp:attachment":[{"href":"https:\/\/edublog.educastur.es\/ixuxu\/wp-json\/wp\/v2\/media?parent=593"}],"curies":[{"name":"wp","href":"https:\/\/api.w.org\/{rel}","templated":true}]}}