{"id":6486,"date":"2021-05-29T12:14:57","date_gmt":"2021-05-29T10:14:57","guid":{"rendered":"https:\/\/edublog.educastur.es\/ixuxu\/?page_id=6486"},"modified":"2021-05-30T20:51:02","modified_gmt":"2021-05-30T18:51:02","slug":"rellatos","status":"publish","type":"page","link":"https:\/\/edublog.educastur.es\/ixuxu\/asturiano\/rellatos\/","title":{"rendered":"Rellatos"},"content":{"rendered":"<div class=\"td-pb-row\">\n<div class=\"td-pb-span12\">\n<div class=\"td-post-header\">\n<header class=\"td-post-title\">\n<h3 class=\"entry-title\" style=\"text-align: center\"><span style=\"color: #008080\"><strong><span style=\"font-size: 24px\">\u00abUn<\/span><\/strong><em><span style=\"font-size: 24px\"><strong> home perfechu\u00bb,<\/strong><br \/>\n<span style=\"color: #808080\">de Blanca Fern\u00e1ndez Quintana<\/span><\/span><\/em><\/span><\/h3>\n<div class=\"td-module-meta-info\">\n<div class=\"td-post-author-name\">\n<div class=\"td-author-by\" style=\"text-align: center\"><span class=\"td-post-date td-post-date-no-dot\">25\/05\/2021<br \/>\n<strong><em><a href=\"http:\/\/www.formientu.com\/formientudixital\/narrativa\/un-home-perfechu-de-blanca-fernandez-quintana\/?fbclid=IwAR2oPZVoiq4Juhvxuo5NURJBL9K8DlZzDy9uTNIDOjPIUZZKbe6bOV_p010\">Fonte: Formientu.com<\/a><\/em><\/strong><\/span><br \/>\nPor<a href=\"http:\/\/www.formientu.com\/author\/blanca-fernandez-quintana\/\"> Blanca Fern\u00e1ndez Quintana<\/a><\/div>\n<\/div>\n<\/div>\n<\/header>\n<\/div>\n<\/div>\n<\/div>\n<div class=\"td-pb-row\">\n<div class=\"td-pb-span8 td-main-content\" role=\"main\">\n<div class=\"td-ss-main-content\">\n<div class=\"td-post-content\">\n<p>\u2022 Perfechu, perfechu, perfechu, perfechu. O ye una mentira, o ye una muyer, nun hai m\u00e1s opciones.<br \/>\n\u2022 \u00bfDe qu\u00e9 fales, f\u00eda, de qu\u00e9 fales?<br \/>\n\u2022 De qui\u00e9n va ser, del mozu la chigrera, home, del mozu Agustina, d\u2019esi que diz que vien de la capital. Tanta perfechura\u2026 de xuru que tien dalg\u00fan defeutu, porque esos de la capital nun son mui all\u00e1.<br \/>\nMari taba fregando la cac\u00eda y el so p\u00e1 taba sent\u00e1u na mesa tomando un caf\u00e9 con pingarata co\u00f1\u00e1.<br \/>\n\u2022 F\u00eda, qu\u2019igual ye bonu, qui\u00e9n sabe.<br \/>\n\u2022 Que non p\u00e1, que non, que ye imposible qu\u2019un home normal s\u2019avere a esa muyer.<br \/>\n\u2022 Pos yo aver\u00e1bame y m\u00e1s\u2026<br \/>\n\u2022 Calla p\u00e1, que t\u00e1s peor que tolos faltosos del pueblu.<br \/>\n\u2022 F\u00eda, nun t\u2019ofiendas, pero ye que ta curiosa esa muyer, ta bien curiosa. Colos a\u00f1os que debe tener\u2026<br \/>\n\u2022 Ye una bruxa, p\u00e1, nun hai chigrera bona, ya lo dec\u00eda m\u00e1, yo de verd\u00e1 que non s\u00e9 qu\u00e9-y veis.<br \/>\n\u2022 Pos esos g\u00fceyos rellumantes azules.<br \/>\n\u2022 M\u00e1s que rellumantes, escalofriantes, p\u00e1.<br \/>\n\u2022 Esos llabios pintaos carm\u00edn apasionao\u2026<br \/>\n\u2022 Pero si nun tien casi llabios.<br \/>\n\u2022 Esi cuerpo curvilliniu\u2026<br \/>\n\u2022 Tien barriga, p\u00e1, ta fofona.<br \/>\n\u2022 Eses piernes como columnes\u2026<br \/>\n\u2022 O como pegoyos, depende\u2019l que lo vea.<br \/>\n\u2022 Y esi par de\u2026<br \/>\n\u2022 Ya tamos con eso, si ye lo que-y veis toos, que ye polo que vos gusta, los melones.<br \/>\n\u2022 F\u00eda, nun seyas malfal\u00e1, que pa eso tas estudiando.<br \/>\n\u2022 \u00bfMalfal\u00e1? \u2013 dixo echando unes rises \u2013 Si fuere malfal\u00e1 dir\u00eda tetes, p\u00e1, o tetones, claro.<br \/>\n\u2022 Cago en too, \u00a1pa qu\u00e9 te mandar\u00e9 a escuela, qu\u00e9 vos ense\u00f1ar\u00e1n ell\u00ed!<br \/>\n\u2022 Dende llueu estes coses nun les ense\u00f1en ell\u00ed, oy\u00edmosles en casa, con estos pas que tenemos\u2026<br \/>\n\u2022 Oyi, que yo soi un bon p\u00e1, que te dex\u00e9 comprar la falda esa tan curtia, home, que y\u00e1 me dixeron en pueblu que yera yo demasiao lliberal.<br \/>\n\u2022 Anda p\u00e1, que me tapa les rodielles.<br \/>\n\u2022 Tapar t\u00e1pateles, pero por un cent\u00edmetru, que nam\u00e1s que te sientes v\u00e9sete la met\u00e1 d\u2019elles.<br \/>\n\u2022 El qu\u2019ense\u00f1a ye un cristianu y el que mira ye un marranu\u2026<br \/>\n\u2022 Pos ent\u00f3s nesti pueblu son toos cristianos marranos.<br \/>\n\u2022 Mira p\u00e1, paez la faltosa esa, vamos ver al famosu home -dixo Mari se\u00f1alando la ventana.<br \/>\nY pela ventana vieron llegar un Renault 11 azul escuru y llimpiu a m\u00e1s nun poder. Y el coche par\u00f3 delantre la casa d\u2019Agustina y tuvo les puertes ensin abrir un cachu grande. Y cuando s\u2019abrieron\u2026<br \/>\n\u2022 Vaya albondig\u00f3n -entam\u00f3 diciendo Mari.<br \/>\n\u2022 Tien una cara faltosu, mira que cachu gafes lleva, ve menos qu\u2019un topu \u2013 sigui\u00f3 Manol\u00edn.<br \/>\n\u2022 Si nel fondu faen bona pareya, igual de redondos.<br \/>\n\u2022 Calla f\u00eda, qu\u2019esa muyer ye demasiao pa esi, tra\u00edala yo pa mio casa\u2026<br \/>\n\u2022 Nin lo sua\u00f1es. Y encima bien p\u2019ac\u00e1, si hasta pa eso tengo mala suerte.<br \/>\nEl mozu Agustina dio unes glay\u00edes a dalgui\u00e9n y del coche salieron m\u00e1s glay\u00edes. Y al cachu sali\u00f3 otru del coche.<br \/>\n\u2022 Mira\u2019l que s\u2019acaba posar, igual pues cortexar con \u00e9l, fixo que ye un f\u00edu, y nun ye n\u00e1 feu.<br \/>\n\u2022 Dende llueu, feu non\u2026 asquerosu ye lo que ye, home. Ye igual que l\u2019otru panoyu.<br \/>\n\u2022 M\u00e1s que panoyu\u2026 igual repollu\u2026 porque ye rellen\u00edn como un repoll\u00edn.<br \/>\n\u2022 Lo que seya, p\u00e1, pero feos los dos.<br \/>\n\u2022 Manol\u00edn, \u00bft\u00e1s en casa? -dixo Agustina aver\u00e1ndose a la casa Manol\u00edn.<br \/>\n\u2022 S\u00ed, Agus, pa ti toi siempres \u2013dixo Manol\u00edn sorriendo \u2013 Salimos agora Mari y yo.<br \/>\n\u2022 Yo quedo, p\u00e1.<br \/>\n\u2022 D\u2019eso n\u00e1, tu conmigo.<br \/>\nAbrieron la puerte y salieron fuera.<br \/>\n\u2022 Vengo presentate al mio mozu y al so f\u00edu. Igual fai bones migues con Mari.<br \/>\n\u2022 Nin lo sua\u00f1es \u2013 dixo Mari pelo baxo.<br \/>\n\u2022 Mari, a esti pasu vas ser una vieya solterona.<br \/>\n\u2022 \u00bfC\u00f3mo ust\u00e9, quier dicir?<br \/>\n\u2022 Yo non soi vieya, tengo nam\u00e1s trenta y cinco a\u00f1os.<br \/>\n\u2022 \u00bfTrenta y cinco? -respondi\u00f3 Mari con un tonu sarc\u00e1sticu- Ust\u00e9 nun vuelve cumplir los cuarenta.<br \/>\n\u2022 Que f\u00eda m\u00e1s desagradable tienes Manol\u00edn -dixo protestando-. Bono, a ver, esti ye\u2019l mio mozu Ram\u00f3n, y esti ye\u2019l so f\u00edu Jonathan.<br \/>\n\u2022 Encant\u00e1u \u2013 dixeron a la vez el p\u00e1 y el f\u00edu<br \/>\n\u2022 Igualmente \u2013 respondieron Mari y Manol\u00edn de mala gana.<br \/>\n\u2022 P\u00e1, ta vist\u00eda mui fea, pero ye guapina \u2013 dixo\u2019l guah.e.<br \/>\n\u2022 V\u00edstome como me da pola gana, panoyu. Am\u00e1s, pa ser de capital mui bien fal\u00e1is bable.<br \/>\n\u2022 Ye que nun nos paez bien que nun se fale. Ye tan guapu\u2026 -dixo\u2019l mozu Agus.<br \/>\n\u2022 Cago en too, si a los de la capital nun-yos importa, ellos quieren falar fino- dixo Manol\u00edn.<br \/>\n\u2022 Anda, anda, vosotros sois tan de capital como yo \u2013 dixo Mari riendo.<br \/>\n\u2022 Eso, eso \u2013apoy\u00f3la\u2019l so p\u00e1.<br \/>\n\u2022 Ye qu\u2019en realid\u00e1 somos d\u2019un pueblu d\u2019Uvi\u00e9u\u2026 -respondi\u00f3 azor\u00e1u\u2019l mozu Agustina.<br \/>\n\u2022 \u00bfOy\u00eds les campanaes la catedral dende casa? -entrug\u00f3 Mari.<br \/>\n\u2022 La verd\u00e1 que non\u2026 pero\u2019l mio f\u00edu t\u00e1 estudiando nos Dominicos.<br \/>\n\u2022 Encima santurrones \u2013Manol\u00edn taba enfad\u00e1u.<br \/>\n\u2022 N\u00e1, p\u00e1, que son unos presum\u00edos.<br \/>\n\u2022 \u00bfY \u00f3nde ta la ma del rapaz? \u2013entrug\u00f3 Manol\u00edn con curiosid\u00e1.<br \/>\n\u2022 Morri\u00f3 fai a\u00f1os, cuando yera \u00e9l peque\u00f1u.<br \/>\n\u2022 \u00bfY de qu\u00e9 trabayes?<br \/>\n\u2022 Trabayo nun bancu n\u2019Uvi\u00e9u.<br \/>\n\u2022 Hola Agus, cu\u00e1ntu tiempu \u2013dixo otra vecina, la bilordiera del pueblu.<br \/>\nMaruxa y Petra, les vieyes bilordieres, ven\u00eden de ganchete, faciendo como que pasaren per ell\u00ed de casualid\u00e1, pa bilordiar.<br \/>\n\u2022 Pensamos que nun dibes volver -dixo Petra.<br \/>\n\u2022 Y pens\u00e9lo daveres, pero ten\u00eda ganes de vevos.<br \/>\n\u2022 \u00bfY esti, ye\u2019l to mozu? \u2013entrug\u00f3 Maruxa se\u00f1alando a Ram\u00f3n.<br \/>\n\u2022 S\u00ed, esti ye Ram\u00f3n \u2013dixo se\u00f1alando a Ram\u00f3n- Y esti ye\u2019l so f\u00edu Jonathan.<br \/>\n\u2022 Encant\u00e1u \u2013dixeron otra vez el p\u00e1 y el f\u00edu.<br \/>\n\u2022 Dios, f\u00edu, qu\u00e9 nome m\u00e1s feu \u2013dixo Petra.<br \/>\n\u2022 Ye lo moderno, Petra, el mio sobr\u00edn tami\u00e9n se llama asina -cont\u00f3-y Maruxa.<br \/>\n\u2022 Cuando llegamos tabes dici\u00e9ndo-yos que trabayes nel bancu, que yes el xefe.<br \/>\n\u2022 M\u00e1s bien un ayudante.<br \/>\n\u2022 \u00bfY hai muncha xente pijo nel bancu?.<br \/>\n\u2022 Buf, muncha. P\u00e1 siempres diz que t\u00e1n toos eh\u00ed estiraos. Dixo qu\u2019un d\u00eda a una muyer call\u00f3-y una moneda diez duros y nun s\u2019agach\u00f3 a pa\u00f1ala.<br \/>\n\u2022 Dende llueu tendr\u00eda perres\u2026 -dixo Manol\u00edn pelo baxo.<br \/>\n\u2022 O tar\u00eda lliada con un vieyu porque les de la capital\u2026- dixo Petra.<br \/>\n\u2022 Eh, que yo soi d\u2019Uvi\u00e9u y nun soi asina- protest\u00f3 Maruxa.<br \/>\n\u2022 Anda home, que Lluis\u00edn qu\u2019en paz tea sac\u00e1bate trenta a\u00f1os.<br \/>\n\u2022 Yera mui atractivu y mui guapu y\u2026<br \/>\n\u2022 Ten\u00eda perres \u2013sigui\u00f3 Petra.<br \/>\n\u2022 Y\u00e1, la verd\u00e1 que yera lo meyor d\u2019\u00e9l. Ll\u00e1stima que solo nos diere tiempu a facer un f\u00edu, probe, nin lu pudo ver\u2026 -dixo Maruxa gacha.<br \/>\n\u2022 El to Xuan\u00edn nun echa de menos al p\u00e1 \u2013 dixo Manol\u00edn intentando animala.<br \/>\n\u2022 Nin a la ma, que non vien dende fai un mes \u2013dixo Maruxa deprimida\u2013 Pero bono, que-y dean, ta meyor per ell\u00ed abaxo.<br \/>\n\u2022 \u00bfAbaxo, nun ta en Xix\u00f3n? -entrug\u00f3 Mari.<br \/>\n\u2022 Qu\u00e9 m\u00e1s da arriba qu\u2019abaxo, la cuesti\u00f3n ye que nun vien. Agora paezme que lu cambiaron de llau, ye lo que tien que seya polic\u00eda -dixo Maruxa arguyosona.<br \/>\n\u2022 Ves, qu\u00e9xeste, qu\u00e9xeste\u2026 pero bien que fardes \u2013dixo-y Manol\u00edn.<br \/>\nToos quedaron en silenciu un cachu, ensin saber que dici-y a Maruxa.<br \/>\n\u2022 Oyi, Agus, y\u00e1 ver\u00e1s como ellos tan d\u2019alcuerdu cola mio idea \u2013 dixo Ram\u00f3n.<br \/>\n\u2022 Nun fai falta que-yos la digas, nun-yos va paecer bien\u2026<br \/>\n\u2022 Quiero casame con ella.<br \/>\nToos tuvieron qu\u2019aguantase pa nun rir, aquello que taben escuchando yera gordo.<br \/>\n\u2043 Agus, cas\u00e1 \u2013 dixo Maruxa \u2013eso quixere velo yo.<br \/>\n\u2043 A min nun me paez una bona idea \u2013dixo Manol\u00edn.<br \/>\n\u2043 Si vais pa Uvi\u00e9u a min paezme la meyor idea del mundu \u2013dixo Mari.<br \/>\n\u2043 Y\u00e1 ta vieya \u2013dixo Maruxa.<br \/>\n\u2043 \u00bfPa qu\u00e9 quies casate, home? Qu\u2019esta ya ta m\u00e1s cat\u00e1\u2026 si a fin de cuentes tais polo que tais.<br \/>\n\u2043 Porque se quieren, por eso p\u00e1 quier casase \u2013dixo\u2019l f\u00edu.<br \/>\nRi\u00e9ronse toos de Jonathan.<br \/>\n\u2013 S\u00ed, s\u00ed \u2013 dixo Petra \u2013 quier les sos\u2026<br \/>\n\u2013 Se\u00f1ora, nun-y fale d\u2019eses coses al mio f\u00edu \u2013dixo Ram\u00f3n. \u00bfNun ve que ye peque\u00f1u.<br \/>\n\u2013 Cago en too, el to f\u00edu nun ye tontu. Si hasta la mio f\u00eda lo entiende \u2013 dixo Manol\u00edn \u2013 \u00bfA estos guah.es de la capital qu\u00e9-yos ense\u00f1en?<br \/>\n\u2013 Anda p\u00e1, y dempu\u00e9s re\u00f1\u00edesme por dicir que lo que vos gusta d\u2019Agus son les tetes \u2013 protest\u00f3 Mari.<br \/>\n\u2013 Ye que son\u2026 -dixo Ram\u00f3n pelo baxo.<br \/>\n\u2013 Mari, que la tienes delantre \u2013 re\u00f1\u00f3 Manol\u00edn a la so f\u00eda.<br \/>\n\u2013 Oyi, que Ram\u00f3n quierme polo llista que soi.<br \/>\nA Ram\u00f3n escap\u00f3se-y la risa y llueu intent\u00f3 paecer seriu.<br \/>\n\u2013 Los homes son toos iguales, qui\u00e9rennos nam\u00e1s pa lo mesmo \u2013 dixo Maruxa filosofando.<br \/>\n\u2013 Yo al mio Pedr\u00edn nam\u00e1s-y falaba una vegada a la selmana, los domingos pela ma\u00f1ana, qu\u2019ech\u00e1bemos a los guah.es a misa.<br \/>\n\u2013 Meca, mira que coche m\u00e1s feu s\u2019avera \u2013 dixo Mari.<br \/>\nPela carretera aver\u00e1base un Seat 127 cola pintura medio cay\u00edo y enllenu barru.<br \/>\n\u2013 Cago en too, ye\u2019l to f\u00edu, Maruxa \u2013dixo Manol\u00edn.<br \/>\nEl f\u00edu Maruxa aparc\u00f3\u2019l coche al llau del de Ram\u00f3n y pos\u00f3se.<br \/>\n\u2013 Ma, ten\u00eda ganes de vete.<br \/>\n\u2013 Anda f\u00edu, t\u00e1s fechu un gamberru, nun me fales. \u00bfPor qu\u00e9 nun vinisti enantes? -re\u00f1\u00f3lu Maruxa.<br \/>\n\u2013 Ma, ye que tamos nuna investigaci\u00f3n y non pudi venir enantes. Si\u00e9ntolo, ma.<br \/>\n\u2013 Pero f\u00edu, \u00bfqu\u00e9 ye m\u00e1s importante que venir ver a to ma? \u2013 dixo Petra.<br \/>\n\u2013 Am\u00e1s, nunca me garres el tel\u00e9fonu \u2013protest\u00f3\u2019l f\u00edu Maruxa.<br \/>\n\u2013 F\u00edu, y\u00e1 te dixi qu\u2019esos aparatos nun t\u00e1n fechos pa min, toi mayor \u2013escus\u00f3se Maruxa- \u00bfY qu\u00e9 t\u00e1s investigando?<br \/>\n\u2013 N\u00e1, un lladr\u00f3n qu\u2019anda perh\u00ed sueltu, dix\u00e9ronme que lu vieren nesta zona. Ma, ten cuid\u00e1u.<br \/>\n\u2013 Ram\u00f3n, \u00bf\u00f3nde vas? \u2013 pregunt\u00f3 Agus estra\u00f1ada.<br \/>\nRam\u00f3n taba abriendo la puerte\u2019l coche.<br \/>\n\u2013 Tengo que colar Agus, acabo d\u2019alcordame\u2026<br \/>\n\u2013 \u00a1Malditu cabr\u00f3n, tas equ\u00ed! \u2013dixo\u2019l f\u00edu de Maruxa.<br \/>\nRam\u00f3n entam\u00f3 a correr pa escapar pero Manol\u00edn f\u00edzo-y la zancadiella. El f\u00edu Maruxa tir\u00f3se encima d\u2019\u00e9l y suxet\u00f3lu.<br \/>\n\u2013 Tu nun m\u2019escapes esta vegada, esta s\u00ed que non \u2013el f\u00edu de Maruxa apalp\u00f3 los pantalones y desesper\u00f3- Cago en too, dex\u00e9 les esposes en casa. Trai una cuerda, ma.<br \/>\n\u2013 \u00c1 f\u00edu, \u00bfd\u2019\u00f3nde quies que la saque?<br \/>\n\u2013 Toma ho, tengo yo una equ\u00ed \u2013dixo Manol\u00edn riendo.<br \/>\nManol\u00edn apurri\u00f3-y la cuerda al f\u00edu Maruxa y esti amarr\u00f3 a Ram\u00f3n. Agustina corri\u00f3 a abrazase a Manol\u00edn.<br \/>\n\u2013 \u00a1Ai, Manol\u00edn, yes el mio h\u00e9roe! \u2013dixo Agustina.<br \/>\n\u2013 Lo que faltaba\u2026 \u2013dixo Mari.<br \/>\n\u2013 Soi\u2019l to h\u00e9roe y lo que tu quieras, ne\u2013 dixo Manol\u00edn.<br \/>\nDe s\u00f3pitu sintieron a Jonathan berrar.<br \/>\n\u2013 Y al f\u00edu, \u00bfnun lu detienes? -entrug\u00f3 Mari.<br \/>\n\u2013 El guah.e esti creo que nun tien la culpa.<br \/>\n\u2013 Por si acas\u00edn ll\u00e9valu tami\u00e9n, qu\u2019eso de robar igual lo hered\u00f3 del p\u00e1.<br \/>\n\u2013 \u00a1Yo quiero dir con mio p\u00e1! \u2013dixo\u2019l f\u00edu berrando.<br \/>\n\u2013 \u00bfTr\u00e1igote\u2019l esparadrapu pa tapa-yos la boca? -entrug\u00f3 Manol\u00edn emocion\u00e1u.<br \/>\n\u2013 Manol\u00edn, que soi un polic\u00eda, non un capu.<br \/>\n\u2013 Agus, nun los creas, ye too mentira \u2013 suplic\u00f3 Ram\u00f3n coy\u00edu pol f\u00edu Maruxa.<br \/>\n\u2013 Y\u00e1 dic\u00eda yo que nun trabayabes nel bancu \u2013dixo Agus apretando m\u00e1s fuerte a Manol\u00edn.<br \/>\n\u2013 \u00a1Que s\u00ed home, si que trabayaba nel bancu! \u2013 dixo\u2019l f\u00edu Maruxa riendo\u2013, yera\u2019l que lu llimpiaba enantes de robar.<br \/>\n\u2013 \u00a1Ai Agus, los homes nun puen ser perfechos! \u2013dixo Maruxa con resignaci\u00f3n.<br \/>\n\u2013 Ye que yo c\u00e1 vegada qu\u2019oigo qu\u2019un home fai de too, pongome m\u00e1s respig\u00e1 qu\u2019una pita llueza.<br \/>\n\u2013 Meyor como yo, s\u00ed, de pueblu de los de tola vida \u2013 dixo Manol\u00edn.<br \/>\n\u2013 Non, p\u00e1, perfechos non, pero como tu tampoco \u2013 dixo Mari.<\/p>\n<\/div>\n<\/div>\n<\/div>\n<\/div>\n","protected":false},"excerpt":{"rendered":"<p>\u00abUn home perfechu\u00bb, de Blanca Fern\u00e1ndez Quintana 25\/05\/2021 Fonte: Formientu.com Por Blanca Fern\u00e1ndez Quintana \u2022 Perfechu, perfechu, perfechu, perfechu. O ye una mentira, o ye una muyer, nun hai m\u00e1s opciones. \u2022 \u00bfDe qu\u00e9 fales, f\u00eda, de qu\u00e9 fales? \u2022 De qui\u00e9n va ser, del mozu la chigrera, home, del mozu Agustina, d\u2019esi que diz [&hellip;]<\/p>\n","protected":false},"author":117,"featured_media":0,"parent":6599,"menu_order":0,"comment_status":"closed","ping_status":"closed","template":"","meta":{"footnotes":""},"class_list":["post-6486","page","type-page","status-publish","hentry"],"_links":{"self":[{"href":"https:\/\/edublog.educastur.es\/ixuxu\/wp-json\/wp\/v2\/pages\/6486","targetHints":{"allow":["GET"]}}],"collection":[{"href":"https:\/\/edublog.educastur.es\/ixuxu\/wp-json\/wp\/v2\/pages"}],"about":[{"href":"https:\/\/edublog.educastur.es\/ixuxu\/wp-json\/wp\/v2\/types\/page"}],"author":[{"embeddable":true,"href":"https:\/\/edublog.educastur.es\/ixuxu\/wp-json\/wp\/v2\/users\/117"}],"replies":[{"embeddable":true,"href":"https:\/\/edublog.educastur.es\/ixuxu\/wp-json\/wp\/v2\/comments?post=6486"}],"version-history":[{"count":4,"href":"https:\/\/edublog.educastur.es\/ixuxu\/wp-json\/wp\/v2\/pages\/6486\/revisions"}],"predecessor-version":[{"id":6491,"href":"https:\/\/edublog.educastur.es\/ixuxu\/wp-json\/wp\/v2\/pages\/6486\/revisions\/6491"}],"up":[{"embeddable":true,"href":"https:\/\/edublog.educastur.es\/ixuxu\/wp-json\/wp\/v2\/pages\/6599"}],"wp:attachment":[{"href":"https:\/\/edublog.educastur.es\/ixuxu\/wp-json\/wp\/v2\/media?parent=6486"}],"curies":[{"name":"wp","href":"https:\/\/api.w.org\/{rel}","templated":true}]}}