{"id":64989,"date":"2026-01-02T22:07:02","date_gmt":"2026-01-02T20:07:02","guid":{"rendered":"https:\/\/edublog.educastur.es\/ixuxu\/?page_id=64989"},"modified":"2026-01-02T22:07:02","modified_gmt":"2026-01-02T20:07:02","slug":"09_setiembre","status":"publish","type":"page","link":"https:\/\/edublog.educastur.es\/ixuxu\/archivu-blogue\/articulos\/2022-2\/09_setiembre\/","title":{"rendered":"09_Setiembre"},"content":{"rendered":"<ul>\n<li><a href=\"https:\/\/edublog.educastur.es\/ixuxu\/2022\/09\/tolos-cantares-del-dia-de-la-reciella\/\">Tolos cantares del D\u00eda de la Reciella<\/a> <span class=\"post-date\">30\/09\/2022<\/span><\/li>\n<li><a href=\"https:\/\/edublog.educastur.es\/ixuxu\/2022\/09\/videu\/\">Videu p\u2019aldovinar mesaxe<\/a> <span class=\"post-date\">29\/09\/2022<\/span><\/li>\n<li><a href=\"https:\/\/edublog.educastur.es\/ixuxu\/2022\/09\/fiesta-de-la-vendimia-2022\/\">Fiesta de la Vendimia 2022<\/a> <span class=\"post-date\">29\/09\/2022<\/span><\/li>\n<li><a href=\"https:\/\/edublog.educastur.es\/ixuxu\/2022\/09\/sestu-concursu-indumentaria\/\">Sestu Concursu INDUMENTARIA<\/a> <span class=\"post-date\">27\/09\/2022<\/span><\/li>\n<li><a href=\"https:\/\/edublog.educastur.es\/ixuxu\/2022\/09\/dia-europeu-de-les-llingues-2\/\">D\u00eda Europ\u00e9u de les lling\u00fces<\/a> <span class=\"post-date\">26\/09\/2022<\/span><\/li>\n<li><a href=\"https:\/\/edublog.educastur.es\/ixuxu\/2022\/09\/esposicion-uvieu-nel-orixe\/\">Esposici\u00f3n: Uvi\u00e9u nel orixe<\/a> <span class=\"post-date\">16\/09\/2022<\/span><\/li>\n<li><a href=\"https:\/\/edublog.educastur.es\/ixuxu\/2022\/09\/nun-queda-muncho-pa-la-xix-seronda-naviles\/\">Nun queda muncho pa la XIX Seronda n\u2019Avil\u00e9s.<\/a> <span class=\"post-date\">16\/09\/2022<\/span><\/li>\n<li><a href=\"https:\/\/edublog.educastur.es\/ixuxu\/2022\/09\/14576\/\">Cuentos de Trazu Sueltu | L\u2019ataque de los merucos Aliens<\/a> <span class=\"post-date\">16\/09\/2022<\/span><\/li>\n<li><a href=\"https:\/\/edublog.educastur.es\/ixuxu\/2022\/09\/nochobre-entamal-nuevu-cursu-22-23-na-escuela-de-musica-tradicional-la-quintana\/\">N\u2019ochobre entama\u2019l nuevu Cursu 22\/23 na Escuela de M\u00fasica Tradicional La Quintana<\/a> <span class=\"post-date\">14\/09\/2022<\/span><\/li>\n<li><a href=\"https:\/\/edublog.educastur.es\/ixuxu\/2022\/09\/14566\/\">Cuadonga a trav\u00e9s del arte<\/a> <span class=\"post-date\">14\/09\/2022<\/span><\/li>\n<li><a href=\"https:\/\/edublog.educastur.es\/ixuxu\/2022\/09\/espectaculares-imaxes-dendel-mesmu-visu-del-monte-mas-altu-del-mundu\/\">Espectaculares imaxes dende\u2019l mesmu visu del monte m\u00e1s altu del mundu.<\/a> <span class=\"post-date\">08\/09\/2022<\/span><\/li>\n<li><a href=\"https:\/\/edublog.educastur.es\/ixuxu\/2022\/09\/revista-viaxast\/\">Revista ViaxAst n\u00ba 20<\/a> <span class=\"post-date\">08\/09\/2022<\/span><\/li>\n<li><a href=\"https:\/\/edublog.educastur.es\/ixuxu\/2022\/09\/14527\/\">San Mateo Diversu y Popular 2022<\/a> <span class=\"post-date\">08\/09\/2022<\/span><\/li>\n<li><a href=\"https:\/\/edublog.educastur.es\/ixuxu\/2022\/09\/14507\/\">Xos\u00e9 Amb\u00e1s, premiu Serondaya de la Cultura 2022<\/a> <span class=\"post-date\">08\/09\/2022<\/span><\/li>\n<li><a href=\"https:\/\/edublog.educastur.es\/ixuxu\/2022\/09\/14490\/\">Estatutu d\u2019Autonom\u00eda en llectura f\u00e1cil<\/a> <span class=\"post-date\">08\/09\/2022<\/span><\/li>\n<li><a href=\"https:\/\/edublog.educastur.es\/ixuxu\/2022\/09\/14485\/\">Borrasca Atl\u00e1ntica<\/a> <span class=\"post-date\">08\/09\/2022<\/span><\/li>\n<li><a href=\"https:\/\/edublog.educastur.es\/ixuxu\/2022\/09\/dia-dasturies-2\/\">D\u00eda d\u2019Asturies<\/a> <span class=\"post-date\">08\/09\/2022<\/span><\/li>\n<li><a href=\"https:\/\/edublog.educastur.es\/ixuxu\/2022\/09\/videu-lasturies-patria-querida\/\">Videu: \u2018L\u2019Asturies, Patria Querida\u2019<\/a> <span class=\"post-date\">08\/09\/2022<\/span><\/li>\n<li><a href=\"https:\/\/edublog.educastur.es\/ixuxu\/2022\/09\/menu-de-el-pintu-casa-de-comides\/\">Men\u00fa de \u00abEl Pintu\u00bb, casa de comides<\/a> <span class=\"post-date\">08\/09\/2022<\/span><\/li>\n<li><a href=\"https:\/\/edublog.educastur.es\/ixuxu\/2022\/09\/cabu-penes\/\">Cabu Pe\u00f1es<\/a> <span class=\"post-date\">07\/09\/2022<\/span><\/li>\n<li><a href=\"https:\/\/edublog.educastur.es\/ixuxu\/2022\/09\/laeropuertu-dasturies-ya-tien-20-conexones-directes-para-esti-iviernu-el-mayor-numberu-de-conexones-de-la-so-hestoria\/\">L\u2019aeropuertu d\u2019Asturies y\u00e1 tien 20 conexones directes para esti iviernu, \u00abel mayor n\u00famberu de conexones de la so hestoria\u00bb<\/a> <span class=\"post-date\">06\/09\/2022<\/span><\/li>\n<li><a href=\"https:\/\/edublog.educastur.es\/ixuxu\/2022\/09\/costa-del-principau-dasturies\/\">Costa del Princip\u00e1u d\u2019Asturies<\/a> <span class=\"post-date\">05\/09\/2022<\/span><\/li>\n<li><a href=\"https:\/\/edublog.educastur.es\/ixuxu\/2022\/09\/14473\/\">CometCon 2022<\/a> <span class=\"post-date\">05\/09\/2022<\/span><\/li>\n<li><a href=\"https:\/\/edublog.educastur.es\/ixuxu\/2022\/09\/cadaveu-valdes-pueblu-exemplar-2022\/\">Cadav\u00e9u (Vald\u00e9s) Pueblu Exemplar 2022<\/a> <span class=\"post-date\">03\/09\/2022<\/span><\/li>\n<li><a href=\"https:\/\/edublog.educastur.es\/ixuxu\/2022\/09\/dia-internacional-del-buitre-utre\/\">D\u00eda Internacional del buitre \/ utre<\/a> <span class=\"post-date\">03\/09\/2022<\/span><\/li>\n<li><a href=\"https:\/\/edublog.educastur.es\/ixuxu\/2022\/09\/14515\/\">(sin t\u00edtulo)<\/a> <span class=\"post-date\">01\/09\/2022<\/span><\/li>\n<\/ul>\n","protected":false},"excerpt":{"rendered":"<p>Tolos cantares del D\u00eda de la Reciella 30\/09\/2022 Videu p\u2019aldovinar mesaxe 29\/09\/2022 Fiesta de la Vendimia 2022 29\/09\/2022 Sestu Concursu INDUMENTARIA 27\/09\/2022 D\u00eda Europ\u00e9u de les lling\u00fces 26\/09\/2022 Esposici\u00f3n: Uvi\u00e9u nel orixe 16\/09\/2022 Nun queda muncho pa la XIX Seronda n\u2019Avil\u00e9s. 16\/09\/2022 Cuentos de Trazu Sueltu | L\u2019ataque de los merucos Aliens 16\/09\/2022 N\u2019ochobre entama\u2019l [&hellip;]<\/p>\n","protected":false},"author":117,"featured_media":0,"parent":34960,"menu_order":0,"comment_status":"closed","ping_status":"closed","template":"","meta":{"footnotes":""},"class_list":["post-64989","page","type-page","status-publish","hentry"],"_links":{"self":[{"href":"https:\/\/edublog.educastur.es\/ixuxu\/wp-json\/wp\/v2\/pages\/64989","targetHints":{"allow":["GET"]}}],"collection":[{"href":"https:\/\/edublog.educastur.es\/ixuxu\/wp-json\/wp\/v2\/pages"}],"about":[{"href":"https:\/\/edublog.educastur.es\/ixuxu\/wp-json\/wp\/v2\/types\/page"}],"author":[{"embeddable":true,"href":"https:\/\/edublog.educastur.es\/ixuxu\/wp-json\/wp\/v2\/users\/117"}],"replies":[{"embeddable":true,"href":"https:\/\/edublog.educastur.es\/ixuxu\/wp-json\/wp\/v2\/comments?post=64989"}],"version-history":[{"count":1,"href":"https:\/\/edublog.educastur.es\/ixuxu\/wp-json\/wp\/v2\/pages\/64989\/revisions"}],"predecessor-version":[{"id":64990,"href":"https:\/\/edublog.educastur.es\/ixuxu\/wp-json\/wp\/v2\/pages\/64989\/revisions\/64990"}],"up":[{"embeddable":true,"href":"https:\/\/edublog.educastur.es\/ixuxu\/wp-json\/wp\/v2\/pages\/34960"}],"wp:attachment":[{"href":"https:\/\/edublog.educastur.es\/ixuxu\/wp-json\/wp\/v2\/media?parent=64989"}],"curies":[{"name":"wp","href":"https:\/\/api.w.org\/{rel}","templated":true}]}}

<ul>
<li><a href="https://edublog.educastur.es/ixuxu/2022/09/tolos-cantares-del-dia-de-la-reciella/">Tolos cantares del Día de la Reciella</a> <span class="post-date">30/09/2022</span></li>
<li><a href="https://edublog.educastur.es/ixuxu/2022/09/videu/">Videu p’aldovinar mesaxe</a> <span class="post-date">29/09/2022</span></li>
<li><a href="https://edublog.educastur.es/ixuxu/2022/09/fiesta-de-la-vendimia-2022/">Fiesta de la Vendimia 2022</a> <span class="post-date">29/09/2022</span></li>
<li><a href="https://edublog.educastur.es/ixuxu/2022/09/sestu-concursu-indumentaria/">Sestu Concursu INDUMENTARIA</a> <span class="post-date">27/09/2022</span></li>
<li><a href="https://edublog.educastur.es/ixuxu/2022/09/dia-europeu-de-les-llingues-2/">Día Européu de les llingües</a> <span class="post-date">26/09/2022</span></li>
<li><a href="https://edublog.educastur.es/ixuxu/2022/09/esposicion-uvieu-nel-orixe/">Esposición: Uviéu nel orixe</a> <span class="post-date">16/09/2022</span></li>
<li><a href="https://edublog.educastur.es/ixuxu/2022/09/nun-queda-muncho-pa-la-xix-seronda-naviles/">Nun queda muncho pa la XIX Seronda n’Avilés.</a> <span class="post-date">16/09/2022</span></li>
<li><a href="https://edublog.educastur.es/ixuxu/2022/09/14576/">Cuentos de Trazu Sueltu | L’ataque de los merucos Aliens</a> <span class="post-date">16/09/2022</span></li>
<li><a href="https://edublog.educastur.es/ixuxu/2022/09/nochobre-entamal-nuevu-cursu-22-23-na-escuela-de-musica-tradicional-la-quintana/">N’ochobre entama’l nuevu Cursu 22/23 na Escuela de Música Tradicional La Quintana</a> <span class="post-date">14/09/2022</span></li>
<li><a href="https://edublog.educastur.es/ixuxu/2022/09/14566/">Cuadonga a través del arte</a> <span class="post-date">14/09/2022</span></li>
<li><a href="https://edublog.educastur.es/ixuxu/2022/09/espectaculares-imaxes-dendel-mesmu-visu-del-monte-mas-altu-del-mundu/">Espectaculares imaxes dende’l mesmu visu del monte más altu del mundu.</a> <span class="post-date">08/09/2022</span></li>
<li><a href="https://edublog.educastur.es/ixuxu/2022/09/revista-viaxast/">Revista ViaxAst nº 20</a> <span class="post-date">08/09/2022</span></li>
<li><a href="https://edublog.educastur.es/ixuxu/2022/09/14527/">San Mateo Diversu y Popular 2022</a> <span class="post-date">08/09/2022</span></li>
<li><a href="https://edublog.educastur.es/ixuxu/2022/09/14507/">Xosé Ambás, premiu Serondaya de la Cultura 2022</a> <span class="post-date">08/09/2022</span></li>
<li><a href="https://edublog.educastur.es/ixuxu/2022/09/14490/">Estatutu d’Autonomía en llectura fácil</a> <span class="post-date">08/09/2022</span></li>
<li><a href="https://edublog.educastur.es/ixuxu/2022/09/14485/">Borrasca Atlántica</a> <span class="post-date">08/09/2022</span></li>
<li><a href="https://edublog.educastur.es/ixuxu/2022/09/dia-dasturies-2/">Día d’Asturies</a> <span class="post-date">08/09/2022</span></li>
<li><a href="https://edublog.educastur.es/ixuxu/2022/09/videu-lasturies-patria-querida/">Videu: ‘L’Asturies, Patria Querida’</a> <span class="post-date">08/09/2022</span></li>
<li><a href="https://edublog.educastur.es/ixuxu/2022/09/menu-de-el-pintu-casa-de-comides/">Menú de «El Pintu», casa de comides</a> <span class="post-date">08/09/2022</span></li>
<li><a href="https://edublog.educastur.es/ixuxu/2022/09/cabu-penes/">Cabu Peñes</a> <span class="post-date">07/09/2022</span></li>
<li><a href="https://edublog.educastur.es/ixuxu/2022/09/laeropuertu-dasturies-ya-tien-20-conexones-directes-para-esti-iviernu-el-mayor-numberu-de-conexones-de-la-so-hestoria/">L’aeropuertu d’Asturies yá tien 20 conexones directes para esti iviernu, «el mayor númberu de conexones de la so hestoria»</a> <span class="post-date">06/09/2022</span></li>
<li><a href="https://edublog.educastur.es/ixuxu/2022/09/costa-del-principau-dasturies/">Costa del Principáu d’Asturies</a> <span class="post-date">05/09/2022</span></li>
<li><a href="https://edublog.educastur.es/ixuxu/2022/09/14473/">CometCon 2022</a> <span class="post-date">05/09/2022</span></li>
<li><a href="https://edublog.educastur.es/ixuxu/2022/09/cadaveu-valdes-pueblu-exemplar-2022/">Cadavéu (Valdés) Pueblu Exemplar 2022</a> <span class="post-date">03/09/2022</span></li>
<li><a href="https://edublog.educastur.es/ixuxu/2022/09/dia-internacional-del-buitre-utre/">Día Internacional del buitre / utre</a> <span class="post-date">03/09/2022</span></li>
<li><a href="https://edublog.educastur.es/ixuxu/2022/09/14515/">(sin título)</a> <span class="post-date">01/09/2022</span></li>
</ul>

<p>Tolos cantares del Día de la Reciella 30/09/2022 Videu p’aldovinar mesaxe 29/09/2022 Fiesta de la Vendimia 2022 29/09/2022 Sestu Concursu INDUMENTARIA 27/09/2022 Día Européu de les llingües 26/09/2022 Esposición: Uviéu nel orixe 16/09/2022 Nun queda muncho pa la XIX Seronda n’Avilés. 16/09/2022 Cuentos de Trazu Sueltu | L’ataque de los merucos Aliens 16/09/2022 N’ochobre entama’l [&hellip;]</p>
