{"id":64995,"date":"2026-01-02T22:09:25","date_gmt":"2026-01-02T20:09:25","guid":{"rendered":"https:\/\/edublog.educastur.es\/ixuxu\/?page_id=64995"},"modified":"2026-01-02T22:09:25","modified_gmt":"2026-01-02T20:09:25","slug":"06_xunu","status":"publish","type":"page","link":"https:\/\/edublog.educastur.es\/ixuxu\/archivu-blogue\/articulos\/2022-2\/06_xunu\/","title":{"rendered":"06_Xunu"},"content":{"rendered":"<ul>\n<li><a href=\"https:\/\/edublog.educastur.es\/ixuxu\/2022\/06\/14317\/\">(sin t\u00edtulo)<\/a>\u00a0<span class=\"post-date\">26\/06\/2022<\/span><\/li>\n<li><a href=\"https:\/\/edublog.educastur.es\/ixuxu\/2022\/06\/14319\/\">D\u00eda de la Xente de Mar<\/a>\u00a0<span class=\"post-date\">25\/06\/2022<\/span><\/li>\n<li><a href=\"https:\/\/edublog.educastur.es\/ixuxu\/2022\/06\/12351\/\">(sin t\u00edtulo)<\/a>\u00a0<span class=\"post-date\">25\/06\/2022<\/span><\/li>\n<li><a href=\"https:\/\/edublog.educastur.es\/ixuxu\/2022\/06\/la-reserva-hidrica-espanola-atopase-al-471-per-cientu-de-la-so-capacida\/\">La reserva h\u00eddrica espa\u00f1ola atopase al 47,1 per cientu de la so capacid\u00e1<\/a>\u00a0<span class=\"post-date\">22\/06\/2022<\/span><\/li>\n<li><a href=\"https:\/\/edublog.educastur.es\/ixuxu\/2022\/06\/14312\/\">(sin t\u00edtulo)<\/a>\u00a0<span class=\"post-date\">22\/06\/2022<\/span><\/li>\n<li><a href=\"https:\/\/edublog.educastur.es\/ixuxu\/2022\/06\/como-tienen-de-distribuyise-los-alimentos\/\">C\u00f3mo tienen de distribuyise los alimentos<\/a>\u00a0<span class=\"post-date\">21\/06\/2022<\/span><\/li>\n<li><a href=\"https:\/\/edublog.educastur.es\/ixuxu\/2022\/06\/14303\/\">Asina puede vese l\u2019alliniaci\u00f3n de cinco planetes a g\u00fceyu<\/a>\u00a0<span class=\"post-date\">21\/06\/2022<\/span><\/li>\n<li><a href=\"https:\/\/edublog.educastur.es\/ixuxu\/2022\/06\/14298\/\">(sin t\u00edtulo)<\/a>\u00a0<span class=\"post-date\">21\/06\/2022<\/span><\/li>\n<li><a href=\"https:\/\/edublog.educastur.es\/ixuxu\/2022\/06\/14295\/\">(sin t\u00edtulo)<\/a>\u00a0<span class=\"post-date\">21\/06\/2022<\/span><\/li>\n<li><a href=\"https:\/\/edublog.educastur.es\/ixuxu\/2022\/06\/el-piescu-o-priescu-yel-frutu-de-la-piescal\/\">El #piescu o priescu ye\u2019l frutu de la piescal<\/a>\u00a0<span class=\"post-date\">21\/06\/2022<\/span><\/li>\n<li><a href=\"https:\/\/edublog.educastur.es\/ixuxu\/2022\/06\/14282\/\">Campa\u00f1a matriculaci\u00f3n en Llingua Asturiana<\/a>\u00a0<span class=\"post-date\">21\/06\/2022<\/span><\/li>\n<li><a href=\"https:\/\/edublog.educastur.es\/ixuxu\/2022\/06\/numberu-nuevu-del-boletin-dixital-educallingua-2\/\">N\u00famberu nuevu del bolet\u00edn dixital Educallingua<\/a>\u00a0<span class=\"post-date\">21\/06\/2022<\/span><\/li>\n<li><a href=\"https:\/\/edublog.educastur.es\/ixuxu\/2022\/06\/14276\/\">(sin t\u00edtulo)<\/a>\u00a0<span class=\"post-date\">21\/06\/2022<\/span><\/li>\n<li><a href=\"https:\/\/edublog.educastur.es\/ixuxu\/2022\/06\/14330\/\">\u00a1Bienven\u00edu Branu!<\/a>\u00a0<span class=\"post-date\">21\/06\/2022<\/span><\/li>\n<li><a href=\"https:\/\/edublog.educastur.es\/ixuxu\/2022\/06\/14315\/\">(sin t\u00edtulo)<\/a>\u00a0<span class=\"post-date\">21\/06\/2022<\/span><\/li>\n<li><a href=\"https:\/\/edublog.educastur.es\/ixuxu\/2022\/06\/la-foguera-de-san-xuan-coincide-col-solsticiu-de-branu\/\">L\u2019orixe paganu de la Nueche de San Juan, una fiesta que podr\u00eda conmemorar l\u2019amor<\/a>\u00a0<span class=\"post-date\">20\/06\/2022<\/span><\/li>\n<li><a href=\"https:\/\/edublog.educastur.es\/ixuxu\/2022\/06\/solsticiu-de-xunu-2022-mira-en-vivu-la-entrada-del-solsticiu-guei-dende-stonehenge\/\">Solsticiu de xunu 2022: mira en vivu la entrada del solsticiu g\u00fcei dende Stonehenge<\/a>\u00a0<span class=\"post-date\">20\/06\/2022<\/span><\/li>\n<li><a href=\"https:\/\/edublog.educastur.es\/ixuxu\/2022\/06\/14264\/\">(sin t\u00edtulo)<\/a>\u00a0<span class=\"post-date\">20\/06\/2022<\/span><\/li>\n<li><a href=\"https:\/\/edublog.educastur.es\/ixuxu\/2022\/06\/fola-de-calor\/\">\u00bfFola de calor?<\/a>\u00a0<span class=\"post-date\">20\/06\/2022<\/span><\/li>\n<li><a href=\"https:\/\/edublog.educastur.es\/ixuxu\/2022\/06\/el-principau-va-incluyir-el-tratamientu-de-caries-a-menores-de-6-anos\/\">El Princip\u00e1u va incluyir el tratamientu de caries a menores de 6 a\u00f1os<\/a>\u00a0<span class=\"post-date\">20\/06\/2022<\/span><\/li>\n<li><a href=\"https:\/\/edublog.educastur.es\/ixuxu\/2022\/06\/crochet-submarin-asina-ye-lacuariu-de-ganchiyu-fechu-por-artesanes\/\">Crochet \u00absubmar\u00edn\u00bb: asina ye l\u2019acuariu de ganchiyu fechu por artesanes<\/a>\u00a0<span class=\"post-date\">20\/06\/2022<\/span><\/li>\n<li><a href=\"https:\/\/edublog.educastur.es\/ixuxu\/2022\/06\/14266\/\">(sin t\u00edtulo)<\/a>\u00a0<span class=\"post-date\">17\/06\/2022<\/span><\/li>\n<li><a href=\"https:\/\/edublog.educastur.es\/ixuxu\/2022\/06\/13357\/\">(sin t\u00edtulo)<\/a>\u00a0<span class=\"post-date\">17\/06\/2022<\/span><\/li>\n<li><a href=\"https:\/\/edublog.educastur.es\/ixuxu\/2022\/06\/larranque-de-la-costera-del-bonitu\/\">L\u2019arranque de la costera del bonitu<\/a>\u00a0<span class=\"post-date\">17\/06\/2022<\/span><\/li>\n<li><a href=\"https:\/\/edublog.educastur.es\/ixuxu\/2022\/06\/estau-del-tiempu-vienres-17-de-xunu\/\">Est\u00e1u del tiempu Vienres 17 de xunu<\/a>\u00a0<span class=\"post-date\">17\/06\/2022<\/span><\/li>\n<li><a href=\"https:\/\/edublog.educastur.es\/ixuxu\/2022\/06\/14246\/\">(sin t\u00edtulo)<\/a>\u00a0<span class=\"post-date\">17\/06\/2022<\/span><\/li>\n<li><a href=\"https:\/\/edublog.educastur.es\/ixuxu\/2022\/06\/14243\/\">El fr\u00edu y la calor\u2026<\/a>\u00a0<span class=\"post-date\">16\/06\/2022<\/span><\/li>\n<li><a href=\"https:\/\/edublog.educastur.es\/ixuxu\/2022\/06\/los-cinco-planetes-mas-cercanos-a-la-tierra-van-alliniase\/\">Los cinco planetes m\u00e1s cercanos a la Tierra van alliniase<\/a>\u00a0<span class=\"post-date\">16\/06\/2022<\/span><\/li>\n<li><a href=\"https:\/\/edublog.educastur.es\/ixuxu\/2022\/06\/i-certame-dalimentos-del-paraisu-natural\/\">I Certame d\u2019Alimentos del Para\u00edsu Natural<\/a>\u00a0<span class=\"post-date\">16\/06\/2022<\/span><\/li>\n<li><a href=\"https:\/\/edublog.educastur.es\/ixuxu\/2022\/06\/la-figal\/\">La figal<\/a>\u00a0<span class=\"post-date\">16\/06\/2022<\/span><\/li>\n<li><a href=\"https:\/\/edublog.educastur.es\/ixuxu\/2022\/06\/14226\/\">N\u00ba 19 de la revista VerAsturies<\/a>\u00a0<span class=\"post-date\">16\/06\/2022<\/span><\/li>\n<li><a href=\"https:\/\/edublog.educastur.es\/ixuxu\/2022\/06\/dia-mundial-de-les-tortues-marines-2\/\">D\u00eda Mundial de les tort\u00faes marines<\/a>\u00a0<span class=\"post-date\">16\/06\/2022<\/span><\/li>\n<li><a href=\"https:\/\/edublog.educastur.es\/ixuxu\/2022\/06\/petit-pop-estrenen-el-so-nuevu-cantar-fan-de-poster\/\">\u201cPetit Pop\u201d estrenen el so nuevu cantar \u201cFan de p\u00f3ster\u201d<\/a>\u00a0<span class=\"post-date\">16\/06\/2022<\/span><\/li>\n<li><a href=\"https:\/\/edublog.educastur.es\/ixuxu\/2022\/06\/la-aemet-tien-activos-para-guei-y-manana-avisos-mariellos-por-altes-temperatures\/\">La AEMET tien activos para g\u00fcei y ma\u00f1ana avisos mariellos por altes temperatures.<\/a>\u00a0<span class=\"post-date\">15\/06\/2022<\/span><\/li>\n<li><a href=\"https:\/\/edublog.educastur.es\/ixuxu\/2022\/06\/14216\/\">(sin t\u00edtulo)<\/a>\u00a0<span class=\"post-date\">15\/06\/2022<\/span><\/li>\n<li><a href=\"https:\/\/edublog.educastur.es\/ixuxu\/2022\/06\/el-seven-seas-voyager-llega-esti-miercoles-al-puertu-de-xixon\/\">El \u2018Seven Seas Voyager\u2019 llega esti mi\u00e9rcoles al Puertu de Xix\u00f3n<\/a>\u00a0<span class=\"post-date\">14\/06\/2022<\/span><\/li>\n<li><a href=\"https:\/\/edublog.educastur.es\/ixuxu\/2022\/06\/mas-de-27-000-quilos-de-pexe-llegaron-a-el-musel-nel-barcu-maria-digna-dos\/\">Mas de 27.000 quilos de pexe llegaron a El Musel nel barcu \u2018Maria Digna Dos\u2019<\/a>\u00a0<span class=\"post-date\">14\/06\/2022<\/span><\/li>\n<li><a href=\"https:\/\/edublog.educastur.es\/ixuxu\/2022\/06\/festival-dintervencion-artistica-en-bolas-de-silo\/\">Festival d\u2019intervenci\u00f3n art\u00edstica en bolas de silo<\/a>\u00a0<span class=\"post-date\">12\/06\/2022<\/span><\/li>\n<li><a href=\"https:\/\/edublog.educastur.es\/ixuxu\/2022\/06\/folixa-nel-cole\/\">Folixa nel cole<\/a>\u00a0<span class=\"post-date\">12\/06\/2022<\/span><\/li>\n<li><a href=\"https:\/\/edublog.educastur.es\/ixuxu\/2022\/06\/san-xuan\/\">San Xuan 2022<\/a>\u00a0<span class=\"post-date\">12\/06\/2022<\/span><\/li>\n<li><a href=\"https:\/\/edublog.educastur.es\/ixuxu\/2022\/06\/esposicion-cuadonga-una-batalla-historiografica\/\">Esposici\u00f3n \u2018Cuadonga: una batalla historiogr\u00e1fica\u2019<\/a>\u00a0<span class=\"post-date\">12\/06\/2022<\/span><\/li>\n<li><a href=\"https:\/\/edublog.educastur.es\/ixuxu\/2022\/06\/asturies-llibrase-siquier-pel-momento-de-la-llegada-de-la-fola-de-calor\/\">Asturies ll\u00edbrase, siquier pel momento, de la llegada de la fola de calor.<\/a>\u00a0<span class=\"post-date\">11\/06\/2022<\/span><\/li>\n<li><a href=\"https:\/\/edublog.educastur.es\/ixuxu\/2022\/06\/12354\/\">(sin t\u00edtulo)<\/a>\u00a0<span class=\"post-date\">11\/06\/2022<\/span><\/li>\n<li><a href=\"https:\/\/edublog.educastur.es\/ixuxu\/2022\/06\/el-pantasma-de-la-opera\/\">El \u00abpantasma de la \u00d3pera\u00bb<\/a>\u00a0<span class=\"post-date\">10\/06\/2022<\/span><\/li>\n<li><a href=\"https:\/\/edublog.educastur.es\/ixuxu\/2022\/06\/x%f0%9d%90%a2%f0%9d%90%ab%f0%9d%90%9a%f0%9d%90%ab-%f0%9d%90%9a%f0%9d%90%a7%f0%9d%90%ad%f0%9d%90%9e%f0%9d%90%ac-%f0%9d%90%9d%f0%9d%90%9e-%f0%9d%90%9e%f0%9d%90%ac%f0%9d%90%9c%f0%9d%90%9a%f0%9d%90%a7\/\">\u00abX???? ????? ?\u2019echar\u00bb<\/a>\u00a0<span class=\"post-date\">10\/06\/2022<\/span><\/li>\n<li><a href=\"https:\/\/edublog.educastur.es\/ixuxu\/2022\/06\/esti-vienres-a-les-8-am-ta-previstu-quatraque-nel-musel-el-cruceru-aida-aura\/\">Esti vienres ta previstu qu\u2019atraque nel Musel el cruceru \u00abAida Aura\u00bb<\/a>\u00a0<span class=\"post-date\">09\/06\/2022<\/span><\/li>\n<li><a href=\"https:\/\/edublog.educastur.es\/ixuxu\/2022\/06\/13330\/\">(sin t\u00edtulo)<\/a>\u00a0<span class=\"post-date\">09\/06\/2022<\/span><\/li>\n<li><a href=\"https:\/\/edublog.educastur.es\/ixuxu\/2022\/06\/dia-mundial-de-los-oceanos-2\/\">D\u00eda Mundial de los oc\u00e9anos<\/a>\u00a0<span class=\"post-date\">08\/06\/2022<\/span><\/li>\n<li><a href=\"https:\/\/edublog.educastur.es\/ixuxu\/2022\/06\/feliz-martes-de-campu\/\">Feliz Martes de Campu<\/a>\u00a0<span class=\"post-date\">07\/06\/2022<\/span><\/li>\n<li><a href=\"https:\/\/edublog.educastur.es\/ixuxu\/2022\/06\/notes-daque-distintu-nesti-horru\/\">\u00bfNotes daqu\u00e9 distintu nesti horru?<\/a>\u00a0<span class=\"post-date\">07\/06\/2022<\/span><\/li>\n<li><a href=\"https:\/\/edublog.educastur.es\/ixuxu\/2022\/06\/14112\/\">(sin t\u00edtulo)<\/a>\u00a0<span class=\"post-date\">07\/06\/2022<\/span><\/li>\n<li><a href=\"https:\/\/edublog.educastur.es\/ixuxu\/2022\/06\/nuevu-videuclip-deva-tejedor\/\">Nuevu videuclip d\u2019Eva Tejedor<\/a>\u00a0<span class=\"post-date\">07\/06\/2022<\/span><\/li>\n<li><a href=\"https:\/\/edublog.educastur.es\/ixuxu\/2022\/06\/el-tiempu-nasturies-2\/\">El tiempu n\u2019Asturies<\/a>\u00a0<span class=\"post-date\">07\/06\/2022<\/span><\/li>\n<li><a href=\"https:\/\/edublog.educastur.es\/ixuxu\/2022\/06\/sabes-onde-pintaron-esti-espectacular-mural\/\">\u00bfSabes \u00f3nde pintaron esti espectacular mural?<\/a>\u00a0<span class=\"post-date\">06\/06\/2022<\/span><\/li>\n<li><a href=\"https:\/\/edublog.educastur.es\/ixuxu\/2022\/06\/14124\/\">Rafa Nadal gana\u2019l Roland Garros 2022<\/a>\u00a0<span class=\"post-date\">06\/06\/2022<\/span><\/li>\n<li><a href=\"https:\/\/edublog.educastur.es\/ixuxu\/2022\/06\/13504\/\">(sin t\u00edtulo)<\/a>\u00a0<span class=\"post-date\">06\/06\/2022<\/span><\/li>\n<li><a href=\"https:\/\/edublog.educastur.es\/ixuxu\/2022\/06\/dia-mundial-del-mediu-ambiente\/\">D\u00eda Mundial del Mediu Ambiente<\/a>\u00a0<span class=\"post-date\">05\/06\/2022<\/span><\/li>\n<li><a href=\"https:\/\/edublog.educastur.es\/ixuxu\/2022\/06\/13977\/\">Vuelve la Prueba de la Sidra na so XXII edici\u00f3n<\/a>\u00a0<span class=\"post-date\">04\/06\/2022<\/span><\/li>\n<li><a href=\"https:\/\/edublog.educastur.es\/ixuxu\/2022\/06\/dia-internacional-de-los-nenos-victimes-inocentes-dagresion\/\">D\u00eda Internacional de los Ne\u00f1os V\u00edctimes Inocentes d\u2019Agresi\u00f3n<\/a>\u00a0<span class=\"post-date\">04\/06\/2022<\/span><\/li>\n<li><a href=\"https:\/\/edublog.educastur.es\/ixuxu\/2022\/06\/festival-interceltico-daviles-del-24-31-de-xunetu\/\">Festival Interc\u00e9ltico d\u2019Avil\u00e9s del 24-31 de xunetu<\/a>\u00a0<span class=\"post-date\">03\/06\/2022<\/span><\/li>\n<li><a href=\"https:\/\/edublog.educastur.es\/ixuxu\/2022\/06\/dia-de-la-bicicleta\/\">D\u00eda de la Bicicleta<\/a>\u00a0<span class=\"post-date\">03\/06\/2022<\/span><\/li>\n<li><a href=\"https:\/\/edublog.educastur.es\/ixuxu\/2022\/06\/12307\/\">(sin t\u00edtulo)<\/a>\u00a0<span class=\"post-date\">02\/06\/2022<\/span><\/li>\n<li><a href=\"https:\/\/edublog.educastur.es\/ixuxu\/2022\/06\/13695\/\">(sin t\u00edtulo)<\/a>\u00a0<span class=\"post-date\">02\/06\/2022<\/span><\/li>\n<li><a href=\"https:\/\/edublog.educastur.es\/ixuxu\/2022\/06\/secretos-dasturies-un-paseu-polos-horreos-y-paneres-de-bueno\/\">Secretos d\u2019Asturies: un pas\u00e9u polos #h\u00f3rreos y #paneres de Gue\u00f1u<\/a>\u00a0<span class=\"post-date\">01\/06\/2022<\/span><\/li>\n<li><a href=\"https:\/\/edublog.educastur.es\/ixuxu\/2022\/06\/presentacion-del-llibru-la-ventana\/\">Presentaci\u00f3n del llibru \u00abLa ventana\u00bb<\/a>\u00a0<span class=\"post-date\">01\/06\/2022<\/span><\/li>\n<li><a href=\"https:\/\/edublog.educastur.es\/ixuxu\/2022\/06\/14065\/\">(sin t\u00edtulo)<\/a>\u00a0<span class=\"post-date\">01\/06\/2022<\/span><\/li>\n<li><a href=\"https:\/\/edublog.educastur.es\/ixuxu\/2022\/06\/el-secretu-del-pitu-de-caleya-el-pollu-que-se-cria-nos-praos-asturianos\/\">El secretu del pitu de caleya: el pollu que se cr\u00eda nos praos asturianos<\/a>\u00a0<span class=\"post-date\">01\/06\/2022<\/span><\/li>\n<li><a href=\"https:\/\/edublog.educastur.es\/ixuxu\/2022\/06\/xxxii-premiu-el-ojo-critico-de-musica-moderna\/\">XXXII Premiu \u2018El Ojo Cr\u00edtico\u2019 de M\u00fasica Moderna<\/a>\u00a0<span class=\"post-date\">01\/06\/2022<\/span><\/li>\n<li><a href=\"https:\/\/edublog.educastur.es\/ixuxu\/2022\/06\/camin-primitivu\/\">Cam\u00edn Primitivu a Santiago<\/a>\u00a0<span class=\"post-date\">01\/06\/2022<\/span><\/li>\n<li><a href=\"https:\/\/edublog.educastur.es\/ixuxu\/2022\/06\/nuevu-videu-clip-de-la-cantante-silvia-quesada\/\">Nuevu v\u00eddeu clip de la cantante Silvia Quesada<\/a>\u00a0<span class=\"post-date\">01\/06\/2022<\/span><\/li>\n<li><a href=\"https:\/\/edublog.educastur.es\/ixuxu\/2022\/06\/les-pequenes-coses-muestren-quien-yes\/\">Les peque\u00f1es coses muestren qui\u00e9n yes\u2026<\/a>\u00a0<span class=\"post-date\">01\/06\/2022<\/span><\/li>\n<li><a href=\"https:\/\/edublog.educastur.es\/ixuxu\/2022\/06\/pexes-de-temporada-xunu\/\">Pexes de temporada: XUNU<\/a>\u00a0<span class=\"post-date\">01\/06\/2022<\/span><\/li>\n<li><a href=\"https:\/\/edublog.educastur.es\/ixuxu\/2022\/06\/dia-internacional-de-la-infancia\/\">D\u00eda Internacional de la Infancia<\/a>\u00a0<span class=\"post-date\">01\/06\/2022<\/span><\/li>\n<li><a href=\"https:\/\/edublog.educastur.es\/ixuxu\/2022\/06\/nuevo-video-clip-de-pauline-en-la-playa\/\">Nuevo video clip de Pauline en la playa<\/a>\u00a0<span class=\"post-date\">01\/06\/2022<\/span><\/li>\n<li><a href=\"https:\/\/edublog.educastur.es\/ixuxu\/2022\/06\/14049\/\">#Xunu (xuno, xunio, de San Xuan\u2026), del llat\u00edn \u2018Iunius\u2019, ye\u2019l sestu mes del a\u00f1u. Probablemente venga de la diosa romana Xuno. ?<\/a>\u00a0<span class=\"post-date\">01\/06\/2022<\/span><\/li>\n<li><a href=\"https:\/\/edublog.educastur.es\/ixuxu\/2022\/06\/13165\/\">(sin t\u00edtulo)<\/a>\u00a0<span class=\"post-date\">01\/06\/2022<\/span><\/li>\n<li><a href=\"https:\/\/edublog.educastur.es\/ixuxu\/2022\/06\/campana-de-matriculacion-en-llingua-asturiana\/\">Campa\u00f1a de matriculaci\u00f3n en Llingua Asturiana<\/a>\u00a0<span class=\"post-date\">01\/06\/2022<\/span><\/li>\n<\/ul>\n","protected":false},"excerpt":{"rendered":"<p>(sin t\u00edtulo)\u00a026\/06\/2022 D\u00eda de la Xente de Mar\u00a025\/06\/2022 (sin t\u00edtulo)\u00a025\/06\/2022 La reserva h\u00eddrica espa\u00f1ola atopase al 47,1 per cientu de la so capacid\u00e1\u00a022\/06\/2022 (sin t\u00edtulo)\u00a022\/06\/2022 C\u00f3mo tienen de distribuyise los alimentos\u00a021\/06\/2022 Asina puede vese l\u2019alliniaci\u00f3n de cinco planetes a g\u00fceyu\u00a021\/06\/2022 (sin t\u00edtulo)\u00a021\/06\/2022 (sin t\u00edtulo)\u00a021\/06\/2022 El #piescu o priescu ye\u2019l frutu de la piescal\u00a021\/06\/2022 Campa\u00f1a matriculaci\u00f3n [&hellip;]<\/p>\n","protected":false},"author":117,"featured_media":0,"parent":34960,"menu_order":0,"comment_status":"closed","ping_status":"closed","template":"","meta":{"footnotes":""},"class_list":["post-64995","page","type-page","status-publish","hentry"],"_links":{"self":[{"href":"https:\/\/edublog.educastur.es\/ixuxu\/wp-json\/wp\/v2\/pages\/64995","targetHints":{"allow":["GET"]}}],"collection":[{"href":"https:\/\/edublog.educastur.es\/ixuxu\/wp-json\/wp\/v2\/pages"}],"about":[{"href":"https:\/\/edublog.educastur.es\/ixuxu\/wp-json\/wp\/v2\/types\/page"}],"author":[{"embeddable":true,"href":"https:\/\/edublog.educastur.es\/ixuxu\/wp-json\/wp\/v2\/users\/117"}],"replies":[{"embeddable":true,"href":"https:\/\/edublog.educastur.es\/ixuxu\/wp-json\/wp\/v2\/comments?post=64995"}],"version-history":[{"count":1,"href":"https:\/\/edublog.educastur.es\/ixuxu\/wp-json\/wp\/v2\/pages\/64995\/revisions"}],"predecessor-version":[{"id":64996,"href":"https:\/\/edublog.educastur.es\/ixuxu\/wp-json\/wp\/v2\/pages\/64995\/revisions\/64996"}],"up":[{"embeddable":true,"href":"https:\/\/edublog.educastur.es\/ixuxu\/wp-json\/wp\/v2\/pages\/34960"}],"wp:attachment":[{"href":"https:\/\/edublog.educastur.es\/ixuxu\/wp-json\/wp\/v2\/media?parent=64995"}],"curies":[{"name":"wp","href":"https:\/\/api.w.org\/{rel}","templated":true}]}}