{"id":65003,"date":"2026-01-02T22:11:22","date_gmt":"2026-01-02T20:11:22","guid":{"rendered":"https:\/\/edublog.educastur.es\/ixuxu\/?page_id=65003"},"modified":"2026-01-02T22:11:22","modified_gmt":"2026-01-02T20:11:22","slug":"02_febreru","status":"publish","type":"page","link":"https:\/\/edublog.educastur.es\/ixuxu\/archivu-blogue\/articulos\/2022-2\/02_febreru\/","title":{"rendered":"02_Febreru"},"content":{"rendered":"<ul>\n<li><a href=\"https:\/\/edublog.educastur.es\/ixuxu\/2022\/02\/ecosistema-del-suelu\/\">Ecosistema del suelu<\/a>\u00a0<span class=\"post-date\">28\/02\/2022<\/span><\/li>\n<li><a href=\"https:\/\/edublog.educastur.es\/ixuxu\/2022\/02\/primer-taller-dinstrumentos-3d-dasturies\/\">Primer taller d\u2019instrumentos 3D d\u2019Asturies.<\/a>\u00a0<span class=\"post-date\">28\/02\/2022<\/span><\/li>\n<li><a href=\"https:\/\/edublog.educastur.es\/ixuxu\/2022\/02\/13582\/\">(sin t\u00edtulo)<\/a>\u00a0<span class=\"post-date\">28\/02\/2022<\/span><\/li>\n<li><a href=\"https:\/\/edublog.educastur.es\/ixuxu\/2022\/02\/la-lluna-naprosimao-1000-esposiciones\/\">La Lluna n\u2019aprosimao 1000 esposiciones<\/a>\u00a0<span class=\"post-date\">28\/02\/2022<\/span><\/li>\n<li><a href=\"https:\/\/edublog.educastur.es\/ixuxu\/2022\/02\/13578\/\">(sin t\u00edtulo)<\/a>\u00a0<span class=\"post-date\">28\/02\/2022<\/span><\/li>\n<li><a href=\"https:\/\/edublog.educastur.es\/ixuxu\/2022\/02\/skateando-per-xixon\/\">Skateando per Xix\u00f3n<\/a>\u00a0<span class=\"post-date\">28\/02\/2022<\/span><\/li>\n<li><a href=\"https:\/\/edublog.educastur.es\/ixuxu\/2022\/02\/13643\/\">(sin t\u00edtulo)<\/a>\u00a0<span class=\"post-date\">28\/02\/2022<\/span><\/li>\n<li><a href=\"https:\/\/edublog.educastur.es\/ixuxu\/2022\/02\/antroxu-en-ribeseya\/\">Antroxu en Ribeseya<\/a>\u00a0<span class=\"post-date\">28\/02\/2022<\/span><\/li>\n<li><a href=\"https:\/\/edublog.educastur.es\/ixuxu\/2022\/02\/13434\/\">(sin t\u00edtulo)<\/a>\u00a0<span class=\"post-date\">28\/02\/2022<\/span><\/li>\n<li><a href=\"https:\/\/edublog.educastur.es\/ixuxu\/2022\/02\/13598\/\">(sin t\u00edtulo)<\/a>\u00a0<span class=\"post-date\">27\/02\/2022<\/span><\/li>\n<li><a href=\"https:\/\/edublog.educastur.es\/ixuxu\/2022\/02\/guilandeiros-de-tineu-en-santolaya\/\">Guilandeiros de Tin\u00e9u en Santolaya<\/a>\u00a0<span class=\"post-date\">27\/02\/2022<\/span><\/li>\n<li><a href=\"https:\/\/edublog.educastur.es\/ixuxu\/2022\/02\/antroxu-daviles-descensu-de-galiana\/\">Antroxu d\u2019Avil\u00e9s: Descensu de Galiana<\/a>\u00a0<span class=\"post-date\">27\/02\/2022<\/span><\/li>\n<li><a href=\"https:\/\/edublog.educastur.es\/ixuxu\/2022\/02\/13595\/\">Art\u00edculu: \u00abL\u2019Antroxu y la lluna\u00bb<\/a>\u00a0<span class=\"post-date\">27\/02\/2022<\/span><\/li>\n<li><a href=\"https:\/\/edublog.educastur.es\/ixuxu\/2022\/02\/los-participantes-caltienen-vivu-un-festexu-nel-domingu-anterior-al-martes-dantroxu\/\">Los participantes caltienen vivu un festexu nel domingu anterior al martes d\u2019Antroxu.<\/a>\u00a0<span class=\"post-date\">27\/02\/2022<\/span><\/li>\n<li><a href=\"https:\/\/edublog.educastur.es\/ixuxu\/2022\/02\/13553\/\">(sin t\u00edtulo)<\/a>\u00a0<span class=\"post-date\">27\/02\/2022<\/span><\/li>\n<li><a href=\"https:\/\/edublog.educastur.es\/ixuxu\/2022\/02\/leverest-yel-monte-mas-altu-del-mundu\/\">L\u00b4Everest ye\u2019l monte m\u00e1s altu del mundu\u2026<\/a>\u00a0<span class=\"post-date\">27\/02\/2022<\/span><\/li>\n<li><a href=\"https:\/\/edublog.educastur.es\/ixuxu\/2022\/02\/13401\/\">(sin t\u00edtulo)<\/a>\u00a0<span class=\"post-date\">27\/02\/2022<\/span><\/li>\n<li><a href=\"https:\/\/edublog.educastur.es\/ixuxu\/2022\/02\/mazcaritos-duvieu\/\">Mazcaritos d\u2019Uvi\u00e9u<\/a>\u00a0<span class=\"post-date\">26\/02\/2022<\/span><\/li>\n<li><a href=\"https:\/\/edublog.educastur.es\/ixuxu\/2022\/02\/13600\/\">(sin t\u00edtulo)<\/a>\u00a0<span class=\"post-date\">26\/02\/2022<\/span><\/li>\n<li><a href=\"https:\/\/edublog.educastur.es\/ixuxu\/2022\/02\/antroxu-el-singular-carnaval-nasturies\/\">Antroxu, el singular carnaval n\u2019Asturies<\/a>\u00a0<span class=\"post-date\">26\/02\/2022<\/span><\/li>\n<li><a href=\"https:\/\/edublog.educastur.es\/ixuxu\/2022\/02\/xornaes-gastronomiques-dantroxu\/\">Xorn\u00e1es gastron\u00f3miques d\u2019Antroxu<\/a>\u00a0<span class=\"post-date\">26\/02\/2022<\/span><\/li>\n<li><a href=\"https:\/\/edublog.educastur.es\/ixuxu\/2022\/02\/13586\/\">(sin t\u00edtulo)<\/a>\u00a0<span class=\"post-date\">26\/02\/2022<\/span><\/li>\n<li><a href=\"https:\/\/edublog.educastur.es\/ixuxu\/2022\/02\/non-a-la-guerra\/\">NON a la guerra!<\/a>\u00a0<span class=\"post-date\">25\/02\/2022<\/span><\/li>\n<li><a href=\"https:\/\/edublog.educastur.es\/ixuxu\/2022\/02\/13547\/\">(sin t\u00edtulo)<\/a>\u00a0<span class=\"post-date\">21\/02\/2022<\/span><\/li>\n<li><a href=\"https:\/\/edublog.educastur.es\/ixuxu\/2022\/02\/celebramos-el-dia-de-la-llingua-materna-nel-cole\/\">Celebramos el D\u00eda de la Llingua Materna nel cole<\/a>\u00a0<span class=\"post-date\">21\/02\/2022<\/span><\/li>\n<li><a href=\"https:\/\/edublog.educastur.es\/ixuxu\/2022\/02\/13534\/\">(sin t\u00edtulo)<\/a>\u00a0<span class=\"post-date\">20\/02\/2022<\/span><\/li>\n<li><a href=\"https:\/\/edublog.educastur.es\/ixuxu\/2022\/02\/13536\/\">(sin t\u00edtulo)<\/a>\u00a0<span class=\"post-date\">20\/02\/2022<\/span><\/li>\n<li><a href=\"https:\/\/edublog.educastur.es\/ixuxu\/2022\/02\/13459\/\">(sin t\u00edtulo)<\/a>\u00a0<span class=\"post-date\">20\/02\/2022<\/span><\/li>\n<li><a href=\"https:\/\/edublog.educastur.es\/ixuxu\/2022\/02\/13539\/\">El mam\u00edferu col que se comercia masivamente en tol mundu<\/a>\u00a0<span class=\"post-date\">19\/02\/2022<\/span><\/li>\n<li><a href=\"https:\/\/edublog.educastur.es\/ixuxu\/2022\/02\/la-espansion-y-lorixe-de-les-llingues-indoeuropees\/\">La espansi\u00f3n y l\u2019orixe de les lling\u00fces indoeuropees<\/a>\u00a0<span class=\"post-date\">19\/02\/2022<\/span><\/li>\n<li><a href=\"https:\/\/edublog.educastur.es\/ixuxu\/2022\/02\/13515\/\">(sin t\u00edtulo)<\/a>\u00a0<span class=\"post-date\">19\/02\/2022<\/span><\/li>\n<li><a href=\"https:\/\/edublog.educastur.es\/ixuxu\/2022\/02\/13510\/\">D\u00eda de la Llingua Materna: 21 de febreru<\/a>\u00a0<span class=\"post-date\">19\/02\/2022<\/span><\/li>\n<li><a href=\"https:\/\/edublog.educastur.es\/ixuxu\/2022\/02\/asturies-un-paraisu-natural-en-toles-estaciones\/\">Asturies, un Para\u00edsu Natural en toles estaciones<\/a>\u00a0<span class=\"post-date\">19\/02\/2022<\/span><\/li>\n<li><a href=\"https:\/\/edublog.educastur.es\/ixuxu\/2022\/02\/los-mazcaritos-organicen-talleros-dantroxu\/\">Los Mazcaritos organicen talleros d\u2019antroxu<\/a>\u00a0<span class=\"post-date\">19\/02\/2022<\/span><\/li>\n<li><a href=\"https:\/\/edublog.educastur.es\/ixuxu\/2022\/02\/13182\/\">(sin t\u00edtulo)<\/a>\u00a0<span class=\"post-date\">19\/02\/2022<\/span><\/li>\n<li><a href=\"https:\/\/edublog.educastur.es\/ixuxu\/2022\/02\/antroxu\/\">Antroxu<\/a>\u00a0<span class=\"post-date\">18\/02\/2022<\/span><\/li>\n<li><a href=\"https:\/\/edublog.educastur.es\/ixuxu\/2022\/02\/13176\/\">(sin t\u00edtulo)<\/a>\u00a0<span class=\"post-date\">17\/02\/2022<\/span><\/li>\n<li><a href=\"https:\/\/edublog.educastur.es\/ixuxu\/2022\/02\/que-ye-la-boveda-del-fin-del-mundu-y-por-que-puede-salvar-a-la-humanida\/\">\u00bfQu\u00e9 ye \u2018la b\u00f3veda del fin del mundu\u2019 y por qu\u00e9 puede salvar a la humanid\u00e1?<\/a>\u00a0<span class=\"post-date\">16\/02\/2022<\/span><\/li>\n<li><a href=\"https:\/\/edublog.educastur.es\/ixuxu\/2022\/02\/13497\/\">(sin t\u00edtulo)<\/a>\u00a0<span class=\"post-date\">14\/02\/2022<\/span><\/li>\n<li><a href=\"https:\/\/edublog.educastur.es\/ixuxu\/2022\/02\/13495\/\">(sin t\u00edtulo)<\/a>\u00a0<span class=\"post-date\">13\/02\/2022<\/span><\/li>\n<li><a href=\"https:\/\/edublog.educastur.es\/ixuxu\/2022\/02\/53-descensu-folklorico-descensu-folkloricu-del-nalon\/\">53 Descensu Folkl\u00f3rico Descensu Folkl\u00f3ricu del Nal\u00f3n<\/a>\u00a0<span class=\"post-date\">13\/02\/2022<\/span><\/li>\n<li><a href=\"https:\/\/edublog.educastur.es\/ixuxu\/2022\/02\/del-13-al-18-de-febreru-feten-xixon\/\">Del 13 al 18 de febreru: FETEN Xix\u00f3n.<\/a>\u00a0<span class=\"post-date\">13\/02\/2022<\/span><\/li>\n<li><a href=\"https:\/\/edublog.educastur.es\/ixuxu\/2022\/02\/12110\/\">(sin t\u00edtulo)<\/a>\u00a0<span class=\"post-date\">11\/02\/2022<\/span><\/li>\n<li><a href=\"https:\/\/edublog.educastur.es\/ixuxu\/2022\/02\/xugamos\/\">Xugamos? (semeyes d\u2019esguiles)<\/a>\u00a0<span class=\"post-date\">11\/02\/2022<\/span><\/li>\n<li><a href=\"https:\/\/edublog.educastur.es\/ixuxu\/2022\/02\/dia-internacional-de-la-muyer-y-la-nena-na-ciencia-2\/\">D\u00eda Internacional de la Muyer y la Ne\u00f1a na Ciencia<\/a>\u00a0<span class=\"post-date\">11\/02\/2022<\/span><\/li>\n<li><a href=\"https:\/\/edublog.educastur.es\/ixuxu\/2022\/02\/13163\/\">(sin t\u00edtulo)<\/a>\u00a0<span class=\"post-date\">10\/02\/2022<\/span><\/li>\n<li><a href=\"https:\/\/edublog.educastur.es\/ixuxu\/2022\/02\/entamal-futbol-la-primera-lliga\/\">Entama\u2019l f\u00fatbol: la primera Lliga<\/a>\u00a0<span class=\"post-date\">10\/02\/2022<\/span><\/li>\n<li><a href=\"https:\/\/edublog.educastur.es\/ixuxu\/2022\/02\/muyeres-brillando-nel-deporte-olimpicu-norabona\/\">Muyeres brillando nel deporte ol\u00edmpicu: tabla de \u00f1eve<\/a>\u00a0<span class=\"post-date\">10\/02\/2022<\/span><\/li>\n<li><a href=\"https:\/\/edublog.educastur.es\/ixuxu\/2022\/02\/12163\/\">(sin t\u00edtulo)<\/a>\u00a0<span class=\"post-date\">09\/02\/2022<\/span><\/li>\n<li><a href=\"https:\/\/edublog.educastur.es\/ixuxu\/2022\/02\/asomamos-a-unu-de-los-miradores-mas-guapos-dasturies\/\">Asomamos a unu de los miradores m\u00e1s guapos d\u2019Asturies<\/a>\u00a0<span class=\"post-date\">08\/02\/2022<\/span><\/li>\n<li><a href=\"https:\/\/edublog.educastur.es\/ixuxu\/2022\/02\/primer-saltu-cuadruple-nunos-xuegos-olimpicos\/\">Primer saltu cu\u00e1druple n\u2019unos Xuegos Ol\u00edmpicos<\/a>\u00a0<span class=\"post-date\">08\/02\/2022<\/span><\/li>\n<li><a href=\"https:\/\/edublog.educastur.es\/ixuxu\/2022\/02\/presentacion-la-curuxa-catuxa\/\">Presentaci\u00f3n \u00abLa Curuxa Catuxa\u00bb<\/a>\u00a0<span class=\"post-date\">08\/02\/2022<\/span><\/li>\n<li><a href=\"https:\/\/edublog.educastur.es\/ixuxu\/2022\/02\/recordando-a-julio-verne-autor-frances-maestru-de-la-ciencia-ficcion\/\">Recordando a Julio Verne, autor franc\u00e9s maestru de la ciencia ficci\u00f3n<\/a>\u00a0<span class=\"post-date\">08\/02\/2022<\/span><\/li>\n<li><a href=\"https:\/\/edublog.educastur.es\/ixuxu\/2022\/02\/13374\/\">(sin t\u00edtulo)<\/a>\u00a0<span class=\"post-date\">07\/02\/2022<\/span><\/li>\n<li><a href=\"https:\/\/edublog.educastur.es\/ixuxu\/2022\/02\/espresion-que-se-diz-cuando-daquien-tien-deseos-poco-reales-o-presume-muncho\/\">Espresi\u00f3n que se diz cuando daqui\u00e9n tien deseos poco reales o presume muncho.<\/a>\u00a0<span class=\"post-date\">06\/02\/2022<\/span><\/li>\n<li><a href=\"https:\/\/edublog.educastur.es\/ixuxu\/2022\/02\/13382\/\">(sin t\u00edtulo)<\/a>\u00a0<span class=\"post-date\">06\/02\/2022<\/span><\/li>\n<li><a href=\"https:\/\/edublog.educastur.es\/ixuxu\/2022\/02\/empreses-quusen-lasturianu-pa-les-so-promociones\/\">Empreses qu\u2019usen l\u2019asturianu pa les so promociones<\/a>\u00a0<span class=\"post-date\">06\/02\/2022<\/span><\/li>\n<li><a href=\"https:\/\/edublog.educastur.es\/ixuxu\/2022\/02\/antroxu-tradicional-daviles\/\">\u2026Antroxu tradicional d\u2019Avil\u00e9s<\/a>\u00a0<span class=\"post-date\">06\/02\/2022<\/span><\/li>\n<li><a href=\"https:\/\/edublog.educastur.es\/ixuxu\/2022\/02\/xornaes-de-la-matanza-en-ponga\/\">Xorn\u00e1es de la matanza en Ponga (Febreru)<\/a>\u00a0<span class=\"post-date\">06\/02\/2022<\/span><\/li>\n<li><a href=\"https:\/\/edublog.educastur.es\/ixuxu\/2022\/02\/11857\/\">(sin t\u00edtulo)<\/a>\u00a0<span class=\"post-date\">06\/02\/2022<\/span><\/li>\n<li><a href=\"https:\/\/edublog.educastur.es\/ixuxu\/2022\/02\/les-imaxes-de-buhos-y-les-sos-cares-irresistibles-y-formoses\/\">Les imaxes de b\u00fahos y les sos cares irresistibles y formoses<\/a>\u00a0<span class=\"post-date\">05\/02\/2022<\/span><\/li>\n<li><a href=\"https:\/\/edublog.educastur.es\/ixuxu\/2022\/02\/el-cuidu-de-la-naturaleza-ye-responsabilida-de-toos-y-cada-unu-de-nos\/\">El cuidu de la naturaleza ye responsabilid\u00e1 de toos y cada unu de n\u00f3s.<\/a>\u00a0<span class=\"post-date\">05\/02\/2022<\/span><\/li>\n<li><a href=\"https:\/\/edublog.educastur.es\/ixuxu\/2022\/02\/lapasionante-universu-de-les-formigues-so-la-lente-alternative\/\">L\u2019apasionante universu de les formigues, so la lente alternative<\/a>\u00a0<span class=\"post-date\">05\/02\/2022<\/span><\/li>\n<li><a href=\"https:\/\/edublog.educastur.es\/ixuxu\/2022\/02\/un-asturianu-gana-unu-de-los-concursos-de-fotografia-daves-mas-prestixosu-del-mundu\/\">Un asturianu gana unu de los concursos de fotograf\u00eda d\u2019aves m\u00e1s prestixosu del mundu<\/a>\u00a0<span class=\"post-date\">05\/02\/2022<\/span><\/li>\n<li><a href=\"https:\/\/edublog.educastur.es\/ixuxu\/2022\/02\/les-50-semeyes-mas-espectaculares-datapeceres-nasturies\/\">Les 50 semeyes m\u00e1s espectaculares d\u2019atapeceres n\u2019Asturies<\/a>\u00a0<span class=\"post-date\">05\/02\/2022<\/span><\/li>\n<li><a href=\"https:\/\/edublog.educastur.es\/ixuxu\/2022\/02\/uvieu-concursos-damarutes-en-carnaval\/\">Uvi\u00e9u: Concursos d\u2019amarutes en Carnaval<\/a>\u00a0<span class=\"post-date\">05\/02\/2022<\/span><\/li>\n<li><a href=\"https:\/\/edublog.educastur.es\/ixuxu\/2022\/02\/13149\/\">(sin t\u00edtulo)<\/a>\u00a0<span class=\"post-date\">05\/02\/2022<\/span><\/li>\n<li><a href=\"https:\/\/edublog.educastur.es\/ixuxu\/2022\/02\/un-enfriamientu-planetariu-dio-pasu-a-la-era-de-los-dinosaurios\/\">Un enfriamientu planetariu dio pasu a la era de los dinosaurios<\/a>\u00a0<span class=\"post-date\">05\/02\/2022<\/span><\/li>\n<li><a href=\"https:\/\/edublog.educastur.es\/ixuxu\/2022\/02\/13328\/\">(sin t\u00edtulo)<\/a>\u00a0<span class=\"post-date\">04\/02\/2022<\/span><\/li>\n<li><a href=\"https:\/\/edublog.educastur.es\/ixuxu\/2022\/02\/mazcaritos-duvieu-convidanos-a-talleres-dantroxu\/\">Mazcaritos d\u2019Uvi\u00e9u convidanos a talleres d\u2019antroxu<\/a>\u00a0<span class=\"post-date\">04\/02\/2022<\/span><\/li>\n<li><a href=\"https:\/\/edublog.educastur.es\/ixuxu\/2022\/02\/13321\/\">(sin t\u00edtulo)<\/a>\u00a0<span class=\"post-date\">04\/02\/2022<\/span><\/li>\n<li><a href=\"https:\/\/edublog.educastur.es\/ixuxu\/2022\/02\/dia-mundial-contral-cancer\/\">D\u00eda Mundial contra\u2019l C\u00e1ncer<\/a>\u00a0<span class=\"post-date\">04\/02\/2022<\/span><\/li>\n<li><a href=\"https:\/\/edublog.educastur.es\/ixuxu\/2022\/02\/inauguracion-de-los-xuegos-olimpicos-diviernu-2022\/\">Inauguraci\u00f3n de los Xuegos Ol\u00edmpicos d\u2019Iviernu 2022<\/a>\u00a0<span class=\"post-date\">04\/02\/2022<\/span><\/li>\n<li><a href=\"https:\/\/edublog.educastur.es\/ixuxu\/2022\/02\/la-diferencia-ente-asturianu-y-bable\/\">La diferencia ente #asturianu y #bable<\/a>\u00a0<span class=\"post-date\">04\/02\/2022<\/span><\/li>\n<li><a href=\"https:\/\/edublog.educastur.es\/ixuxu\/2022\/02\/13326\/\">(sin t\u00edtulo)<\/a>\u00a0<span class=\"post-date\">04\/02\/2022<\/span><\/li>\n<li><a href=\"https:\/\/edublog.educastur.es\/ixuxu\/2022\/02\/la-igp-miel-dasturies-ya-ye-una-realida\/\">La IGP Miel d\u2019Asturies y\u00e1 ye una realid\u00e1.<\/a>\u00a0<span class=\"post-date\">03\/02\/2022<\/span><\/li>\n<li><a href=\"https:\/\/edublog.educastur.es\/ixuxu\/2022\/02\/el-pueblu-mas-famosu-dasturies\/\">El pueblu m\u00e1s famosu d\u2019Asturies<\/a>\u00a0<span class=\"post-date\">03\/02\/2022<\/span><\/li>\n<li><a href=\"https:\/\/edublog.educastur.es\/ixuxu\/2022\/02\/13308\/\">(sin t\u00edtulo)<\/a>\u00a0<span class=\"post-date\">03\/02\/2022<\/span><\/li>\n<li><a href=\"https:\/\/edublog.educastur.es\/ixuxu\/2022\/02\/el-maluro-espendido-especie-dave-propia-daustralia\/\">El maluro esp\u00e9ndido, especie d\u2019ave propia d\u2019Australia<\/a>\u00a0<span class=\"post-date\">03\/02\/2022<\/span><\/li>\n<li><a href=\"https:\/\/edublog.educastur.es\/ixuxu\/2022\/02\/11902\/\">(sin t\u00edtulo)<\/a>\u00a0<span class=\"post-date\">03\/02\/2022<\/span><\/li>\n<li><a href=\"https:\/\/edublog.educastur.es\/ixuxu\/2022\/02\/dia-internacional-del-abogau\/\">D\u00eda Internacional del Abog\u00e1u<\/a>\u00a0<span class=\"post-date\">03\/02\/2022<\/span><\/li>\n<li><a href=\"https:\/\/edublog.educastur.es\/ixuxu\/2022\/02\/13299\/\">(sin t\u00edtulo)<\/a>\u00a0<span class=\"post-date\">02\/02\/2022<\/span><\/li>\n<li><a href=\"https:\/\/edublog.educastur.es\/ixuxu\/2022\/02\/escultura-en-papel-que-representa-la-fuerza-duna-mente-construyida-pola-llectura\/\">Escultura en papel: la fuerza d\u2019una mente construyida pola llectura.<\/a>\u00a0<span class=\"post-date\">02\/02\/2022<\/span><\/li>\n<li><a href=\"https:\/\/edublog.educastur.es\/ixuxu\/2022\/02\/dia-mundial-de-la-llectura-en-voz-alta-world-read-aloud-day\/\">D\u00eda Mundial de la Llectura en Voz Alta (World Read Aloud Day)<\/a>\u00a0<span class=\"post-date\">02\/02\/2022<\/span><\/li>\n<li><a href=\"https:\/\/edublog.educastur.es\/ixuxu\/2022\/02\/dia-mundial-de-los-humedales\/\">D\u00eda Mundial de los Humedales<\/a>\u00a0<span class=\"post-date\">02\/02\/2022<\/span><\/li>\n<li><a href=\"https:\/\/edublog.educastur.es\/ixuxu\/2022\/02\/13403\/\">(sin t\u00edtulo)<\/a>\u00a0<span class=\"post-date\">02\/02\/2022<\/span><\/li>\n<li><a href=\"https:\/\/edublog.educastur.es\/ixuxu\/2022\/02\/13133\/\">(sin t\u00edtulo)<\/a>\u00a0<span class=\"post-date\">02\/02\/2022<\/span><\/li>\n<li><a href=\"https:\/\/edublog.educastur.es\/ixuxu\/2022\/02\/diadeinternetsegura\/\">#D\u00edaDeInternetSegura.<\/a>\u00a0<span class=\"post-date\">01\/02\/2022<\/span><\/li>\n<li><a href=\"https:\/\/edublog.educastur.es\/ixuxu\/2022\/02\/13131\/\">(sin t\u00edtulo)<\/a>\u00a0<span class=\"post-date\">01\/02\/2022<\/span><\/li>\n<li><a href=\"https:\/\/edublog.educastur.es\/ixuxu\/2022\/02\/consume-verdura-de-temporada\/\">Consume verdura de temporada: Febreru<\/a>\u00a0<span class=\"post-date\">01\/02\/2022<\/span><\/li>\n<li><a href=\"https:\/\/edublog.educastur.es\/ixuxu\/2022\/02\/pexes-de-temporada-febreru\/\">Pexes de temporada: Febreru<\/a>\u00a0<span class=\"post-date\">01\/02\/2022<\/span><\/li>\n<li><a href=\"https:\/\/edublog.educastur.es\/ixuxu\/2022\/02\/13922\/\">D\u00eda de la Llingua Materna<\/a>\u00a0<span class=\"post-date\">01\/02\/2022<\/span><\/li>\n<li><a href=\"https:\/\/edublog.educastur.es\/ixuxu\/2022\/02\/cartelu-del-li-festival-interceltique-de-lorient\/\">Cartelu del LI Festival Interceltique de Lorient<\/a>\u00a0<span class=\"post-date\">01\/02\/2022<\/span><\/li>\n<li><a href=\"https:\/\/edublog.educastur.es\/ixuxu\/2022\/02\/febreru-cordereru-marzu-cabriteru\/\">\u00abFebreru cordereru, marzu cabriteru\u00bb.<\/a>\u00a0<span class=\"post-date\">01\/02\/2022<\/span><\/li>\n<li><a href=\"https:\/\/edublog.educastur.es\/ixuxu\/2022\/02\/11859\/\">(sin t\u00edtulo)<\/a>\u00a0<span class=\"post-date\">01\/02\/2022<\/span><\/li>\n<li><a href=\"https:\/\/edublog.educastur.es\/ixuxu\/2022\/02\/antroxu-de-xixon-del-25-de-febreru-al-1-de-marzu\/\">Antroxu de Xix\u00f3n, del 25 de febreru al 1 de marzu<\/a>\u00a0<span class=\"post-date\">01\/02\/2022<\/span><\/li>\n<li><a href=\"https:\/\/edublog.educastur.es\/ixuxu\/2022\/02\/el-29-de-xineru-el-satelite-sentinel3-fixo-esta-semeya-de-la-p-iberica-ensin-apenes-nubes\/\">El 29 de xineru el s\u00e1telite #Sentinel3 fixo esta semeya de la P. Ib\u00e9rica ensin apenes nubes<\/a>\u00a0<span class=\"post-date\">01\/02\/2022<\/span><\/li>\n<li><a href=\"https:\/\/edublog.educastur.es\/ixuxu\/2022\/02\/lanu-nuevu-llunar-lanu-del-tigre\/\">L\u2019A\u00f1u Nuevu Llunar: l\u2019a\u00f1u del tigre d\u2019agua<\/a>\u00a0<span class=\"post-date\">01\/02\/2022<\/span><\/li>\n<\/ul>\n","protected":false},"excerpt":{"rendered":"<p>Ecosistema del suelu\u00a028\/02\/2022 Primer taller d\u2019instrumentos 3D d\u2019Asturies.\u00a028\/02\/2022 (sin t\u00edtulo)\u00a028\/02\/2022 La Lluna n\u2019aprosimao 1000 esposiciones\u00a028\/02\/2022 (sin t\u00edtulo)\u00a028\/02\/2022 Skateando per Xix\u00f3n\u00a028\/02\/2022 (sin t\u00edtulo)\u00a028\/02\/2022 Antroxu en Ribeseya\u00a028\/02\/2022 (sin t\u00edtulo)\u00a028\/02\/2022 (sin t\u00edtulo)\u00a027\/02\/2022 Guilandeiros de Tin\u00e9u en Santolaya\u00a027\/02\/2022 Antroxu d\u2019Avil\u00e9s: Descensu de Galiana\u00a027\/02\/2022 Art\u00edculu: \u00abL\u2019Antroxu y la lluna\u00bb\u00a027\/02\/2022 Los participantes caltienen vivu un festexu nel domingu anterior al martes [&hellip;]<\/p>\n","protected":false},"author":117,"featured_media":0,"parent":34960,"menu_order":0,"comment_status":"closed","ping_status":"closed","template":"","meta":{"footnotes":""},"class_list":["post-65003","page","type-page","status-publish","hentry"],"_links":{"self":[{"href":"https:\/\/edublog.educastur.es\/ixuxu\/wp-json\/wp\/v2\/pages\/65003","targetHints":{"allow":["GET"]}}],"collection":[{"href":"https:\/\/edublog.educastur.es\/ixuxu\/wp-json\/wp\/v2\/pages"}],"about":[{"href":"https:\/\/edublog.educastur.es\/ixuxu\/wp-json\/wp\/v2\/types\/page"}],"author":[{"embeddable":true,"href":"https:\/\/edublog.educastur.es\/ixuxu\/wp-json\/wp\/v2\/users\/117"}],"replies":[{"embeddable":true,"href":"https:\/\/edublog.educastur.es\/ixuxu\/wp-json\/wp\/v2\/comments?post=65003"}],"version-history":[{"count":1,"href":"https:\/\/edublog.educastur.es\/ixuxu\/wp-json\/wp\/v2\/pages\/65003\/revisions"}],"predecessor-version":[{"id":65004,"href":"https:\/\/edublog.educastur.es\/ixuxu\/wp-json\/wp\/v2\/pages\/65003\/revisions\/65004"}],"up":[{"embeddable":true,"href":"https:\/\/edublog.educastur.es\/ixuxu\/wp-json\/wp\/v2\/pages\/34960"}],"wp:attachment":[{"href":"https:\/\/edublog.educastur.es\/ixuxu\/wp-json\/wp\/v2\/media?parent=65003"}],"curies":[{"name":"wp","href":"https:\/\/api.w.org\/{rel}","templated":true}]}}