{"id":65019,"date":"2026-01-02T22:16:58","date_gmt":"2026-01-02T20:16:58","guid":{"rendered":"https:\/\/edublog.educastur.es\/ixuxu\/?page_id=65019"},"modified":"2026-01-02T22:16:58","modified_gmt":"2026-01-02T20:16:58","slug":"07_xunetu","status":"publish","type":"page","link":"https:\/\/edublog.educastur.es\/ixuxu\/archivu-blogue\/articulos\/2021-2\/07_xunetu\/","title":{"rendered":"07_Xunetu"},"content":{"rendered":"<ul>\n<li><a href=\"https:\/\/edublog.educastur.es\/ixuxu\/2021\/07\/una-guia-dexa-conocer-asturies-al-travies-del-so-patrimoniu-industrial\/\">Una gu\u00eda dexa conocer Asturies al travi\u00e9s del so patrimoniu industrial<\/a>\u00a0<span class=\"post-date\">31\/07\/2021<\/span><\/li>\n<li><a href=\"https:\/\/edublog.educastur.es\/ixuxu\/2021\/07\/articulu-dinteres\/\">Art\u00edculu d\u00b4inter\u00e9s\u2026<\/a>\u00a0<span class=\"post-date\">30\/07\/2021<\/span><\/li>\n<li><a href=\"https:\/\/edublog.educastur.es\/ixuxu\/2021\/07\/puru-remangu-cultura-feminista-y-nasturianu-que-trespasa-fronteres\/\">Puru Remangu, cultura feminista y n\u2019asturianu que trespasa fronteres<\/a>\u00a0<span class=\"post-date\">30\/07\/2021<\/span><\/li>\n<li><a href=\"https:\/\/edublog.educastur.es\/ixuxu\/2021\/07\/inauguracion-del-horru-del-campu-de-la-garita-cadavedo-valdes\/\">Inauguraci\u00f3n del horru del campu de La Garita (Cadavedo, Vald\u00e9s)<\/a>\u00a0<span class=\"post-date\">30\/07\/2021<\/span><\/li>\n<li><a href=\"https:\/\/edublog.educastur.es\/ixuxu\/2021\/07\/empieza-la-campana-de-participacion-paral-mural-dedicau-a-uvieu\/\">Empieza la campa\u00f1a de participaci\u00f3n para\u2019l mural dedic\u00e1u a Uvi\u00e9u<\/a>\u00a0<span class=\"post-date\">30\/07\/2021<\/span><\/li>\n<li><a href=\"https:\/\/edublog.educastur.es\/ixuxu\/2021\/07\/les-30-carreteres-actives-peligroses-quhabria-quevitar\/\">Les 30 Carreteres actives peligroses qu\u2019habr\u00eda qu\u2019evitar<\/a>\u00a0<span class=\"post-date\">30\/07\/2021<\/span><\/li>\n<li><a href=\"https:\/\/edublog.educastur.es\/ixuxu\/2021\/07\/menus-nasturianu\/\">Men\u00fas n\u00b4Asturianu<\/a>\u00a0<span class=\"post-date\">30\/07\/2021<\/span><\/li>\n<li><a href=\"https:\/\/edublog.educastur.es\/ixuxu\/2021\/07\/la-nueche-celta-de-corao\/\">La Nueche Celta de Corao<\/a>\u00a0<span class=\"post-date\">30\/07\/2021<\/span><\/li>\n<li><a href=\"https:\/\/edublog.educastur.es\/ixuxu\/2021\/07\/reparen-un-pulpu-tresparente-los-sos-organos-vense-a-gueyu\/\">Reparen un pulpu tresparente: los sos \u00f3rganos vense a g\u00fceyu<\/a>\u00a0<span class=\"post-date\">30\/07\/2021<\/span><\/li>\n<li><a href=\"https:\/\/edublog.educastur.es\/ixuxu\/2021\/07\/retto-al-diantre-en-madrenes\/\">\u00abRetto al Diantre en madre\u00f1es\u00bb<\/a>\u00a0<span class=\"post-date\">30\/07\/2021<\/span><\/li>\n<li><a href=\"https:\/\/edublog.educastur.es\/ixuxu\/2021\/07\/esta-ye-la-roca-mas-grande-del-mundu\/\">Esta ye la roca mas grande del mundu<\/a>\u00a0<span class=\"post-date\">30\/07\/2021<\/span><\/li>\n<li><a href=\"https:\/\/edublog.educastur.es\/ixuxu\/2021\/07\/el-reflexu-del-cielu\/\">El reflexu del cielu.<\/a>\u00a0<span class=\"post-date\">30\/07\/2021<\/span><\/li>\n<li><a href=\"https:\/\/edublog.educastur.es\/ixuxu\/2021\/07\/toma-de-posesion-de-lydia-espina-conseyera-deducacion\/\">Toma de posesi\u00f3n de Lydia Espina, Conseyera d\u00b4Educaci\u00f3n<\/a>\u00a0<span class=\"post-date\">29\/07\/2021<\/span><\/li>\n<li><a href=\"https:\/\/edublog.educastur.es\/ixuxu\/2021\/07\/casi-15-millones-deuros-para-recuperar-les-guelgues-y-porreos-de-la-ria-de-villaviciosa\/\">Inversi\u00f3n de 1,5 mill\/\u20ac na R\u00eda de Villaviciosa<\/a>\u00a0<span class=\"post-date\">29\/07\/2021<\/span><\/li>\n<li><a href=\"https:\/\/edublog.educastur.es\/ixuxu\/2021\/07\/precisamos-a-simone-biles-porque-precisamos-lleendes-superheroines-pero-la-ximnasta-prefirio-ser-humana\/\">L\u2019ansied\u00e1 gana a la ximnasta perfecta: Simone Biles ret\u00edrase de Tokio 2020<\/a>\u00a0<span class=\"post-date\">28\/07\/2021<\/span><\/li>\n<li><a href=\"https:\/\/edublog.educastur.es\/ixuxu\/2021\/07\/na-alcordanza-de-juan-luis-nepomuceno\/\">Na alcordanza de Juan Luis Nepomuceno<\/a>\u00a0<span class=\"post-date\">28\/07\/2021<\/span><\/li>\n<li><a href=\"https:\/\/edublog.educastur.es\/ixuxu\/2021\/07\/que-llevanten-la-mano-los-que-quieran-una-de-percebes\/\">Que llevanten la mano los que quieran una de percebes<\/a>\u00a0<span class=\"post-date\">28\/07\/2021<\/span><\/li>\n<li><a href=\"https:\/\/edublog.educastur.es\/ixuxu\/2021\/07\/el-mio-resume-de-los-xuegos-olimpicos\/\">El mio resume de los Xuegos Ol\u00edmpicos<\/a>\u00a0<span class=\"post-date\">28\/07\/2021<\/span><\/li>\n<li><a href=\"https:\/\/edublog.educastur.es\/ixuxu\/2021\/07\/pallabreru-del-suf\/\">Pallabreru del suf<\/a>\u00a0<span class=\"post-date\">27\/07\/2021<\/span><\/li>\n<li><a href=\"https:\/\/edublog.educastur.es\/ixuxu\/2021\/07\/los-banzaos-espanoles-atropen-27-958-hm%c2%b3-dagua-el-5002-de-la-so-capacida-total\/\">Los banzaos espa\u00f1oles atropen 27.958 hm\u00b3 d\u00b4agua, el 50,02% de la so capacid\u00e1 total<\/a>\u00a0<span class=\"post-date\">27\/07\/2021<\/span><\/li>\n<li><a href=\"https:\/\/edublog.educastur.es\/ixuxu\/2021\/07\/8017\/\">\u2026 de mario Benedetti<\/a>\u00a0<span class=\"post-date\">27\/07\/2021<\/span><\/li>\n<li><a href=\"https:\/\/edublog.educastur.es\/ixuxu\/2021\/07\/cultura-abre-al-publicu-hastal-19-de-setiembre-la-cueva-de-la-lluera-nuvieu\/\">Cultura abre al p\u00fablicu hasta\u2019l 19 de setiembre la cueva de La Lluera, n\u2019Uvi\u00e9u<\/a>\u00a0<span class=\"post-date\">27\/07\/2021<\/span><\/li>\n<li><a href=\"https:\/\/edublog.educastur.es\/ixuxu\/2021\/07\/dexonos-menchu-alvarez-del-valle-periodista-muyer-y-amante-dasturies\/\">Dexonos Menchu \u00c1lvarez del Valle: periodista, muyer y amante d\u2019Asturies.<\/a>\u00a0<span class=\"post-date\">27\/07\/2021<\/span><\/li>\n<li><a href=\"https:\/\/edublog.educastur.es\/ixuxu\/2021\/07\/la-biblioteca-circulante-de-castropol-cumple-100-anos-convertida-nel-centru-social-de-la-so-contorna\/\">La biblioteca circulante de Castropol cumple 100 a\u00f1os convertida nel centru social de la so contorna<\/a>\u00a0<span class=\"post-date\">27\/07\/2021<\/span><\/li>\n<li><a href=\"https:\/\/edublog.educastur.es\/ixuxu\/2021\/07\/carreno-clasifica-pa-octavos-onde-espera-laleman-koepfer\/\">Carre\u00f1o clasifica pa octavos, onde espera l\u2019alem\u00e1n Koepfer<\/a>\u00a0<span class=\"post-date\">26\/07\/2021<\/span><\/li>\n<li><a href=\"https:\/\/edublog.educastur.es\/ixuxu\/2021\/07\/8004\/\">El 26 de xunetu de 1875 naci\u00f3\u2019l poeta Antonio Machado<\/a>\u00a0<span class=\"post-date\">26\/07\/2021<\/span><\/li>\n<li><a href=\"https:\/\/edublog.educastur.es\/ixuxu\/2021\/07\/levi-diaz-ganador-de-la-voz-kids-2021\/\">Levi D\u00edaz, el ne\u00f1u de la eterna sorrisa, gana \u2018La Voz Kids\u2019<\/a>\u00a0<span class=\"post-date\">25\/07\/2021<\/span><\/li>\n<li><a href=\"https:\/\/edublog.educastur.es\/ixuxu\/2021\/07\/9246\/\">\u00abEnsin T\u00edtulu\u00bb, de Xos\u00e9 B. \u00c1lvarez<\/a>\u00a0<span class=\"post-date\">24\/07\/2021<\/span><\/li>\n<li><a href=\"https:\/\/edublog.educastur.es\/ixuxu\/2021\/07\/la-representacion-asturiana-en-tokiu-en-busca-de-medaya\/\">La representaci\u00f3n asturiana en Tokiu, en busca de medaya<\/a>\u00a0<span class=\"post-date\">24\/07\/2021<\/span><\/li>\n<li><a href=\"https:\/\/edublog.educastur.es\/ixuxu\/2021\/07\/7991\/\">L\u2019apertura de los Xuegos Ol\u00edmpicos en Tokio<\/a>\u00a0<span class=\"post-date\">23\/07\/2021<\/span><\/li>\n<li><a href=\"https:\/\/edublog.educastur.es\/ixuxu\/2021\/07\/asturies-maxica-timelipse\/\">Asturies m\u00e1xica (timelipse)<\/a>\u00a0<span class=\"post-date\">23\/07\/2021<\/span><\/li>\n<li><a href=\"https:\/\/edublog.educastur.es\/ixuxu\/2021\/07\/a-68-el-nuevu-iceberg-antarticu\/\">A-68: el nuevu iceberg ant\u00e1rticu<\/a>\u00a0<span class=\"post-date\">23\/07\/2021<\/span><\/li>\n<li><a href=\"https:\/\/edublog.educastur.es\/ixuxu\/2021\/07\/caballinos-del-dianu\/\">Caballinos del dia\u00f1u<\/a>\u00a0<span class=\"post-date\">23\/07\/2021<\/span><\/li>\n<li><a href=\"https:\/\/edublog.educastur.es\/ixuxu\/2021\/07\/actuar-con-vetusta-morla-visibilizol-papel-tan-importante-que-tien-la-pandereta-na-mio-vida\/\">\u00abActuar con Vetusta Morla visibiliz\u00f3\u2019l papel tan importante que tien la pandereta na mio vida\u00bb<\/a>\u00a0<span class=\"post-date\">23\/07\/2021<\/span><\/li>\n<li><a href=\"https:\/\/edublog.educastur.es\/ixuxu\/2021\/07\/entrerrios-maria-lopez-y-carreno-la-representacion-asturiana-en-tokiu-en-busca-de-medaya\/\">Entrerr\u00edos, Mar\u00eda L\u00f3pez y Carre\u00f1o, la representaci\u00f3n asturiana en Tokiu en busca de medaya<\/a>\u00a0<span class=\"post-date\">23\/07\/2021<\/span><\/li>\n<li><a href=\"https:\/\/edublog.educastur.es\/ixuxu\/2021\/07\/los-chavales-tienen-quaprender-faciendo\/\">\u00abLos chavales tienen qu\u2019aprender faciendo\u00bb<\/a>\u00a0<span class=\"post-date\">22\/07\/2021<\/span><\/li>\n<li><a href=\"https:\/\/edublog.educastur.es\/ixuxu\/2021\/07\/7959\/\">Nassim Haramein: \u201cLa sabidur\u00eda del universu\u201d<\/a>\u00a0<span class=\"post-date\">22\/07\/2021<\/span><\/li>\n<li><a href=\"https:\/\/edublog.educastur.es\/ixuxu\/2021\/07\/na-actual-nacion-celta-dasturies-esisten-tres-etnies-celtiques-astur-galaica-cantabra\/\">Na actual naci\u00f3n celta d\u2019Asturies, esisten tres etnies c\u00e9ltiques: astur, galaica, c\u00e1ntabra<\/a>\u00a0<span class=\"post-date\">22\/07\/2021<\/span><\/li>\n<li><a href=\"https:\/\/edublog.educastur.es\/ixuxu\/2021\/07\/visites-guiaes-nasturianu\/\">Visites guiaes n\u00b4asturianu<\/a>\u00a0<span class=\"post-date\">22\/07\/2021<\/span><\/li>\n<li><a href=\"https:\/\/edublog.educastur.es\/ixuxu\/2021\/07\/texon-ganador-del-premiu-xuan-maria-acebal-de-poesia\/\">Tex\u00f3n, ganador del Premiu Xuan Mar\u00eda Acebal de poes\u00eda<\/a>\u00a0<span class=\"post-date\">22\/07\/2021<\/span><\/li>\n<li><a href=\"https:\/\/edublog.educastur.es\/ixuxu\/2021\/07\/dia-mundial-del-celebru\/\">D\u00eda Mundial del celebru<\/a>\u00a0<span class=\"post-date\">22\/07\/2021<\/span><\/li>\n<li><a href=\"https:\/\/edublog.educastur.es\/ixuxu\/2021\/07\/esposicion-nel-amaro-postal-visual\/\">Esposici\u00f3n \u00abNel Amaro: Postal\/Visual\u00bb<\/a>\u00a0<span class=\"post-date\">22\/07\/2021<\/span><\/li>\n<li><a href=\"https:\/\/edublog.educastur.es\/ixuxu\/2021\/07\/el-mundu-ta-llenu-de-coses-maxiques\/\">El mundu ta llenu de coses m\u00e1xiques\u2026<\/a>\u00a0<span class=\"post-date\">21\/07\/2021<\/span><\/li>\n<li><a href=\"https:\/\/edublog.educastur.es\/ixuxu\/2021\/07\/el-primer-cow-talent-de-la-television-asturiana\/\">\u00a1El primer cow talent de la televisi\u00f3n asturiana!<\/a>\u00a0<span class=\"post-date\">21\/07\/2021<\/span><\/li>\n<li><a href=\"https:\/\/edublog.educastur.es\/ixuxu\/2021\/07\/ye-inutil-amar-lo-que-te-ignora\/\">\u201cYe in\u00fatil amar lo que te ignora\u201d.<\/a>\u00a0<span class=\"post-date\">21\/07\/2021<\/span><\/li>\n<li><a href=\"https:\/\/edublog.educastur.es\/ixuxu\/2021\/07\/robla-un-conveniu-cola-conseyeria-deducacion-pa-llegar-a-tolos-colexos-deducacion-especial-del-pais\/\">La Fundaci\u00f3n Escuela de Mareo va crear escueles inclusives en toa Asturies<\/a>\u00a0<span class=\"post-date\">20\/07\/2021<\/span><\/li>\n<li><a href=\"https:\/\/edublog.educastur.es\/ixuxu\/2021\/07\/los-orangutanes-de-borneo-tan-morriendo-de-fame-pola-falta-de-fruta\/\">Los orangutanes de Borneo t\u00e1n morriendo de fame pola falta de fruta<\/a>\u00a0<span class=\"post-date\">20\/07\/2021<\/span><\/li>\n<li><a href=\"https:\/\/edublog.educastur.es\/ixuxu\/2021\/07\/dia-mundial-del-axedrez\/\">D\u00eda Mundial del Axedrez<\/a>\u00a0<span class=\"post-date\">20\/07\/2021<\/span><\/li>\n<li><a href=\"https:\/\/edublog.educastur.es\/ixuxu\/2021\/07\/esti-branul-teatru-campoamor-duvieu-cumple-129-anos-desque-foi-inaugurau\/\">Esti branu\u2019l Teatru Campoamor d\u2019Uvi\u00e9u cumple 129 a\u00f1os desque foi inaugur\u00e1u.<\/a>\u00a0<span class=\"post-date\">19\/07\/2021<\/span><\/li>\n<li><a href=\"https:\/\/edublog.educastur.es\/ixuxu\/2021\/07\/tpa-buscase-presentador-con-munchu-arremangu-pa-un-programa-nuevu\/\">TPA: B\u00fascase presentador con munchu arremangu pa un programa nuevu.<\/a>\u00a0<span class=\"post-date\">19\/07\/2021<\/span><\/li>\n<li><a href=\"https:\/\/edublog.educastur.es\/ixuxu\/2021\/07\/cuentu-la-historia-dun-superarbol\/\">Cuentu: La historia d\u2019un super\u00e1rbol<\/a>\u00a0<span class=\"post-date\">19\/07\/2021<\/span><\/li>\n<li><a href=\"https:\/\/edublog.educastur.es\/ixuxu\/2021\/07\/dia-del-emoji\/\">D\u00eda del Emoji<\/a>\u00a0<span class=\"post-date\">17\/07\/2021<\/span><\/li>\n<li><a href=\"https:\/\/edublog.educastur.es\/ixuxu\/2021\/07\/la-cientifica-asturiana-margarita-salas-sellu-dhonor-de-correos-nhomenaxe-a-la-so-carrera\/\">La cient\u00edfica asturiana Margarita Salas, sellu d\u2019honor de Correos n\u2019homenaxe a la so carrera<\/a>\u00a0<span class=\"post-date\">16\/07\/2021<\/span><\/li>\n<li><a href=\"https:\/\/edublog.educastur.es\/ixuxu\/2021\/07\/la-ximnasia-artistica-espanola-escontra-la-conquista-de-tokio-2020\/\">La ximnasia art\u00edstica espa\u00f1ola, escontra la conquista de Tokio 2020<\/a>\u00a0<span class=\"post-date\">15\/07\/2021<\/span><\/li>\n<li><a href=\"https:\/\/edublog.educastur.es\/ixuxu\/2021\/07\/8172\/\">El diariu va publicar una serie de llibros dedicada al mundu de los castros n\u00b4Asturies.<\/a>\u00a0<span class=\"post-date\">15\/07\/2021<\/span><\/li>\n<li><a href=\"https:\/\/edublog.educastur.es\/ixuxu\/2021\/07\/quiros-anueval-so-museu-etnograficu-con-nueves-pieces-y-talleres-infantiles\/\">Quir\u00f3s anueva\u2019l so Mus\u00e9u Etnogr\u00e1ficu con nueves pieces y talleres infantiles<\/a>\u00a0<span class=\"post-date\">13\/07\/2021<\/span><\/li>\n<li><a href=\"https:\/\/edublog.educastur.es\/ixuxu\/2021\/07\/sableres-dasturies-con-bandera-azul\/\">Sableres d\u2019Asturies con bandera azul<\/a>\u00a0<span class=\"post-date\">12\/07\/2021<\/span><\/li>\n<li><a href=\"https:\/\/edublog.educastur.es\/ixuxu\/2021\/07\/uvieu-la-puerta-escontra-santiago\/\">Uvi\u00e9u, la Puerta escontra Santiago<\/a>\u00a0<span class=\"post-date\">12\/07\/2021<\/span><\/li>\n<li><a href=\"https:\/\/edublog.educastur.es\/ixuxu\/2021\/07\/terminoloxia-de-deportes-y-pruebes-olimpiques\/\">Terminolox\u00eda de deportes y pruebes ol\u00edmpiques.<\/a>\u00a0<span class=\"post-date\">12\/07\/2021<\/span><\/li>\n<li><a href=\"https:\/\/edublog.educastur.es\/ixuxu\/2021\/07\/pasaporte-cultural-en-turismo-asturies\/\">\u00abPasaporte Cultural\u00bb en Turismu Asturies<\/a>\u00a0<span class=\"post-date\">11\/07\/2021<\/span><\/li>\n<li><a href=\"https:\/\/edublog.educastur.es\/ixuxu\/2021\/07\/7828\/\">D\u00eda Mundial de la Poblaci\u00f3n<\/a>\u00a0<span class=\"post-date\">11\/07\/2021<\/span><\/li>\n<li><a href=\"https:\/\/edublog.educastur.es\/ixuxu\/2021\/07\/derechu-de-los-nenos-a-escuchar-cuentos\/\">Derechu de los ne\u00f1os a escuchar cuentos<\/a>\u00a0<span class=\"post-date\">10\/07\/2021<\/span><\/li>\n<li><a href=\"https:\/\/edublog.educastur.es\/ixuxu\/2021\/07\/primer-numberu-de-la-coleicion-dominiu-publicu-de-la-biblioteca-dasturies-ramon-perez-de-ayala\/\">Primer n\u00famberu de la coleici\u00f3n \u2018Dominiu p\u00fablicu\u2019 de la Biblioteca d\u2019Asturies Ram\u00f3n P\u00e9rez de Ayala<\/a>\u00a0<span class=\"post-date\">10\/07\/2021<\/span><\/li>\n<li><a href=\"https:\/\/edublog.educastur.es\/ixuxu\/2021\/07\/esposicion-vientiu-norte-de-nicolas-muller\/\">Esposici\u00f3n \u00abVientiu Norte\u00bb de Nico\u00e1s Muller<\/a>\u00a0<span class=\"post-date\">10\/07\/2021<\/span><\/li>\n<li><a href=\"https:\/\/edublog.educastur.es\/ixuxu\/2021\/07\/7800\/\">Afayando\u2019l patrimoniu industrial asturianu: rutes por un paisaxe singular<\/a>\u00a0<span class=\"post-date\">10\/07\/2021<\/span><\/li>\n<li><a href=\"https:\/\/edublog.educastur.es\/ixuxu\/2021\/07\/la-musica-del-camin-de-santiagu\/\">La m\u00fasica del Cam\u00edn de Santiagu<\/a>\u00a0<span class=\"post-date\">10\/07\/2021<\/span><\/li>\n<li><a href=\"https:\/\/edublog.educastur.es\/ixuxu\/2021\/07\/el-calamar-fresa\/\">El calamar fresa<\/a>\u00a0<span class=\"post-date\">09\/07\/2021<\/span><\/li>\n<li><a href=\"https:\/\/edublog.educastur.es\/ixuxu\/2021\/07\/abeyes-robot-una-alternativa-realista-para-aumentar-la-produccion-de-freses\/\">Asturies quier amenorgar el metanu de los peos de les vaques y producir l\u00e1cteos para la llonxevid\u00e1<\/a>\u00a0<span class=\"post-date\">09\/07\/2021<\/span><\/li>\n<li><a href=\"https:\/\/edublog.educastur.es\/ixuxu\/2021\/07\/estaciones-del-anu-apreciaes-nuna-isla-aisllada-en-finlandia\/\">Estaciones del a\u00f1u apreciaes n\u2019una isla aisllada en Finlandia<\/a>\u00a0<span class=\"post-date\">08\/07\/2021<\/span><\/li>\n<li><a href=\"https:\/\/edublog.educastur.es\/ixuxu\/2021\/07\/xuegos-olimpicos-tokio\/\">Xuegos Ol\u00edmpicos Tokio<\/a>\u00a0<span class=\"post-date\">08\/07\/2021<\/span><\/li>\n<li><a href=\"https:\/\/edublog.educastur.es\/ixuxu\/2021\/07\/naz-un-guacamayu-azul-que-salva-a-la-so-especie-oficialmente-declarada-estinta\/\">Naz un Guacamayu azul que salva a la so especie oficialmente declarada estinta<\/a>\u00a0<span class=\"post-date\">08\/07\/2021<\/span><\/li>\n<li><a href=\"https:\/\/edublog.educastur.es\/ixuxu\/2021\/07\/el-miel-asturiano-trunfa-nos-london-honey-awards\/\">El miel asturiano trunfa nos London Honey Awards<\/a>\u00a0<span class=\"post-date\">08\/07\/2021<\/span><\/li>\n<li><a href=\"https:\/\/edublog.educastur.es\/ixuxu\/2021\/07\/cuentu-un-restoran-bien-especial\/\">Cuentu: \u00abUn restor\u00e1n bien especial\u00bb<\/a>\u00a0<span class=\"post-date\">08\/07\/2021<\/span><\/li>\n<li><a href=\"https:\/\/edublog.educastur.es\/ixuxu\/2021\/07\/intelixencia-emocional-la-soft-skill-mas-demandada-nel-ambitu-llaboral\/\">Intelixencia emocional, la \u2018soft skill\u2019 m\u00e1s demandada nel \u00e1mbitu llaboral<\/a>\u00a0<span class=\"post-date\">08\/07\/2021<\/span><\/li>\n<li><a href=\"https:\/\/edublog.educastur.es\/ixuxu\/2021\/07\/alfonso-ii-el-primera-pelegrin\/\">\u201cAlfonso II, el Primera Pelegr\u00edn\u00bb<\/a>\u00a0<span class=\"post-date\">08\/07\/2021<\/span><\/li>\n<li><a href=\"https:\/\/edublog.educastur.es\/ixuxu\/2021\/07\/la-regalina-vuelve-tener-horru-lhorru-ocupa-un-nuevu-llugar\/\">La Regalina vuelve tener horru. L\u2019horru ocupa un nuevu llugar.<\/a>\u00a0<span class=\"post-date\">08\/07\/2021<\/span><\/li>\n<li><a href=\"https:\/\/edublog.educastur.es\/ixuxu\/2021\/07\/sabes-como-salimenta-una-cria-de-ballena\/\">\u00bfSabes c\u00f3mo s\u2019alimenta una cr\u00eda de ballena?<\/a>\u00a0<span class=\"post-date\">08\/07\/2021<\/span><\/li>\n<li><a href=\"https:\/\/edublog.educastur.es\/ixuxu\/2021\/07\/cuideiru-ruta-de-los-pixuatos-viquingos\/\">\u00abCUIDEIRU\u00bb Ruta de los pixuatos &amp; viquingos<\/a>\u00a0<span class=\"post-date\">08\/07\/2021<\/span><\/li>\n<li><a href=\"https:\/\/edublog.educastur.es\/ixuxu\/2021\/07\/embaranzu-nel-mundu-animal\/\">Embaranzu nel mundu animal.<\/a>\u00a0<span class=\"post-date\">07\/07\/2021<\/span><\/li>\n<li><a href=\"https:\/\/edublog.educastur.es\/ixuxu\/2021\/07\/asina-se-ve-un-amanecer-dende-les-nubes\/\">Asina se ve un amanecer dende les nubes<\/a>\u00a0<span class=\"post-date\">07\/07\/2021<\/span><\/li>\n<li><a href=\"https:\/\/edublog.educastur.es\/ixuxu\/2021\/07\/conoces-la-cabra-bermeya\/\">\u00bfConoces la Cabra Bermeya?<\/a>\u00a0<span class=\"post-date\">07\/07\/2021<\/span><\/li>\n<li><a href=\"https:\/\/edublog.educastur.es\/ixuxu\/2021\/07\/leonardo-da-vinci\/\">Leonardo da Vinci<\/a>\u00a0<span class=\"post-date\">07\/07\/2021<\/span><\/li>\n<li><a href=\"https:\/\/edublog.educastur.es\/ixuxu\/2021\/07\/quies-conocer-el-xixon-de-los-xovellanos\/\">\u00bfQuies conocer el Xix\u00f3n de los Xovellanos?<\/a>\u00a0<span class=\"post-date\">07\/07\/2021<\/span><\/li>\n<li><a href=\"https:\/\/edublog.educastur.es\/ixuxu\/2021\/07\/el-folclore-na-cai-torna-esti-sabadu\/\">El \u00abFolclore na Cai\u00bb torna esti s\u00e1badu<\/a>\u00a0<span class=\"post-date\">06\/07\/2021<\/span><\/li>\n<li><a href=\"https:\/\/edublog.educastur.es\/ixuxu\/2021\/07\/afayen-un-inmensu-continente-somorguiau-debaxo-dislandia\/\">Afayen un inmensu continente somorgui\u00e1u debaxo d\u2019Islandia<\/a>\u00a0<span class=\"post-date\">05\/07\/2021<\/span><\/li>\n<li><a href=\"https:\/\/edublog.educastur.es\/ixuxu\/2021\/07\/unu-de-los-negocios-con-mas-solera-de-ponga\/\">Unu de los negocios con m\u00e1s solera de Ponga<\/a>\u00a0<span class=\"post-date\">05\/07\/2021<\/span><\/li>\n<li><a href=\"https:\/\/edublog.educastur.es\/ixuxu\/2021\/07\/castropol-conviertese-nel-conceyu-numberu-69-noficializar-la-toponimia-tradicional\/\">Castropol: conceyu 69 n\u2019oficializar la toponimia tradicional<\/a>\u00a0<span class=\"post-date\">05\/07\/2021<\/span><\/li>\n<li><a href=\"https:\/\/edublog.educastur.es\/ixuxu\/2021\/07\/andrea-rodriguez-alonso-primer-muyer-internacional-con-espana\/\">Andrea Rodr\u00edguez Alonso, primer muyer internacional con Espa\u00f1a<\/a>\u00a0<span class=\"post-date\">04\/07\/2021<\/span><\/li>\n<li><a href=\"https:\/\/edublog.educastur.es\/ixuxu\/2021\/07\/esposicion-del-mundu-rural-nel-museu-del-pueblu-dasturies\/\">Esposici\u00f3n del mundu rural nel Mus\u00e9u del Pueblu d\u2019Asturies<\/a>\u00a0<span class=\"post-date\">04\/07\/2021<\/span><\/li>\n<li><a href=\"https:\/\/edublog.educastur.es\/ixuxu\/2021\/07\/la-trokola-asoleya-un-nuevu-numberu-de-la-so-revista-trokoleando\/\">La Tr\u00f3kola asoleya un nuevu n\u00famberu de la so revista \u00abTrokoleando\u00bb<\/a>\u00a0<span class=\"post-date\">04\/07\/2021<\/span><\/li>\n<li><a href=\"https:\/\/edublog.educastur.es\/ixuxu\/2021\/07\/7591\/\">Goethe<\/a>\u00a0<span class=\"post-date\">04\/07\/2021<\/span><\/li>\n<li><a href=\"https:\/\/edublog.educastur.es\/ixuxu\/2021\/07\/dia-ensin-bolses-de-plasticu\/\">D\u00eda Internacional llibre de bolses de pl\u00e1sticu<\/a>\u00a0<span class=\"post-date\">03\/07\/2021<\/span><\/li>\n<li><a href=\"https:\/\/edublog.educastur.es\/ixuxu\/2021\/07\/7676\/\">Valla publicitaria \u00abSidra d\u00b4Asturies\u00bb<\/a>\u00a0<span class=\"post-date\">02\/07\/2021<\/span><\/li>\n<li><a href=\"https:\/\/edublog.educastur.es\/ixuxu\/2021\/07\/miraes-2021\/\">Miraes 2021<\/a>\u00a0<span class=\"post-date\">02\/07\/2021<\/span><\/li>\n<li><a href=\"https:\/\/edublog.educastur.es\/ixuxu\/2021\/07\/rodiles-la-sablera-de-la-que-toa-asturies-fala\/\">Rodiles: la sablera de la que toa Asturies fala<\/a>\u00a0<span class=\"post-date\">01\/07\/2021<\/span><\/li>\n<li><a href=\"https:\/\/edublog.educastur.es\/ixuxu\/2021\/07\/porrua-en-boles-una-intervencion-artistica-sobro-les-boles-de-silu\/\">\u00abPorr\u00faa en Boles\u00bb: una intervenci\u00f3n art\u00edstica sobro les boles de silu.<\/a>\u00a0<span class=\"post-date\">01\/07\/2021<\/span><\/li>\n<li><a href=\"https:\/\/edublog.educastur.es\/ixuxu\/2021\/07\/xose-andres-premiu-princesa-dasturies\/\">Xos\u00e9 Andr\u00e9s, premiu Princesa d\u00b4Asturies de la Concordia<\/a>\u00a0<span class=\"post-date\">01\/07\/2021<\/span><\/li>\n<li><a href=\"https:\/\/edublog.educastur.es\/ixuxu\/2021\/07\/y-somiedu-volvio-ser-la-capital-asturiana-del-cuentu\/\">Y Somiedu volvi\u00f3 ser la capital asturiana del cuentu<\/a>\u00a0<span class=\"post-date\">01\/07\/2021<\/span><\/li>\n<li><a href=\"https:\/\/edublog.educastur.es\/ixuxu\/2021\/07\/el-madrilanu-que-camudo-la-ciuda-pol-pueblu-pa-embarcase-nel-proyectu-de-la-so-vida\/\">El madrilanu que camud\u00f3 la ciud\u00e1 pol pueblu pa embarcase nel proyectu de la so vida<\/a>\u00a0<span class=\"post-date\">01\/07\/2021<\/span><\/li>\n<li><a href=\"https:\/\/edublog.educastur.es\/ixuxu\/2021\/07\/revista-viaxast-15\/\">Revista \u00abViaXast 15\u00bb<\/a>\u00a0<span class=\"post-date\">01\/07\/2021<\/span><\/li>\n<\/ul>\n","protected":false},"excerpt":{"rendered":"<p>Una gu\u00eda dexa conocer Asturies al travi\u00e9s del so patrimoniu industrial\u00a031\/07\/2021 Art\u00edculu d\u00b4inter\u00e9s\u2026\u00a030\/07\/2021 Puru Remangu, cultura feminista y n\u2019asturianu que trespasa fronteres\u00a030\/07\/2021 Inauguraci\u00f3n del horru del campu de La Garita (Cadavedo, Vald\u00e9s)\u00a030\/07\/2021 Empieza la campa\u00f1a de participaci\u00f3n para\u2019l mural dedic\u00e1u a Uvi\u00e9u\u00a030\/07\/2021 Les 30 Carreteres actives peligroses qu\u2019habr\u00eda qu\u2019evitar\u00a030\/07\/2021 Men\u00fas n\u00b4Asturianu\u00a030\/07\/2021 La Nueche Celta de [&hellip;]<\/p>\n","protected":false},"author":117,"featured_media":0,"parent":34958,"menu_order":0,"comment_status":"closed","ping_status":"closed","template":"","meta":{"footnotes":""},"class_list":["post-65019","page","type-page","status-publish","hentry"],"_links":{"self":[{"href":"https:\/\/edublog.educastur.es\/ixuxu\/wp-json\/wp\/v2\/pages\/65019","targetHints":{"allow":["GET"]}}],"collection":[{"href":"https:\/\/edublog.educastur.es\/ixuxu\/wp-json\/wp\/v2\/pages"}],"about":[{"href":"https:\/\/edublog.educastur.es\/ixuxu\/wp-json\/wp\/v2\/types\/page"}],"author":[{"embeddable":true,"href":"https:\/\/edublog.educastur.es\/ixuxu\/wp-json\/wp\/v2\/users\/117"}],"replies":[{"embeddable":true,"href":"https:\/\/edublog.educastur.es\/ixuxu\/wp-json\/wp\/v2\/comments?post=65019"}],"version-history":[{"count":1,"href":"https:\/\/edublog.educastur.es\/ixuxu\/wp-json\/wp\/v2\/pages\/65019\/revisions"}],"predecessor-version":[{"id":65020,"href":"https:\/\/edublog.educastur.es\/ixuxu\/wp-json\/wp\/v2\/pages\/65019\/revisions\/65020"}],"up":[{"embeddable":true,"href":"https:\/\/edublog.educastur.es\/ixuxu\/wp-json\/wp\/v2\/pages\/34958"}],"wp:attachment":[{"href":"https:\/\/edublog.educastur.es\/ixuxu\/wp-json\/wp\/v2\/media?parent=65019"}],"curies":[{"name":"wp","href":"https:\/\/api.w.org\/{rel}","templated":true}]}}