{"id":65039,"date":"2026-01-02T22:24:24","date_gmt":"2026-01-02T20:24:24","guid":{"rendered":"https:\/\/edublog.educastur.es\/ixuxu\/?page_id=65039"},"modified":"2026-01-02T22:24:24","modified_gmt":"2026-01-02T20:24:24","slug":"10_ochobre","status":"publish","type":"page","link":"https:\/\/edublog.educastur.es\/ixuxu\/archivu-blogue\/articulos\/2020-2\/10_ochobre\/","title":{"rendered":"10_Ochobre"},"content":{"rendered":"<ul>\n<li><a href=\"https:\/\/edublog.educastur.es\/ixuxu\/2020\/10\/sobrol-llibru-la-lliteratura-y-dalgo-mas\/\">Sobro\u00b4l llibru, la lliteratura y dalgo m\u00e1s\u2026<\/a> <span class=\"post-date\">31\/10\/2020<\/span><\/li>\n<li><a href=\"https:\/\/edublog.educastur.es\/ixuxu\/2020\/10\/nueche-danimes\/\">Nueche d\u00b4\u00e1nimes!<\/a> <span class=\"post-date\">30\/10\/2020<\/span><\/li>\n<li><a href=\"https:\/\/edublog.educastur.es\/ixuxu\/2020\/10\/tintin-viaxa-a-la-lluna-y-pasia-pel-satelite\/\">\u00abTint\u00edn viaxa a la Lluna y pasia pel sat\u00e9lite\u00bb<\/a> <span class=\"post-date\">29\/10\/2020<\/span><\/li>\n<li><a href=\"https:\/\/edublog.educastur.es\/ixuxu\/2020\/10\/dia-del-llibru-asturianu\/\">D\u00eda del Llibru Asturianu<\/a> <span class=\"post-date\">28\/10\/2020<\/span><\/li>\n<li><a href=\"https:\/\/edublog.educastur.es\/ixuxu\/2020\/10\/llega-la-nueche-danimes\/\">Llega la Nueche d\u2019\u00c1nimes<\/a> <span class=\"post-date\">26\/10\/2020<\/span><\/li>\n<li><a href=\"https:\/\/edublog.educastur.es\/ixuxu\/2020\/10\/l-alendar-de-les-piedres\/\">L\u2019 alendar de les piedres<\/a> <span class=\"post-date\">25\/10\/2020<\/span><\/li>\n<li><a href=\"https:\/\/edublog.educastur.es\/ixuxu\/2020\/10\/estau-del-tiempu-domingu-25-dochobre\/\">Est\u00e1u del tiempu: Domingu 25 d\u00b4ochobre<\/a> <span class=\"post-date\">25\/10\/2020<\/span><\/li>\n<li><a href=\"https:\/\/edublog.educastur.es\/ixuxu\/2020\/10\/dia-de-les-biblioteques\/\">D\u00eda de les Biblioteques<\/a> <span class=\"post-date\">24\/10\/2020<\/span><\/li>\n<li><a href=\"https:\/\/edublog.educastur.es\/ixuxu\/2020\/10\/centenariu-de-la-nacencia-de-gianni-rodari\/\">Centenariu de la nacencia de Gianni Rodari<\/a> <span class=\"post-date\">23\/10\/2020<\/span><\/li>\n<li><a href=\"https:\/\/edublog.educastur.es\/ixuxu\/2020\/10\/una-lluna-llena-azul-va-allumar-el-cielu-mientres-la-nueche-de-samain-halloween\/\">Una lluna llena azul va allumar el cielu mientres la nueche de Sama\u00edn (Halloween)<\/a> <span class=\"post-date\">22\/10\/2020<\/span><\/li>\n<li><a href=\"https:\/\/edublog.educastur.es\/ixuxu\/2020\/10\/estau-del-tiempu-xueves-22-dochobre\/\">Est\u00e1u del tiempu: Xueves 22 d\u00b4ochobre<\/a> <span class=\"post-date\">22\/10\/2020<\/span><\/li>\n<li><a href=\"https:\/\/edublog.educastur.es\/ixuxu\/2020\/10\/comic-el-mure-de-biblioteca-la-manga-que-tresmite-a-los-nenos-la-pasion-polos-llibros\/\">C\u00f3mic \u2018El mure de biblioteca\u2019, la manga que tresmite a los ne\u00f1os la pasi\u00f3n polos llibros<\/a> <span class=\"post-date\">22\/10\/2020<\/span><\/li>\n<li><a href=\"https:\/\/edublog.educastur.es\/ixuxu\/2020\/10\/festival-al-resve\/\">Festival AL RESVE<\/a> <span class=\"post-date\">20\/10\/2020<\/span><\/li>\n<li><a href=\"https:\/\/edublog.educastur.es\/ixuxu\/2020\/10\/conseyu-asesor-de-politica-llinguistica\/\">Conseyu Asesor de Pol\u00edtica Lling\u00fc\u00edstica<\/a> <span class=\"post-date\">18\/10\/2020<\/span><\/li>\n<li><a href=\"https:\/\/edublog.educastur.es\/ixuxu\/2020\/10\/domingu-18-dochobre-del-2020\/\">DOMINGU 18 D\u2019OCHOBRE DEL 2020<\/a> <span class=\"post-date\">18\/10\/2020<\/span><\/li>\n<li><a href=\"https:\/\/edublog.educastur.es\/ixuxu\/2020\/10\/suena-lhimnu-dasturies\/\">Suena l\u2019himnu d\u2019Asturies<\/a> <span class=\"post-date\">17\/10\/2020<\/span><\/li>\n<li><a href=\"https:\/\/edublog.educastur.es\/ixuxu\/2020\/10\/la-vendimia-de-cangas-sigue-recuperandose-y-llogra-la-meyor-collecha-en-cuatro-anos\/\">La vendimia de Cangas sigue recuper\u00e1ndose y llogra la meyor collecha en cuatro a\u00f1os<\/a> <span class=\"post-date\">11\/10\/2020<\/span><\/li>\n<li><a href=\"https:\/\/edublog.educastur.es\/ixuxu\/2020\/10\/pinin-el-tintin-asturianu-que-percorriol-mundu-nuna-madrena-voladora\/\">Pin\u00edn, el Tint\u00edn asturianu que percorri\u00f3\u2019l mundu n\u2019una madre\u00f1a voladora<\/a> <span class=\"post-date\">10\/10\/2020<\/span><\/li>\n<\/ul>\n","protected":false},"excerpt":{"rendered":"<p>Sobro\u00b4l llibru, la lliteratura y dalgo m\u00e1s\u2026 31\/10\/2020 Nueche d\u00b4\u00e1nimes! 30\/10\/2020 \u00abTint\u00edn viaxa a la Lluna y pasia pel sat\u00e9lite\u00bb 29\/10\/2020 D\u00eda del Llibru Asturianu 28\/10\/2020 Llega la Nueche d\u2019\u00c1nimes 26\/10\/2020 L\u2019 alendar de les piedres 25\/10\/2020 Est\u00e1u del tiempu: Domingu 25 d\u00b4ochobre 25\/10\/2020 D\u00eda de les Biblioteques 24\/10\/2020 Centenariu de la nacencia de Gianni [&hellip;]<\/p>\n","protected":false},"author":117,"featured_media":0,"parent":34956,"menu_order":0,"comment_status":"closed","ping_status":"closed","template":"","meta":{"footnotes":""},"class_list":["post-65039","page","type-page","status-publish","hentry"],"_links":{"self":[{"href":"https:\/\/edublog.educastur.es\/ixuxu\/wp-json\/wp\/v2\/pages\/65039","targetHints":{"allow":["GET"]}}],"collection":[{"href":"https:\/\/edublog.educastur.es\/ixuxu\/wp-json\/wp\/v2\/pages"}],"about":[{"href":"https:\/\/edublog.educastur.es\/ixuxu\/wp-json\/wp\/v2\/types\/page"}],"author":[{"embeddable":true,"href":"https:\/\/edublog.educastur.es\/ixuxu\/wp-json\/wp\/v2\/users\/117"}],"replies":[{"embeddable":true,"href":"https:\/\/edublog.educastur.es\/ixuxu\/wp-json\/wp\/v2\/comments?post=65039"}],"version-history":[{"count":1,"href":"https:\/\/edublog.educastur.es\/ixuxu\/wp-json\/wp\/v2\/pages\/65039\/revisions"}],"predecessor-version":[{"id":65040,"href":"https:\/\/edublog.educastur.es\/ixuxu\/wp-json\/wp\/v2\/pages\/65039\/revisions\/65040"}],"up":[{"embeddable":true,"href":"https:\/\/edublog.educastur.es\/ixuxu\/wp-json\/wp\/v2\/pages\/34956"}],"wp:attachment":[{"href":"https:\/\/edublog.educastur.es\/ixuxu\/wp-json\/wp\/v2\/media?parent=65039"}],"curies":[{"name":"wp","href":"https:\/\/api.w.org\/{rel}","templated":true}]}}

<ul>
<li><a href="https://edublog.educastur.es/ixuxu/2020/10/sobrol-llibru-la-lliteratura-y-dalgo-mas/">Sobro´l llibru, la lliteratura y dalgo más…</a> <span class="post-date">31/10/2020</span></li>
<li><a href="https://edublog.educastur.es/ixuxu/2020/10/nueche-danimes/">Nueche d´ánimes!</a> <span class="post-date">30/10/2020</span></li>
<li><a href="https://edublog.educastur.es/ixuxu/2020/10/tintin-viaxa-a-la-lluna-y-pasia-pel-satelite/">«Tintín viaxa a la Lluna y pasia pel satélite»</a> <span class="post-date">29/10/2020</span></li>
<li><a href="https://edublog.educastur.es/ixuxu/2020/10/dia-del-llibru-asturianu/">Día del Llibru Asturianu</a> <span class="post-date">28/10/2020</span></li>
<li><a href="https://edublog.educastur.es/ixuxu/2020/10/llega-la-nueche-danimes/">Llega la Nueche d’Ánimes</a> <span class="post-date">26/10/2020</span></li>
<li><a href="https://edublog.educastur.es/ixuxu/2020/10/l-alendar-de-les-piedres/">L’ alendar de les piedres</a> <span class="post-date">25/10/2020</span></li>
<li><a href="https://edublog.educastur.es/ixuxu/2020/10/estau-del-tiempu-domingu-25-dochobre/">Estáu del tiempu: Domingu 25 d´ochobre</a> <span class="post-date">25/10/2020</span></li>
<li><a href="https://edublog.educastur.es/ixuxu/2020/10/dia-de-les-biblioteques/">Día de les Biblioteques</a> <span class="post-date">24/10/2020</span></li>
<li><a href="https://edublog.educastur.es/ixuxu/2020/10/centenariu-de-la-nacencia-de-gianni-rodari/">Centenariu de la nacencia de Gianni Rodari</a> <span class="post-date">23/10/2020</span></li>
<li><a href="https://edublog.educastur.es/ixuxu/2020/10/una-lluna-llena-azul-va-allumar-el-cielu-mientres-la-nueche-de-samain-halloween/">Una lluna llena azul va allumar el cielu mientres la nueche de Samaín (Halloween)</a> <span class="post-date">22/10/2020</span></li>
<li><a href="https://edublog.educastur.es/ixuxu/2020/10/estau-del-tiempu-xueves-22-dochobre/">Estáu del tiempu: Xueves 22 d´ochobre</a> <span class="post-date">22/10/2020</span></li>
<li><a href="https://edublog.educastur.es/ixuxu/2020/10/comic-el-mure-de-biblioteca-la-manga-que-tresmite-a-los-nenos-la-pasion-polos-llibros/">Cómic ‘El mure de biblioteca’, la manga que tresmite a los neños la pasión polos llibros</a> <span class="post-date">22/10/2020</span></li>
<li><a href="https://edublog.educastur.es/ixuxu/2020/10/festival-al-resve/">Festival AL RESVE</a> <span class="post-date">20/10/2020</span></li>
<li><a href="https://edublog.educastur.es/ixuxu/2020/10/conseyu-asesor-de-politica-llinguistica/">Conseyu Asesor de Política Llingüística</a> <span class="post-date">18/10/2020</span></li>
<li><a href="https://edublog.educastur.es/ixuxu/2020/10/domingu-18-dochobre-del-2020/">DOMINGU 18 D’OCHOBRE DEL 2020</a> <span class="post-date">18/10/2020</span></li>
<li><a href="https://edublog.educastur.es/ixuxu/2020/10/suena-lhimnu-dasturies/">Suena l’himnu d’Asturies</a> <span class="post-date">17/10/2020</span></li>
<li><a href="https://edublog.educastur.es/ixuxu/2020/10/la-vendimia-de-cangas-sigue-recuperandose-y-llogra-la-meyor-collecha-en-cuatro-anos/">La vendimia de Cangas sigue recuperándose y llogra la meyor collecha en cuatro años</a> <span class="post-date">11/10/2020</span></li>
<li><a href="https://edublog.educastur.es/ixuxu/2020/10/pinin-el-tintin-asturianu-que-percorriol-mundu-nuna-madrena-voladora/">Pinín, el Tintín asturianu que percorrió’l mundu n’una madreña voladora</a> <span class="post-date">10/10/2020</span></li>
</ul>

<p>Sobro´l llibru, la lliteratura y dalgo más… 31/10/2020 Nueche d´ánimes! 30/10/2020 «Tintín viaxa a la Lluna y pasia pel satélite» 29/10/2020 Día del Llibru Asturianu 28/10/2020 Llega la Nueche d’Ánimes 26/10/2020 L’ alendar de les piedres 25/10/2020 Estáu del tiempu: Domingu 25 d´ochobre 25/10/2020 Día de les Biblioteques 24/10/2020 Centenariu de la nacencia de Gianni [&hellip;]</p>
