{"id":65047,"date":"2026-01-02T22:26:16","date_gmt":"2026-01-02T20:26:16","guid":{"rendered":"https:\/\/edublog.educastur.es\/ixuxu\/?page_id=65047"},"modified":"2026-01-02T22:26:16","modified_gmt":"2026-01-02T20:26:16","slug":"06_xunu","status":"publish","type":"page","link":"https:\/\/edublog.educastur.es\/ixuxu\/archivu-blogue\/articulos\/2020-2\/06_xunu\/","title":{"rendered":"06_Xunu"},"content":{"rendered":"<ul>\n<li><a href=\"https:\/\/edublog.educastur.es\/ixuxu\/2020\/06\/turismo-asturies-con-codigos-qr\/\">Turismo Asturies con c\u00f3digos QR<\/a> <span class=\"post-date\">30\/06\/2020<\/span><\/li>\n<li><a href=\"https:\/\/edublog.educastur.es\/ixuxu\/2020\/06\/cuideiru-un-pueblu-viquingu-nasturies\/\">Cuideiru \u00bfun pueblu viquingu n\u2019Asturies?<\/a> <span class=\"post-date\">29\/06\/2020<\/span><\/li>\n<li><a href=\"https:\/\/edublog.educastur.es\/ixuxu\/2020\/06\/fiesta-de-lamuravela-cuideiru\/\">Fiesta de L\u00b4Amuravela (Cuideiru)<\/a> <span class=\"post-date\">29\/06\/2020<\/span><\/li>\n<li><a href=\"https:\/\/edublog.educastur.es\/ixuxu\/2020\/06\/netflix-mas-alla-de-la-luna\/\">Netflix: \u00abM\u00e1s All\u00e1 De La Luna\u00bb<\/a> <span class=\"post-date\">29\/06\/2020<\/span><\/li>\n<li><a href=\"https:\/\/edublog.educastur.es\/ixuxu\/2020\/06\/guei-van-120-anos-de-la-nacencia-de-antoine-de-saint-exupery-autor-de-el-principito\/\">G\u00fcei van 120 a\u00f1os de la nacencia de Antoine de Saint-Exup\u00e9ry, autor de \u201cEl Principito\u201d<\/a> <span class=\"post-date\">29\/06\/2020<\/span><\/li>\n<li><a href=\"https:\/\/edublog.educastur.es\/ixuxu\/2020\/06\/los-hongos-fueron-muncho-primero-que-los-arboles-los-primeres-pobladores-xigantes-del-mundu\/\">Los hongos fueron, muncho primero que los \u00e1rboles, los primeres pobladores xigantes del mundu.<\/a> <span class=\"post-date\">28\/06\/2020<\/span><\/li>\n<li><a href=\"https:\/\/edublog.educastur.es\/ixuxu\/2020\/06\/dia-mundial-del-arbol\/\">D\u00eda Mundial del \u00c1rbol<\/a> <span class=\"post-date\">28\/06\/2020<\/span><\/li>\n<li><a href=\"https:\/\/edublog.educastur.es\/ixuxu\/2020\/06\/astrid-lindgren-un-nuevu-conceutu-dinfancia\/\">Astrid Lindgren: un nuevu conceutu d\u2019infancia<\/a> <span class=\"post-date\">26\/06\/2020<\/span><\/li>\n<li><a href=\"https:\/\/edublog.educastur.es\/ixuxu\/2020\/06\/llibru-ariel-y-berta-van-pa-ponga\/\">Llibru: \u201cAriel y Berta van pa Ponga\u201d<\/a> <span class=\"post-date\">25\/06\/2020<\/span><\/li>\n<li><a href=\"https:\/\/edublog.educastur.es\/ixuxu\/2020\/06\/los-15-pueblos-mas-guapos-dasturies\/\">Los 15 pueblos m\u00e1s guapos d\u00b4Asturies<\/a> <span class=\"post-date\">25\/06\/2020<\/span><\/li>\n<li><a href=\"https:\/\/edublog.educastur.es\/ixuxu\/2020\/06\/deprendi-ciencia-en-casa-con-csic\/\">Deprendi ciencia en casa con CSIC<\/a> <span class=\"post-date\">24\/06\/2020<\/span><\/li>\n<li><a href=\"https:\/\/edublog.educastur.es\/ixuxu\/2020\/06\/guei-ye-la-nueche-de-san-xuan\/\">G\u00fcei ye la \u201cNueche de San Xuan\u201d<\/a> <span class=\"post-date\">24\/06\/2020<\/span><\/li>\n<li><a href=\"https:\/\/edublog.educastur.es\/ixuxu\/2020\/06\/mazcaros-contra-la-enfermeda\/\">M\u00e1zcaros contra la enfermed\u00e1<\/a> <span class=\"post-date\">23\/06\/2020<\/span><\/li>\n<li><a href=\"https:\/\/edublog.educastur.es\/ixuxu\/2020\/06\/cuatro-lideres-mundiales-nel-campu-de-les-matematiques\/\">Cuatro l\u00edderes mundiales nel campu de les matem\u00e1tiques<\/a> <span class=\"post-date\">23\/06\/2020<\/span><\/li>\n<li><a href=\"https:\/\/edublog.educastur.es\/ixuxu\/2020\/06\/olivia-sabuco-la-muyer-que-encamento-ponese-un-mazcaru-pa-llibrase-de-les-infecciones\/\">Olivia Sabuco, la muyer que encament\u00f3 ponese un m\u00e1zcaru pa llibrase de les infecciones<\/a> <span class=\"post-date\">23\/06\/2020<\/span><\/li>\n<li><a href=\"https:\/\/edublog.educastur.es\/ixuxu\/2020\/06\/el-zoo-uviein-celebral-final-del-estau-dalarma-con-una-selmana-de-puertes-abiertes-gratuites\/\">El zoo uvie\u00edn celebra\u2019l final del est\u00e1u d\u2019alarma con una selmana de puertes abiertes gratuites<\/a> <span class=\"post-date\">22\/06\/2020<\/span><\/li>\n<li><a href=\"https:\/\/edublog.educastur.es\/ixuxu\/2020\/06\/preparaos-para-dar-la-bienvenida-al-branu-en-stonehenge-ensin-movenos-de-casa\/\">Preparaos para dar la bienvenida al branu en Stonehenge (ensin movenos de casa)<\/a> <span class=\"post-date\">22\/06\/2020<\/span><\/li>\n<li><a href=\"https:\/\/edublog.educastur.es\/ixuxu\/2020\/06\/fiesta-europea-de-la-musica\/\">Fiesta Europea de la M\u00fasica<\/a> <span class=\"post-date\">21\/06\/2020<\/span><\/li>\n<li><a href=\"https:\/\/edublog.educastur.es\/ixuxu\/2020\/06\/el-principau-celebra-lesitu-del-proyectu-educastur-tv\/\">El Princip\u00e1u celebra l\u2019\u00e9situ del proyectu Educastur TV<\/a> <span class=\"post-date\">20\/06\/2020<\/span><\/li>\n<li><a href=\"https:\/\/edublog.educastur.es\/ixuxu\/2020\/06\/lonely-planet-publica-la-so-primer-guia-dasturies\/\">Lonely Planet publica la so primer gu\u00eda d\u2019Asturies<\/a> <span class=\"post-date\">20\/06\/2020<\/span><\/li>\n<li><a href=\"https:\/\/edublog.educastur.es\/ixuxu\/2020\/06\/anne-carson-premio-princesa-dasturies-de-les-lletres-2020\/\">Anne Carson, Premio Princesa d\u2019Asturies de les Lletres 2020<\/a> <span class=\"post-date\">19\/06\/2020<\/span><\/li>\n<li><a href=\"https:\/\/edublog.educastur.es\/ixuxu\/2020\/06\/un-eclis-anular-de-sol-o-aniu-de-fueu-va-dar-la-bienvenida-al-branul-dia-20-de-xunu\/\">Un ecl\u00eds anular de Sol o \u201can\u00edu de fueu\u201d va dar la bienvenida al branu\u2019l d\u00eda 20 de xunu.<\/a> <span class=\"post-date\">19\/06\/2020<\/span><\/li>\n<li><a href=\"https:\/\/edublog.educastur.es\/ixuxu\/2020\/06\/ranquin-de-tolos-paises-segun-les-sos-tierres\/\">Ranquin de tolos paises seg\u00fan les sos tierres<\/a> <span class=\"post-date\">19\/06\/2020<\/span><\/li>\n<li><a href=\"https:\/\/edublog.educastur.es\/ixuxu\/2020\/06\/naz-la-primer-cria-de-coala-naustralia\/\">Naz la primer cr\u00eda de coala n\u00b4Australia<\/a> <span class=\"post-date\">19\/06\/2020<\/span><\/li>\n<li><a href=\"https:\/\/edublog.educastur.es\/ixuxu\/2020\/06\/diez-anos-ensin-jose-saramago\/\">Diez a\u00f1os ensin Jos\u00e9 Saramago<\/a> <span class=\"post-date\">18\/06\/2020<\/span><\/li>\n<li><a href=\"https:\/\/edublog.educastur.es\/ixuxu\/2020\/06\/fototeca-del-museu-del-pueblu-dasturies\/\">Fototeca del Mus\u00e9u del Pueblu d\u2019Asturies<\/a> <span class=\"post-date\">18\/06\/2020<\/span><\/li>\n<li><a href=\"https:\/\/edublog.educastur.es\/ixuxu\/2020\/06\/carlos-sainz-premiu-princesa-dasturies-de-los-deportes\/\">Carlos Sainz, Premiu Princesa d\u2019Asturies de los Deportes<\/a> <span class=\"post-date\">18\/06\/2020<\/span><\/li>\n<li><a href=\"https:\/\/edublog.educastur.es\/ixuxu\/2020\/06\/asina-se-vendial-veraneu-nasturies-nel-sieglu-pasau\/\">Asina se vend\u00eda\u2019l veran\u00e9u n\u2019Asturies nel sieglu pas\u00e1u<\/a> <span class=\"post-date\">18\/06\/2020<\/span><\/li>\n<li><a href=\"https:\/\/edublog.educastur.es\/ixuxu\/2020\/06\/caballin-del-dianu-intereses-y-caracteristiques\/\">Caball\u00edn del dia\u00f1u: intereses y caracter\u00edstiques<\/a> <span class=\"post-date\">15\/06\/2020<\/span><\/li>\n<li><a href=\"https:\/\/edublog.educastur.es\/ixuxu\/2020\/06\/esposiciones-nel-museu-del-pueblu-dasturies\/\">Esposiciones nel Mus\u00e9u del Pueblu d\u00b4Asturies<\/a> <span class=\"post-date\">09\/06\/2020<\/span><\/li>\n<li><a href=\"https:\/\/edublog.educastur.es\/ixuxu\/2020\/06\/fantastiques-pintures-de-juan-lucena\/\">Fant\u00e1stiques pintures de Juan Lucena<\/a> <span class=\"post-date\">06\/06\/2020<\/span><\/li>\n<li><a href=\"https:\/\/edublog.educastur.es\/ixuxu\/2020\/06\/m-ambiente-plasticos-y-diversidad\/\">M. Ambiente: Pl\u00e1sticos y Diversidad<\/a> <span class=\"post-date\">05\/06\/2020<\/span><\/li>\n<li><a href=\"https:\/\/edublog.educastur.es\/ixuxu\/2020\/06\/luna-de-fresa-el-segundo-eclipse-penumbral-del-ano\/\">Luna de fresa, el segundo eclipse penumbral del a\u00f1o.<\/a> <span class=\"post-date\">05\/06\/2020<\/span><\/li>\n<li><a href=\"https:\/\/edublog.educastur.es\/ixuxu\/2020\/06\/dia-internacional-de-la-sidra\/\">D\u00eda Internacional de la Sidra<\/a> <span class=\"post-date\">03\/06\/2020<\/span><\/li>\n<li><a href=\"https:\/\/edublog.educastur.es\/ixuxu\/2020\/06\/dia-mundial-de-la-bicicleta\/\">D\u00eda Mundial de la bicicleta<\/a> <span class=\"post-date\">03\/06\/2020<\/span><\/li>\n<\/ul>\n","protected":false},"excerpt":{"rendered":"<p>Turismo Asturies con c\u00f3digos QR 30\/06\/2020 Cuideiru \u00bfun pueblu viquingu n\u2019Asturies? 29\/06\/2020 Fiesta de L\u00b4Amuravela (Cuideiru) 29\/06\/2020 Netflix: \u00abM\u00e1s All\u00e1 De La Luna\u00bb 29\/06\/2020 G\u00fcei van 120 a\u00f1os de la nacencia de Antoine de Saint-Exup\u00e9ry, autor de \u201cEl Principito\u201d 29\/06\/2020 Los hongos fueron, muncho primero que los \u00e1rboles, los primeres pobladores xigantes del mundu. 28\/06\/2020 [&hellip;]<\/p>\n","protected":false},"author":117,"featured_media":0,"parent":34956,"menu_order":0,"comment_status":"closed","ping_status":"closed","template":"","meta":{"footnotes":""},"class_list":["post-65047","page","type-page","status-publish","hentry"],"_links":{"self":[{"href":"https:\/\/edublog.educastur.es\/ixuxu\/wp-json\/wp\/v2\/pages\/65047","targetHints":{"allow":["GET"]}}],"collection":[{"href":"https:\/\/edublog.educastur.es\/ixuxu\/wp-json\/wp\/v2\/pages"}],"about":[{"href":"https:\/\/edublog.educastur.es\/ixuxu\/wp-json\/wp\/v2\/types\/page"}],"author":[{"embeddable":true,"href":"https:\/\/edublog.educastur.es\/ixuxu\/wp-json\/wp\/v2\/users\/117"}],"replies":[{"embeddable":true,"href":"https:\/\/edublog.educastur.es\/ixuxu\/wp-json\/wp\/v2\/comments?post=65047"}],"version-history":[{"count":1,"href":"https:\/\/edublog.educastur.es\/ixuxu\/wp-json\/wp\/v2\/pages\/65047\/revisions"}],"predecessor-version":[{"id":65048,"href":"https:\/\/edublog.educastur.es\/ixuxu\/wp-json\/wp\/v2\/pages\/65047\/revisions\/65048"}],"up":[{"embeddable":true,"href":"https:\/\/edublog.educastur.es\/ixuxu\/wp-json\/wp\/v2\/pages\/34956"}],"wp:attachment":[{"href":"https:\/\/edublog.educastur.es\/ixuxu\/wp-json\/wp\/v2\/media?parent=65047"}],"curies":[{"name":"wp","href":"https:\/\/api.w.org\/{rel}","templated":true}]}}