{"id":6520,"date":"2021-05-29T13:26:02","date_gmt":"2021-05-29T11:26:02","guid":{"rendered":"https:\/\/edublog.educastur.es\/ixuxu\/?page_id=6520"},"modified":"2021-05-29T13:27:12","modified_gmt":"2021-05-29T11:27:12","slug":"amigu-xose-bolado","status":"publish","type":"page","link":"https:\/\/edublog.educastur.es\/ixuxu\/poesia-2\/amigu-xose-bolado\/","title":{"rendered":"\u00abAmigu\u00bb Xos\u00e9 Bolado"},"content":{"rendered":"<div class=\"kvgmc6g5 cxmmr5t8 oygrvhab hcukyx3x c1et5uql ii04i59q\">\n<div dir=\"auto\">Xos\u00e9 Bolado, profesor, poeta y acad\u00e9micu, persona candial y cr\u00edticu atentu que s&#8217;ocup\u00f3 con arrogancia y aciertu de toles corrientes po\u00e9tiques n&#8217;asturianu de les \u00faltimes d\u00e9cades. Queremos recordalu con un poema del so llibru de 2006, \u00abNa estaci\u00f3n de los relevos\u00bb (Llibros del Pexe):<\/div>\n<\/div>\n<div class=\"o9v6fnle cxmmr5t8 oygrvhab hcukyx3x c1et5uql ii04i59q\">\n<div dir=\"auto\"><\/div>\n<\/div>\n<div class=\"o9v6fnle cxmmr5t8 oygrvhab hcukyx3x c1et5uql ii04i59q\">\n<div dir=\"auto\"><strong><span style=\"color: #008080\"><em><span style=\"font-size: 20px\">AMIGU<\/span><\/em><\/span><\/strong><\/div>\n<div dir=\"auto\"><\/div>\n<\/div>\n<div class=\"o9v6fnle cxmmr5t8 oygrvhab hcukyx3x c1et5uql ii04i59q\">\n<div dir=\"auto\"><span style=\"color: #008080\"><em><span style=\"font-size: 20px\">Nada,<\/span><\/em><\/span><\/div>\n<div dir=\"auto\"><span style=\"color: #008080\"><em><span style=\"font-size: 20px\">ente mi ya esta voz<\/span><\/em><\/span><\/div>\n<div dir=\"auto\"><span style=\"color: #008080\"><em><span style=\"font-size: 20px\">que siento al escribir:<\/span><\/em><\/span><\/div>\n<div dir=\"auto\"><span style=\"color: #008080\"><em><span style=\"font-size: 20px\">\u00abamigu\u00bb.<\/span><\/em><\/span><\/div>\n<div dir=\"auto\"><span style=\"color: #008080\"><em><span style=\"font-size: 20px\">Cinco soplos gr\u00e1ficos<\/span><\/em><\/span><\/div>\n<div dir=\"auto\"><span style=\"color: #008080\"><em><span style=\"font-size: 20px\">nunca nun pudieren ser remate<\/span><\/em><\/span><\/div>\n<div dir=\"auto\"><span style=\"color: #008080\"><em><span style=\"font-size: 20px\">d&#8217;una vida nin se\u00f1al<\/span><\/em><\/span><\/div>\n<div dir=\"auto\"><span style=\"color: #008080\"><em><span style=\"font-size: 20px\">de lo qu&#8217;otros conocieren de ti.<\/span><\/em><\/span><\/div>\n<div dir=\"auto\"><\/div>\n<div dir=\"auto\"><span style=\"color: #008080\"><em><span style=\"font-size: 20px\">Nada que t&#8217;identifique nos espacios<\/span><\/em><\/span><\/div>\n<div dir=\"auto\"><span style=\"color: #008080\"><em><span style=\"font-size: 20px\">por m\u00e1s qu&#8217;escriba la memoria<\/span><\/em><\/span><\/div>\n<div dir=\"auto\"><span style=\"color: #008080\"><em><span style=\"font-size: 20px\">\u2013s\u00f3lo lo que deprend\u00ed de ti<\/span><\/em><\/span><\/div>\n<div dir=\"auto\"><span style=\"color: #008080\"><em><span style=\"font-size: 20px\">malgasto na ll\u00e1bana del tiempu:<\/span><\/em><\/span><\/div>\n<div dir=\"auto\"><span style=\"color: #008080\"><em><span style=\"font-size: 20px\">d&#8217;aquel amor tuyu al atardecer,<\/span><\/em><\/span><\/div>\n<div dir=\"auto\"><span style=\"color: #008080\"><em><span style=\"font-size: 20px\">de la so inocencia<\/span><\/em><\/span><\/div>\n<div dir=\"auto\"><span style=\"color: #008080\"><em><span style=\"font-size: 20px\">al mirar los estorninos negros,<\/span><\/em><\/span><\/div>\n<div dir=\"auto\"><span style=\"color: #008080\"><em><span style=\"font-size: 20px\">sobre les palmeres altes,<\/span><\/em><\/span><\/div>\n<div dir=\"auto\"><span style=\"color: #008080\"><em><span style=\"font-size: 20px\">cuasi venc\u00edes d&#8217;escurid\u00e1&#8230;<\/span><\/em><\/span><\/div>\n<div dir=\"auto\"><span style=\"color: #008080\"><em><span style=\"font-size: 20px\">de c\u00f3mo sobrellevabes avientu<\/span><\/em><\/span><\/div>\n<div dir=\"auto\"><span style=\"color: #008080\"><em><span style=\"font-size: 20px\">na raya esencial de la mano\u2013.<\/span><\/em><\/span><\/div>\n<div dir=\"auto\"><\/div>\n<\/div>\n<div class=\"o9v6fnle cxmmr5t8 oygrvhab hcukyx3x c1et5uql ii04i59q\">\n<div dir=\"auto\"><span style=\"color: #008080\"><em><span style=\"font-size: 20px\">Nam\u00e1s, nin hubo llueu otra se\u00f1al<\/span><\/em><\/span><\/div>\n<div dir=\"auto\"><span style=\"color: #008080\"><em><span style=\"font-size: 20px\">que diere cuerpu a quien esto escribe,<\/span><\/em><\/span><\/div>\n<div dir=\"auto\"><span style=\"color: #008080\"><em><span style=\"font-size: 20px\">y\u00e1 pa siempre nel puntu final,<\/span><\/em><\/span><\/div>\n<div dir=\"auto\"><span style=\"color: #008080\"><em><span style=\"font-size: 20px\">o na lletra may\u00fascula,<\/span><\/em><\/span><\/div>\n<div dir=\"auto\"><span style=\"color: #008080\"><em><span style=\"font-size: 20px\">de la orfand\u00e1 ya del silenciu.<\/span><\/em><\/span><\/div>\n<div dir=\"auto\"><\/div>\n<\/div>\n<div class=\"o9v6fnle cxmmr5t8 oygrvhab hcukyx3x c1et5uql ii04i59q\">\n<div dir=\"auto\">(La foto qu&#8217;acompa\u00f1a esta nota ye d&#8217;Olaya Pazos,<\/div>\n<div dir=\"auto\">tomada del so blog <a class=\"oajrlxb2 g5ia77u1 qu0x051f esr5mh6w e9989ue4 r7d6kgcz rq0escxv nhd2j8a9 nc684nl6 p7hjln8o kvgmc6g5 cxmmr5t8 oygrvhab hcukyx3x jb3vyjys rz4wbd8a qt6c0cv9 a8nywdso i1ao9s8h esuyzwwr f1sip0of lzcic4wl py34i1dx gpro0wi8\" role=\"link\" href=\"https:\/\/l.facebook.com\/l.php?u=https%3A%2F%2Folayapazos.blogspot.com%2F2012%2F09%2Fxose-bolado.html%3Ffbclid%3DIwAR0rAhmuOKVs26nNdXrTpp17Ei7Ml8LF7S03XQ4vZs0ciebbw4un2WeJosA&amp;h=AT2kdQuWsasgUkVA8DwNZXRplBxFTXGc3XoVDp2PVvXKkZfgX1hWcuqamdecRLba9adAqxjmS3uBbq4DsadRuQx99oIFjvBl-EHICKwhdPaJ-iQJaqcgjJ0zUJT-6SXt0g&amp;__tn__=-UK-R&amp;c[0]=AT11Cje2QfeFD4YeWEdIqfcenxY_akC7a3ZIOnVduHwtMDgHU1Gy7ZLK7-fYV8czxT3Z0Lzrro21wWGYapIYumlijHKJt2BrlxXr0M4MSA2FOm_dKl6aa4b-wl-xXnCsabEERQJH8sKgAOvU7EIgYGZdfw\" target=\"_blank\" rel=\"nofollow noopener\">http:\/\/olayapazos.blogspot.com\/2012\/09\/xose-bolado.html<\/a>)<\/div>\n<div dir=\"auto\"><\/div>\n<div dir=\"auto\" style=\"text-align: center\"><img loading=\"lazy\" decoding=\"async\" class=\"alignnone size-full\" src=\"https:\/\/2.bp.blogspot.com\/-elG2LVdbfS0\/UGF9-NV-2yI\/AAAAAAAAAOM\/am_e3j-KDvs\/s1600\/Bolado.jpg\" width=\"454\" height=\"681\" \/><\/div>\n<\/div>\n","protected":false},"excerpt":{"rendered":"<p>Xos\u00e9 Bolado, profesor, poeta y acad\u00e9micu, persona candial y cr\u00edticu atentu que s&#8217;ocup\u00f3 con arrogancia y aciertu de toles corrientes po\u00e9tiques n&#8217;asturianu de les \u00faltimes d\u00e9cades. Queremos recordalu con un poema del so llibru de 2006, \u00abNa estaci\u00f3n de los relevos\u00bb (Llibros del Pexe): AMIGU Nada, ente mi ya esta voz que siento al escribir: [&hellip;]<\/p>\n","protected":false},"author":117,"featured_media":0,"parent":221,"menu_order":0,"comment_status":"closed","ping_status":"closed","template":"","meta":{"footnotes":""},"class_list":["post-6520","page","type-page","status-publish","hentry"],"_links":{"self":[{"href":"https:\/\/edublog.educastur.es\/ixuxu\/wp-json\/wp\/v2\/pages\/6520","targetHints":{"allow":["GET"]}}],"collection":[{"href":"https:\/\/edublog.educastur.es\/ixuxu\/wp-json\/wp\/v2\/pages"}],"about":[{"href":"https:\/\/edublog.educastur.es\/ixuxu\/wp-json\/wp\/v2\/types\/page"}],"author":[{"embeddable":true,"href":"https:\/\/edublog.educastur.es\/ixuxu\/wp-json\/wp\/v2\/users\/117"}],"replies":[{"embeddable":true,"href":"https:\/\/edublog.educastur.es\/ixuxu\/wp-json\/wp\/v2\/comments?post=6520"}],"version-history":[{"count":4,"href":"https:\/\/edublog.educastur.es\/ixuxu\/wp-json\/wp\/v2\/pages\/6520\/revisions"}],"predecessor-version":[{"id":6524,"href":"https:\/\/edublog.educastur.es\/ixuxu\/wp-json\/wp\/v2\/pages\/6520\/revisions\/6524"}],"up":[{"embeddable":true,"href":"https:\/\/edublog.educastur.es\/ixuxu\/wp-json\/wp\/v2\/pages\/221"}],"wp:attachment":[{"href":"https:\/\/edublog.educastur.es\/ixuxu\/wp-json\/wp\/v2\/media?parent=6520"}],"curies":[{"name":"wp","href":"https:\/\/api.w.org\/{rel}","templated":true}]}}

«Amigu» Xosé Bolado

<div class="kvgmc6g5 cxmmr5t8 oygrvhab hcukyx3x c1et5uql ii04i59q">
<div dir="auto">Xosé Bolado, profesor, poeta y académicu, persona candial y críticu atentu que s&#8217;ocupó con arrogancia y aciertu de toles corrientes poétiques n&#8217;asturianu de les últimes décades. Queremos recordalu con un poema del so llibru de 2006, «Na estación de los relevos» (Llibros del Pexe):</div>
</div>
<div class="o9v6fnle cxmmr5t8 oygrvhab hcukyx3x c1et5uql ii04i59q">
<div dir="auto"></div>
</div>
<div class="o9v6fnle cxmmr5t8 oygrvhab hcukyx3x c1et5uql ii04i59q">
<div dir="auto"><strong><span style="color: #008080"><em><span style="font-size: 20px">AMIGU</span></em></span></strong></div>
<div dir="auto"></div>
</div>
<div class="o9v6fnle cxmmr5t8 oygrvhab hcukyx3x c1et5uql ii04i59q">
<div dir="auto"><span style="color: #008080"><em><span style="font-size: 20px">Nada,</span></em></span></div>
<div dir="auto"><span style="color: #008080"><em><span style="font-size: 20px">ente mi ya esta voz</span></em></span></div>
<div dir="auto"><span style="color: #008080"><em><span style="font-size: 20px">que siento al escribir:</span></em></span></div>
<div dir="auto"><span style="color: #008080"><em><span style="font-size: 20px">«amigu».</span></em></span></div>
<div dir="auto"><span style="color: #008080"><em><span style="font-size: 20px">Cinco soplos gráficos</span></em></span></div>
<div dir="auto"><span style="color: #008080"><em><span style="font-size: 20px">nunca nun pudieren ser remate</span></em></span></div>
<div dir="auto"><span style="color: #008080"><em><span style="font-size: 20px">d&#8217;una vida nin señal</span></em></span></div>
<div dir="auto"><span style="color: #008080"><em><span style="font-size: 20px">de lo qu&#8217;otros conocieren de ti.</span></em></span></div>
<div dir="auto"></div>
<div dir="auto"><span style="color: #008080"><em><span style="font-size: 20px">Nada que t&#8217;identifique nos espacios</span></em></span></div>
<div dir="auto"><span style="color: #008080"><em><span style="font-size: 20px">por más qu&#8217;escriba la memoria</span></em></span></div>
<div dir="auto"><span style="color: #008080"><em><span style="font-size: 20px">–sólo lo que deprendí de ti</span></em></span></div>
<div dir="auto"><span style="color: #008080"><em><span style="font-size: 20px">malgasto na llábana del tiempu:</span></em></span></div>
<div dir="auto"><span style="color: #008080"><em><span style="font-size: 20px">d&#8217;aquel amor tuyu al atardecer,</span></em></span></div>
<div dir="auto"><span style="color: #008080"><em><span style="font-size: 20px">de la so inocencia</span></em></span></div>
<div dir="auto"><span style="color: #008080"><em><span style="font-size: 20px">al mirar los estorninos negros,</span></em></span></div>
<div dir="auto"><span style="color: #008080"><em><span style="font-size: 20px">sobre les palmeres altes,</span></em></span></div>
<div dir="auto"><span style="color: #008080"><em><span style="font-size: 20px">cuasi vencíes d&#8217;escuridá&#8230;</span></em></span></div>
<div dir="auto"><span style="color: #008080"><em><span style="font-size: 20px">de cómo sobrellevabes avientu</span></em></span></div>
<div dir="auto"><span style="color: #008080"><em><span style="font-size: 20px">na raya esencial de la mano–.</span></em></span></div>
<div dir="auto"></div>
</div>
<div class="o9v6fnle cxmmr5t8 oygrvhab hcukyx3x c1et5uql ii04i59q">
<div dir="auto"><span style="color: #008080"><em><span style="font-size: 20px">Namás, nin hubo llueu otra señal</span></em></span></div>
<div dir="auto"><span style="color: #008080"><em><span style="font-size: 20px">que diere cuerpu a quien esto escribe,</span></em></span></div>
<div dir="auto"><span style="color: #008080"><em><span style="font-size: 20px">yá pa siempre nel puntu final,</span></em></span></div>
<div dir="auto"><span style="color: #008080"><em><span style="font-size: 20px">o na lletra mayúscula,</span></em></span></div>
<div dir="auto"><span style="color: #008080"><em><span style="font-size: 20px">de la orfandá ya del silenciu.</span></em></span></div>
<div dir="auto"></div>
</div>
<div class="o9v6fnle cxmmr5t8 oygrvhab hcukyx3x c1et5uql ii04i59q">
<div dir="auto">(La foto qu&#8217;acompaña esta nota ye d&#8217;Olaya Pazos,</div>
<div dir="auto">tomada del so blog <a class="oajrlxb2 g5ia77u1 qu0x051f esr5mh6w e9989ue4 r7d6kgcz rq0escxv nhd2j8a9 nc684nl6 p7hjln8o kvgmc6g5 cxmmr5t8 oygrvhab hcukyx3x jb3vyjys rz4wbd8a qt6c0cv9 a8nywdso i1ao9s8h esuyzwwr f1sip0of lzcic4wl py34i1dx gpro0wi8" role="link" href="https://l.facebook.com/l.php?u=https%3A%2F%2Folayapazos.blogspot.com%2F2012%2F09%2Fxose-bolado.html%3Ffbclid%3DIwAR0rAhmuOKVs26nNdXrTpp17Ei7Ml8LF7S03XQ4vZs0ciebbw4un2WeJosA&amp;h=AT2kdQuWsasgUkVA8DwNZXRplBxFTXGc3XoVDp2PVvXKkZfgX1hWcuqamdecRLba9adAqxjmS3uBbq4DsadRuQx99oIFjvBl-EHICKwhdPaJ-iQJaqcgjJ0zUJT-6SXt0g&amp;__tn__=-UK-R&amp;c[0]=AT11Cje2QfeFD4YeWEdIqfcenxY_akC7a3ZIOnVduHwtMDgHU1Gy7ZLK7-fYV8czxT3Z0Lzrro21wWGYapIYumlijHKJt2BrlxXr0M4MSA2FOm_dKl6aa4b-wl-xXnCsabEERQJH8sKgAOvU7EIgYGZdfw" target="_blank" rel="nofollow noopener">http://olayapazos.blogspot.com/2012/09/xose-bolado.html</a>)</div>
<div dir="auto"></div>
<div dir="auto" style="text-align: center"><img loading="lazy" decoding="async" class="alignnone size-full" src="https://2.bp.blogspot.com/-elG2LVdbfS0/UGF9-NV-2yI/AAAAAAAAAOM/am_e3j-KDvs/s1600/Bolado.jpg" width="454" height="681" /></div>
</div>

<p>Xosé Bolado, profesor, poeta y académicu, persona candial y críticu atentu que s&#8217;ocupó con arrogancia y aciertu de toles corrientes poétiques n&#8217;asturianu de les últimes décades. Queremos recordalu con un poema del so llibru de 2006, «Na estación de los relevos» (Llibros del Pexe): AMIGU Nada, ente mi ya esta voz que siento al escribir: [&hellip;]</p>
