{"id":6848,"date":"2021-06-08T21:50:53","date_gmt":"2021-06-08T19:50:53","guid":{"rendered":"https:\/\/edublog.educastur.es\/ixuxu\/?page_id=6848"},"modified":"2021-06-08T21:50:53","modified_gmt":"2021-06-08T19:50:53","slug":"silvia-quesada","status":"publish","type":"page","link":"https:\/\/edublog.educastur.es\/ixuxu\/asturiano\/entrevistes\/silvia-quesada\/","title":{"rendered":"Silvia Quesada"},"content":{"rendered":"<div class=\"td-post-header\">\n<header class=\"td-post-title\">\n<ul>\n<li class=\"entry-title\"><a href=\"https:\/\/fusionasturias.com\/otras-secciones\/musica\/silvia-quesada-cantante-asturiana-siento-una-comodidad-absoluta-cantando-en-asturiano-es-parte-de-nuestra-raiz.htm?fbclid=IwAR0Ds-etofFdn-jRMPC2wHUx4dCVeaT0nql8KTIYsVw-iC3getS8hhOuQSU\">Fonte: Fusi\u00f3n Asturias<\/a>, <a href=\"https:\/\/fusionasturias.com\/author\/isa\">Isabel G. Mu\u00f1iz<\/a><br \/>\nSilvia Quesada, cantante asturiana:<br \/>\n<span style=\"font-size: 20px;color: #008080\"><em>\u201cSiento una comodidad absoluta cantando en asturiano, es parte de nuestra ra\u00edz\u201d<\/em><\/span><\/li>\n<\/ul>\n<div class=\"td-module-meta-info\">\n<div class=\"td-post-author-name\"><\/div>\n<\/div>\n<\/header>\n<\/div>\n<div class=\"td-post-content tagdiv-type\">\n<div class=\"td-post-featured-image\">\n<figure><a class=\"td-modal-image\" href=\"https:\/\/fusionasturias.com\/wp-content\/uploads\/2021\/06\/silvia-quesada-2.jpg.webp\" data-caption=\"Silvia Quesada\"><img loading=\"lazy\" decoding=\"async\" class=\"entry-thumb\" title=\"Silvia Quesada\" src=\"https:\/\/fusionasturias.com\/wp-content\/uploads\/2021\/06\/silvia-quesada-2-696x696.jpg.webp\" alt=\"Silvia Quesada, cantante asturiana\" width=\"696\" height=\"696\" \/><\/a><figcaption class=\"wp-caption-text\">Silvia Quesada<\/figcaption><\/figure>\n<\/div>\n<div class=\"yasr-auto-insert-visitor\">\n<div id=\"yasr_visitor_votes_38276\" class=\"yasr-visitor-votes\">\n<div class=\"yasr-custom-text-vv-before yasr-custom-text-vv-before-38276\"><\/div>\n<\/div>\n<\/div>\n<\/div>\n<p>Silvia Quesada pas\u00f3 de ser la voz del folk astur para adentrarse en las lindes del pop y la m\u00fasica de autor. Con su segundo disco, <em>Prefiero ver llover<\/em>, la cantante asturiana ha confirmado que el \u00e9xito de su primer trabajo no fue fruto de la casualidad. Y anuncia que pronto llegar\u00e1n nuevos temas.<\/p>\n<p>Su carrera musical se inici\u00f3 con la gaita y la flauta travesera. Era buena con los instrumentos de viento, y con el tiempo descubrir\u00eda que tambi\u00e9n lo era con su instrumento m\u00e1s \u00edntimo: sus cuerdas vocales. En 2015 lo supo toda Asturias, tras recibir el premio AMAS a la Mejor voz tradicional asturiana. El suyo es un sonido dulce que acaricia el alma y puede resta\u00f1ar heridas. Un sonido con ra\u00edces firmes en la cultura asturiana y letras del compositor Alfredo Gonz\u00e1lez.<\/p>\n<p><strong>-\u00bfProvienes de una familia con tradici\u00f3n en la m\u00fasica?<\/strong><br \/>\n-S\u00ed, mi padre es un mel\u00f3mano tremendo, tiene una colecci\u00f3n de vinilos enorme en casa y mi abuelo cantaba tonada muy bien. Lo hac\u00eda en el entorno familiar y con los amigos, nunca se dedic\u00f3 a ello profesionalmente. Creo que de ah\u00ed me puede venir algo. Yo empec\u00e9 tocando la gaita, nunca pens\u00e9 que me acabar\u00eda inclinando por cantar, pero s\u00ed es verdad que desde peque\u00f1a en casa cantaba constantemente todo tipo de canciones.<\/p>\n<blockquote><p>\u201cEmpec\u00e9 tocando la gaita, nunca pens\u00e9 que me acabar\u00eda inclinando por cantar, pero s\u00ed es verdad que desde peque\u00f1a en casa cantaba constantemente todo tipo de canciones\u201d<\/p><\/blockquote>\n<p><strong>-\u00bfC\u00f3mo fue la transici\u00f3n de tocar instrumentos a convertirte en voz solista?<\/strong><br \/>\n-Fue un poco casual. Yo estaba en la Escuela de M\u00fasica de Tineo y una chica que estaba en m\u00fasica tradicional me pregunt\u00f3 si me animaba a participar del grupo Muyeres. Luego, en sesiones de m\u00fasica folk en Ca Bele\u00f1o o L\u2019Esperteyu, sac\u00e1bamos las panderetas y nos pon\u00edamos a cantar; un d\u00eda me llam\u00f3 Guillo, el que llevaba el grupo Los Gatos del Fornu, para cantar con ellos. Un mes m\u00e1s tarde tambi\u00e9n me llamaron para cantar con Blima, luego segu\u00ed con Tejedor y hasta que ya di el paso en solitario.<\/p>\n<p><strong>-\u00bfEste fue el paso m\u00e1s arriesgado?<\/strong><br \/>\n-S\u00ed, porque yo me considero una persona muy t\u00edmida. En el escenario con Tejedor era una m\u00e1s, aunque es verdad que la atenci\u00f3n recae mucho en la persona que canta. Ahora me siento a la vez c\u00f3moda e inc\u00f3moda, me gusta estar en el centro transmitiendo c\u00f3mo yo veo la m\u00fasica.<\/p>\n<p><strong>-\u00bfC\u00f3mo le explicar\u00edas a alguien de fuera por qu\u00e9 cantas en asturiano?<\/strong><br \/>\n-Estoy segura que al cantar en asturiano llego a mucha menos gente, y no me refiero solo a gente de fuera de Asturias con la que por supuesto hay una barrera idiom\u00e1tica, incluso en nuestra comunidad hay quien reniega totalmente de la llingua asturiana. Yo soy de Tineo, y aqu\u00ed todav\u00eda hay personas que no la aceptan porque temen que si se hace oficial est\u00e9n obligados a hablar en el asturiano normativo, pero eso no es as\u00ed. Yo siento una comodidad absoluta, me sale de dentro, sobre todo cuando canto m\u00fasica tradicional. Es lo que somos, es parte de nuestra ra\u00edz.<\/p>\n<blockquote><p>\u201cLo que hace gente como Rodrigo Cuevas es para aplaudir. Estoy muy a favor de que se hagan cosas diferentes porque la m\u00fasica es como cualquier otro lenguaje que tiene que evolucionar\u201d<\/p><\/blockquote>\n<p><strong>-\u00bfQu\u00e9 opinas de la conjunci\u00f3n tradici\u00f3n-innovaci\u00f3n?<\/strong><br \/>\n-Creo que es s\u00faper necesaria. Lo que hace gente como Rodrigo Cuevas es para aplaudir, tambi\u00e9n Marisa Valle Roso est\u00e1 arriesgando o Anabel Santiago, que hace m\u00fasica electr\u00f3nica con tonada. Estoy muy a favor de que se hagan estas cosas porque la m\u00fasica es como cualquier otro lenguaje que tiene que evolucionar. Igual que en el diccionario de la RAE aceptamos nuevas cosas, en el musical tienen que incluirse las nuevas tendencias porque si no ser\u00eda todo igual. Y es muy importante que se abran fronteras, que la gente conozca lo que se hace en Asturias igual que todos conocemos el flamenco.<\/p>\n<p><strong><img loading=\"lazy\" decoding=\"async\" class=\"alignright wp-image-38286\" src=\"https:\/\/fusionasturias.com\/wp-content\/uploads\/2021\/06\/silvia-quesada-1.jpg.webp\" alt=\"Silvia Quesada, cantante asturiana\" width=\"333\" height=\"500\" \/>-Tu origen musical fue el folk pero ahora abordas una mayor diversidad de g\u00e9neros. \u00bfC\u00f3mo te encuentras en ellos?<\/strong><br \/>\n-En 2013, el primer disco <em>La pena abierta<\/em> era un proyecto s\u00faper innovador, tal vez como el que hab\u00eda empezado Esther Fonseca hac\u00eda unos a\u00f1os, m\u00fasica de autor con una voz femenina. Entonces no hab\u00eda nadie m\u00e1s que ella, y yo ahora sigo m\u00e1s o menos igual porque tampoco hay una mujer que siga una estela como la m\u00eda, tal vez Tania Pereira, pero tampoco nos parecemos mucho.<br \/>\nAhora est\u00e1 mucho m\u00e1s de moda el mundo tradicional, vuelve otra vez la pandereta y grupos como L-R empiezan a funcionar muy bien. O sea que aqu\u00ed me encuentra un poco sola; no s\u00e9 si es bueno o malo, porque no s\u00e9 si es una tendencia o si es el lugar que solo ocupo yo.<\/p>\n<p><strong>-Como en toda carrera de fondo, unos pasos dan lugar a otros. \u00bfQu\u00e9 te ha aportado de cara a tu nuevo trabajo el primer disco?<\/strong><br \/>\n\u2013<em>La pena abierta<\/em> fue un poco una prueba. Yo no estaba muy convencida y para m\u00ed fue un descubrimiento porque no pensaba que fuera a tener la repercusi\u00f3n que tuvo, y fue el que dio pie al segundo trabajo,<em> Prefiero ver llover<\/em>. El primer disco era un poco m\u00e1s desnudo, m\u00e1s ac\u00fastico, pr\u00e1cticamente de guitarra y voz; en el siguiente decidimos meter m\u00e1s instrumentaci\u00f3n que tambi\u00e9n pod\u00eda ir bien con mi voz. En el primero ten\u00edamos una ranchera, pero el resto de temas segu\u00edan una misma l\u00ednea; ahora tenemos un par de boleros y hay un par de canciones m\u00e1s pop o indie, m\u00fasica disco. Es un poco m\u00e1s locura.<\/p>\n<p><strong>-\u00bfHay alg\u00fan tema especial para ti en <em>Prefiero ver llover<\/em>?<\/strong><br \/>\n-S\u00ed, <em>La mesma revoluci\u00f3n<\/em> fue un tema que nos trajo much\u00edsimas alegr\u00edas; aunque no ganamos ning\u00fan premio llegamos a la final del Meyor Cantar. Es una canci\u00f3n pop con tem\u00e1tica feminista y funcion\u00f3 muy bien en colegios y otras instituciones. Tuvo muy buena acogida, se puso mucho el D\u00eda de la Mujer.<\/p>\n<blockquote><p>\u201c<em>La mesma revoluci\u00f3n<\/em> fue un tema que nos trajo much\u00edsimas alegr\u00edas; aunque no ganamos ning\u00fan premio llegamos a la final del Meyor Cantar\u201d<\/p><\/blockquote>\n<p><strong>-\u00bfQu\u00e9 es para ti la m\u00fasica? Un sentimiento, una reivindicaci\u00f3n, algo para disfrutar\u2026<\/strong><br \/>\n-Supongo que es una mezcla de todo lo que acabas de decir, pero quiz\u00e1 para m\u00ed es una liberaci\u00f3n, una salvaci\u00f3n. Te pongo un ejemplo: hace dos a\u00f1os iba a clases de canto a Avil\u00e9s, iba desde Tineo y el viaje me aburr\u00eda un mont\u00f3n, a veces incluso estaba nevando. Eran solo 45 minutos de clases, pero merec\u00eda la pena, sal\u00eda nueva de all\u00ed, para m\u00ed era terap\u00e9utico. La m\u00fasica es terapia. Una vez que me pongo a cantar se me olvida todo lo que est\u00e1 pasando, e imagino que puede ayudar a otras personas a evadirse, igual que lo hago yo.<\/p>\n<p><strong>-Compaginas tu actividad como cantante con tu faceta de profesora de m\u00fasica. \u00bfC\u00f3mo vives tu faceta en la ense\u00f1anza?<\/strong><br \/>\n-No s\u00e9 qu\u00e9 decirte, llevo varios a\u00f1os dando clases y al principio ten\u00eda mucha ilusi\u00f3n y much\u00edsima fuerza, quer\u00eda cambiar el mundo, pero la m\u00fasica en la escuela est\u00e1 relegada a nada. Hay solo una hora a la semana y siempre con el peor horario, nadie la tiene en cuenta. Cada vez estoy m\u00e1s cansada y, de hecho, me planteo empezar vivir m\u00e1s de la m\u00fasica que del magisterio precisamente por eso. Si pudiera ense\u00f1ar lo que yo quiero ser\u00eda diferente, pero al final me siento remando a la contra de todo.<\/p>\n<blockquote><p>\u201cLa m\u00fasica en la escuela est\u00e1 relegada a nada. Hay solo una hora a la semana y siempre con el peor horario, nadie la tiene en cuenta\u201d<\/p><\/blockquote>\n<p><strong>-Por contra, para tus alumnos ser\u00e1s mucho m\u00e1s que la profe de m\u00fasica\u2026<\/strong><br \/>\n-S\u00ed, supongo que s\u00ed, sobre todo lo noto este a\u00f1o. Ahora solo doy clases en Cangas del Narcea y hace pocos meses presentamos el disco all\u00ed, para ellos fue un bombazo. Ven que su profesora es cantante y aunque no tengo setecientos mil millones de seguidores como puede tener cualquier youtuber, cuando ven todo lo que se mueve en los conciertos alucinan y est\u00e1n s\u00faper contentos con la profe de m\u00fasica.<\/p>\n<p><strong>-El pasado no ha sido un a\u00f1o f\u00e1cil para tener un nuevo disco en el mercado. \u00bfQu\u00e9 respuesta has encontrado?<\/strong><br \/>\n-No me puedo quejar dentro de lo que cabe, aunque fue un mazazo grande porque present\u00e9 el disco el 17 de enero de 2020, y solo puede hacer dos conciertos m\u00e1s antes del confinamiento, uno en Santander y otro en Madrid. Despu\u00e9s, en verano, ya empezamos a hacer alguno en formato peque\u00f1o. La verdad es que esta situaci\u00f3n es m\u00e1s complicada para grupos grandes, salen m\u00e1s perjudicados por la cuesti\u00f3n de aforos permitidos, les resulta dif\u00edcil que los gastos se compensen con el n\u00famero de entradas.<\/p>\n<p><strong>-\u00bfQu\u00e9 previsiones ten\u00e9is para un futuro cercano?<\/strong><br \/>\n-De momento tenemos un concierto por delante, pero como el disco empez\u00f3 y medio muri\u00f3 con la pandemia quiero cerrar este ciclo y empezar a trabajar con material nuevo. Probablemente pronto saquemos alguna canci\u00f3n, alg\u00fan adelanto que lanzaremos en las redes. Es el plan a corto plazo.<\/p>\n","protected":false},"excerpt":{"rendered":"<p>Fonte: Fusi\u00f3n Asturias, Isabel G. Mu\u00f1iz Silvia Quesada, cantante asturiana: \u201cSiento una comodidad absoluta cantando en asturiano, es parte de nuestra ra\u00edz\u201d Silvia Quesada Silvia Quesada pas\u00f3 de ser la voz del folk astur para adentrarse en las lindes del pop y la m\u00fasica de autor. Con su segundo disco, Prefiero ver llover, la cantante [&hellip;]<\/p>\n","protected":false},"author":117,"featured_media":0,"parent":3151,"menu_order":0,"comment_status":"closed","ping_status":"closed","template":"","meta":{"footnotes":""},"class_list":["post-6848","page","type-page","status-publish","hentry"],"_links":{"self":[{"href":"https:\/\/edublog.educastur.es\/ixuxu\/wp-json\/wp\/v2\/pages\/6848","targetHints":{"allow":["GET"]}}],"collection":[{"href":"https:\/\/edublog.educastur.es\/ixuxu\/wp-json\/wp\/v2\/pages"}],"about":[{"href":"https:\/\/edublog.educastur.es\/ixuxu\/wp-json\/wp\/v2\/types\/page"}],"author":[{"embeddable":true,"href":"https:\/\/edublog.educastur.es\/ixuxu\/wp-json\/wp\/v2\/users\/117"}],"replies":[{"embeddable":true,"href":"https:\/\/edublog.educastur.es\/ixuxu\/wp-json\/wp\/v2\/comments?post=6848"}],"version-history":[{"count":1,"href":"https:\/\/edublog.educastur.es\/ixuxu\/wp-json\/wp\/v2\/pages\/6848\/revisions"}],"predecessor-version":[{"id":6849,"href":"https:\/\/edublog.educastur.es\/ixuxu\/wp-json\/wp\/v2\/pages\/6848\/revisions\/6849"}],"up":[{"embeddable":true,"href":"https:\/\/edublog.educastur.es\/ixuxu\/wp-json\/wp\/v2\/pages\/3151"}],"wp:attachment":[{"href":"https:\/\/edublog.educastur.es\/ixuxu\/wp-json\/wp\/v2\/media?parent=6848"}],"curies":[{"name":"wp","href":"https:\/\/api.w.org\/{rel}","templated":true}]}}

<div class="td-post-header">
<header class="td-post-title">
<ul>
<li class="entry-title"><a href="https://fusionasturias.com/otras-secciones/musica/silvia-quesada-cantante-asturiana-siento-una-comodidad-absoluta-cantando-en-asturiano-es-parte-de-nuestra-raiz.htm?fbclid=IwAR0Ds-etofFdn-jRMPC2wHUx4dCVeaT0nql8KTIYsVw-iC3getS8hhOuQSU">Fonte: Fusión Asturias</a>, <a href="https://fusionasturias.com/author/isa">Isabel G. Muñiz</a><br />
Silvia Quesada, cantante asturiana:<br />
<span style="font-size: 20px;color: #008080"><em>“Siento una comodidad absoluta cantando en asturiano, es parte de nuestra raíz”</em></span></li>
</ul>
<div class="td-module-meta-info">
<div class="td-post-author-name"></div>
</div>
</header>
</div>
<div class="td-post-content tagdiv-type">
<div class="td-post-featured-image">
<figure><a class="td-modal-image" href="https://fusionasturias.com/wp-content/uploads/2021/06/silvia-quesada-2.jpg.webp" data-caption="Silvia Quesada"><img loading="lazy" decoding="async" class="entry-thumb" title="Silvia Quesada" src="https://fusionasturias.com/wp-content/uploads/2021/06/silvia-quesada-2-696x696.jpg.webp" alt="Silvia Quesada, cantante asturiana" width="696" height="696" /></a><figcaption class="wp-caption-text">Silvia Quesada</figcaption></figure>
</div>
<div class="yasr-auto-insert-visitor">
<div id="yasr_visitor_votes_38276" class="yasr-visitor-votes">
<div class="yasr-custom-text-vv-before yasr-custom-text-vv-before-38276"></div>
</div>
</div>
</div>
<p>Silvia Quesada pasó de ser la voz del folk astur para adentrarse en las lindes del pop y la música de autor. Con su segundo disco, <em>Prefiero ver llover</em>, la cantante asturiana ha confirmado que el éxito de su primer trabajo no fue fruto de la casualidad. Y anuncia que pronto llegarán nuevos temas.</p>
<p>Su carrera musical se inició con la gaita y la flauta travesera. Era buena con los instrumentos de viento, y con el tiempo descubriría que también lo era con su instrumento más íntimo: sus cuerdas vocales. En 2015 lo supo toda Asturias, tras recibir el premio AMAS a la Mejor voz tradicional asturiana. El suyo es un sonido dulce que acaricia el alma y puede restañar heridas. Un sonido con raíces firmes en la cultura asturiana y letras del compositor Alfredo González.</p>
<p><strong>-¿Provienes de una familia con tradición en la música?</strong><br />
-Sí, mi padre es un melómano tremendo, tiene una colección de vinilos enorme en casa y mi abuelo cantaba tonada muy bien. Lo hacía en el entorno familiar y con los amigos, nunca se dedicó a ello profesionalmente. Creo que de ahí me puede venir algo. Yo empecé tocando la gaita, nunca pensé que me acabaría inclinando por cantar, pero sí es verdad que desde pequeña en casa cantaba constantemente todo tipo de canciones.</p>
<blockquote><p>“Empecé tocando la gaita, nunca pensé que me acabaría inclinando por cantar, pero sí es verdad que desde pequeña en casa cantaba constantemente todo tipo de canciones”</p></blockquote>
<p><strong>-¿Cómo fue la transición de tocar instrumentos a convertirte en voz solista?</strong><br />
-Fue un poco casual. Yo estaba en la Escuela de Música de Tineo y una chica que estaba en música tradicional me preguntó si me animaba a participar del grupo Muyeres. Luego, en sesiones de música folk en Ca Beleño o L’Esperteyu, sacábamos las panderetas y nos poníamos a cantar; un día me llamó Guillo, el que llevaba el grupo Los Gatos del Fornu, para cantar con ellos. Un mes más tarde también me llamaron para cantar con Blima, luego seguí con Tejedor y hasta que ya di el paso en solitario.</p>
<p><strong>-¿Este fue el paso más arriesgado?</strong><br />
-Sí, porque yo me considero una persona muy tímida. En el escenario con Tejedor era una más, aunque es verdad que la atención recae mucho en la persona que canta. Ahora me siento a la vez cómoda e incómoda, me gusta estar en el centro transmitiendo cómo yo veo la música.</p>
<p><strong>-¿Cómo le explicarías a alguien de fuera por qué cantas en asturiano?</strong><br />
-Estoy segura que al cantar en asturiano llego a mucha menos gente, y no me refiero solo a gente de fuera de Asturias con la que por supuesto hay una barrera idiomática, incluso en nuestra comunidad hay quien reniega totalmente de la llingua asturiana. Yo soy de Tineo, y aquí todavía hay personas que no la aceptan porque temen que si se hace oficial estén obligados a hablar en el asturiano normativo, pero eso no es así. Yo siento una comodidad absoluta, me sale de dentro, sobre todo cuando canto música tradicional. Es lo que somos, es parte de nuestra raíz.</p>
<blockquote><p>“Lo que hace gente como Rodrigo Cuevas es para aplaudir. Estoy muy a favor de que se hagan cosas diferentes porque la música es como cualquier otro lenguaje que tiene que evolucionar”</p></blockquote>
<p><strong>-¿Qué opinas de la conjunción tradición-innovación?</strong><br />
-Creo que es súper necesaria. Lo que hace gente como Rodrigo Cuevas es para aplaudir, también Marisa Valle Roso está arriesgando o Anabel Santiago, que hace música electrónica con tonada. Estoy muy a favor de que se hagan estas cosas porque la música es como cualquier otro lenguaje que tiene que evolucionar. Igual que en el diccionario de la RAE aceptamos nuevas cosas, en el musical tienen que incluirse las nuevas tendencias porque si no sería todo igual. Y es muy importante que se abran fronteras, que la gente conozca lo que se hace en Asturias igual que todos conocemos el flamenco.</p>
<p><strong><img loading="lazy" decoding="async" class="alignright wp-image-38286" src="https://fusionasturias.com/wp-content/uploads/2021/06/silvia-quesada-1.jpg.webp" alt="Silvia Quesada, cantante asturiana" width="333" height="500" />-Tu origen musical fue el folk pero ahora abordas una mayor diversidad de géneros. ¿Cómo te encuentras en ellos?</strong><br />
-En 2013, el primer disco <em>La pena abierta</em> era un proyecto súper innovador, tal vez como el que había empezado Esther Fonseca hacía unos años, música de autor con una voz femenina. Entonces no había nadie más que ella, y yo ahora sigo más o menos igual porque tampoco hay una mujer que siga una estela como la mía, tal vez Tania Pereira, pero tampoco nos parecemos mucho.<br />
Ahora está mucho más de moda el mundo tradicional, vuelve otra vez la pandereta y grupos como L-R empiezan a funcionar muy bien. O sea que aquí me encuentra un poco sola; no sé si es bueno o malo, porque no sé si es una tendencia o si es el lugar que solo ocupo yo.</p>
<p><strong>-Como en toda carrera de fondo, unos pasos dan lugar a otros. ¿Qué te ha aportado de cara a tu nuevo trabajo el primer disco?</strong><br />
–<em>La pena abierta</em> fue un poco una prueba. Yo no estaba muy convencida y para mí fue un descubrimiento porque no pensaba que fuera a tener la repercusión que tuvo, y fue el que dio pie al segundo trabajo,<em> Prefiero ver llover</em>. El primer disco era un poco más desnudo, más acústico, prácticamente de guitarra y voz; en el siguiente decidimos meter más instrumentación que también podía ir bien con mi voz. En el primero teníamos una ranchera, pero el resto de temas seguían una misma línea; ahora tenemos un par de boleros y hay un par de canciones más pop o indie, música disco. Es un poco más locura.</p>
<p><strong>-¿Hay algún tema especial para ti en <em>Prefiero ver llover</em>?</strong><br />
-Sí, <em>La mesma revolución</em> fue un tema que nos trajo muchísimas alegrías; aunque no ganamos ningún premio llegamos a la final del Meyor Cantar. Es una canción pop con temática feminista y funcionó muy bien en colegios y otras instituciones. Tuvo muy buena acogida, se puso mucho el Día de la Mujer.</p>
<blockquote><p>“<em>La mesma revolución</em> fue un tema que nos trajo muchísimas alegrías; aunque no ganamos ningún premio llegamos a la final del Meyor Cantar”</p></blockquote>
<p><strong>-¿Qué es para ti la música? Un sentimiento, una reivindicación, algo para disfrutar…</strong><br />
-Supongo que es una mezcla de todo lo que acabas de decir, pero quizá para mí es una liberación, una salvación. Te pongo un ejemplo: hace dos años iba a clases de canto a Avilés, iba desde Tineo y el viaje me aburría un montón, a veces incluso estaba nevando. Eran solo 45 minutos de clases, pero merecía la pena, salía nueva de allí, para mí era terapéutico. La música es terapia. Una vez que me pongo a cantar se me olvida todo lo que está pasando, e imagino que puede ayudar a otras personas a evadirse, igual que lo hago yo.</p>
<p><strong>-Compaginas tu actividad como cantante con tu faceta de profesora de música. ¿Cómo vives tu faceta en la enseñanza?</strong><br />
-No sé qué decirte, llevo varios años dando clases y al principio tenía mucha ilusión y muchísima fuerza, quería cambiar el mundo, pero la música en la escuela está relegada a nada. Hay solo una hora a la semana y siempre con el peor horario, nadie la tiene en cuenta. Cada vez estoy más cansada y, de hecho, me planteo empezar vivir más de la música que del magisterio precisamente por eso. Si pudiera enseñar lo que yo quiero sería diferente, pero al final me siento remando a la contra de todo.</p>
<blockquote><p>“La música en la escuela está relegada a nada. Hay solo una hora a la semana y siempre con el peor horario, nadie la tiene en cuenta”</p></blockquote>
<p><strong>-Por contra, para tus alumnos serás mucho más que la profe de música…</strong><br />
-Sí, supongo que sí, sobre todo lo noto este año. Ahora solo doy clases en Cangas del Narcea y hace pocos meses presentamos el disco allí, para ellos fue un bombazo. Ven que su profesora es cantante y aunque no tengo setecientos mil millones de seguidores como puede tener cualquier youtuber, cuando ven todo lo que se mueve en los conciertos alucinan y están súper contentos con la profe de música.</p>
<p><strong>-El pasado no ha sido un año fácil para tener un nuevo disco en el mercado. ¿Qué respuesta has encontrado?</strong><br />
-No me puedo quejar dentro de lo que cabe, aunque fue un mazazo grande porque presenté el disco el 17 de enero de 2020, y solo puede hacer dos conciertos más antes del confinamiento, uno en Santander y otro en Madrid. Después, en verano, ya empezamos a hacer alguno en formato pequeño. La verdad es que esta situación es más complicada para grupos grandes, salen más perjudicados por la cuestión de aforos permitidos, les resulta difícil que los gastos se compensen con el número de entradas.</p>
<p><strong>-¿Qué previsiones tenéis para un futuro cercano?</strong><br />
-De momento tenemos un concierto por delante, pero como el disco empezó y medio murió con la pandemia quiero cerrar este ciclo y empezar a trabajar con material nuevo. Probablemente pronto saquemos alguna canción, algún adelanto que lanzaremos en las redes. Es el plan a corto plazo.</p>

<p>Fonte: Fusión Asturias, Isabel G. Muñiz Silvia Quesada, cantante asturiana: “Siento una comodidad absoluta cantando en asturiano, es parte de nuestra raíz” Silvia Quesada Silvia Quesada pasó de ser la voz del folk astur para adentrarse en las lindes del pop y la música de autor. Con su segundo disco, Prefiero ver llover, la cantante [&hellip;]</p>
