{"id":6988,"date":"2021-06-10T22:40:13","date_gmt":"2021-06-10T20:40:13","guid":{"rendered":"https:\/\/edublog.educastur.es\/ixuxu\/?page_id=6988"},"modified":"2021-06-10T22:48:05","modified_gmt":"2021-06-10T20:48:05","slug":"educallingua","status":"publish","type":"page","link":"https:\/\/edublog.educastur.es\/ixuxu\/revistes\/educallingua\/","title":{"rendered":"Educallingua"},"content":{"rendered":"<p><a href=\"https:\/\/www.canva.com\/design\/DAEbvFXuQpw\/h8af2Uj0RzwDU5Dryrk7ug\/view\"><img loading=\"lazy\" decoding=\"async\" class=\"aligncenter\" src=\"https:\/\/imgbox.es\/images\/2021\/06\/10\/educallinguaa884529073a7a2ac5.jpg\" alt=\"\" width=\"388\" height=\"579\" \/><\/a><\/p>\n<p><span class=\"d2edcug0 hpfvmrgz qv66sw1b c1et5uql lr9zc1uh a8c37x1j keod5gw0 nxhoafnm aigsh9s9 d3f4x2em fe6kdd0r mau55g9w c8b282yb iv3no6db jq4qci2q a3bd9o3v knj5qynh oo9gr5id\" dir=\"auto\">La Conseyer\u00eda d&#8217;Educaci\u00f3n acaba de sacar<strong><a href=\"https:\/\/www.canva.com\/design\/DAEbvFXuQpw\/h8af2Uj0RzwDU5Dryrk7ug\/view?utm_content=DAEbvFXuQpw&amp;utm_campaign=designshare&amp;utm_medium=link&amp;utm_source=publishsharelink&amp;fbclid=IwAR3Jon8ipc_k9rSej2r-h9kVLJ0ABAjawxFMoknLgSMDy5Q5Dvm0VSeeRSE#3\"> un n\u00famberu nuevu del bolet\u00edn Educallingua.<\/a><\/strong> Esta publicaci\u00f3n, de periodicid\u00e1 trimestral, recueye l&#8217;actualid\u00e1 del \u00e1mbitu educativu no refer\u00edo al asturianu y al gallego-asturianu, mesmo qu&#8217;informaci\u00f3n d&#8217;inter\u00e9s sobre actividaes culturales y lliteraries nes lling\u00fces propies d&#8217;Asturies. <\/span><\/p>\n<p><span class=\"d2edcug0 hpfvmrgz qv66sw1b c1et5uql lr9zc1uh a8c37x1j keod5gw0 nxhoafnm aigsh9s9 d3f4x2em fe6kdd0r mau55g9w c8b282yb iv3no6db jq4qci2q a3bd9o3v knj5qynh oo9gr5id\" dir=\"auto\"><br \/>\nNel n\u00famberu d&#8217;esta temporada puen atopase art\u00edculos sobre la Selmana de les Lletres dedicada a Nel Amaro, el ciclu d&#8217;alcuentros lliterarios Autores nel Cam\u00edn y otres actividaes entamaes pola Conseyer\u00eda d&#8217;Educaci\u00f3n y pola de Cultura, Pol\u00edtica Lling\u00fc\u00edstica y Turismu, refer\u00edes a la llingua y la lliteratura n&#8217;asturianu y en gallego-asturianu.<\/span><\/p>\n<p>Pue accedese a la publicaci\u00f3n nesti enllaz: <a class=\"oajrlxb2 g5ia77u1 qu0x051f esr5mh6w e9989ue4 r7d6kgcz rq0escxv nhd2j8a9 nc684nl6 p7hjln8o kvgmc6g5 cxmmr5t8 oygrvhab hcukyx3x jb3vyjys rz4wbd8a qt6c0cv9 a8nywdso i1ao9s8h esuyzwwr f1sip0of lzcic4wl py34i1dx gpro0wi8\" role=\"link\" href=\"https:\/\/www.canva.com\/design\/DAEbvFXuQpw\/h8af2Uj0RzwDU5Dryrk7ug\/view?utm_content=DAEbvFXuQpw&amp;utm_campaign=designshare&amp;utm_medium=link&amp;utm_source=publishsharelink&amp;fbclid=IwAR3Jon8ipc_k9rSej2r-h9kVLJ0ABAjawxFMoknLgSMDy5Q5Dvm0VSeeRSE#7\" target=\"_blank\" rel=\"nofollow noopener\">https:\/\/www.canva.com\/&#8230;\/h8af2Uj0RzwDU5Dryrk7ug\/view&#8230;<\/a><\/p>\n<hr \/>\n<p>&nbsp;<\/p>\n<p>&nbsp;<\/p>\n","protected":false},"excerpt":{"rendered":"<p>La Conseyer\u00eda d&#8217;Educaci\u00f3n acaba de sacar un n\u00famberu nuevu del bolet\u00edn Educallingua. Esta publicaci\u00f3n, de periodicid\u00e1 trimestral, recueye l&#8217;actualid\u00e1 del \u00e1mbitu educativu no refer\u00edo al asturianu y al gallego-asturianu, mesmo qu&#8217;informaci\u00f3n d&#8217;inter\u00e9s sobre actividaes culturales y lliteraries nes lling\u00fces propies d&#8217;Asturies. Nel n\u00famberu d&#8217;esta temporada puen atopase art\u00edculos sobre la Selmana de les Lletres dedicada [&hellip;]<\/p>\n","protected":false},"author":117,"featured_media":0,"parent":984,"menu_order":0,"comment_status":"closed","ping_status":"closed","template":"","meta":{"footnotes":""},"class_list":["post-6988","page","type-page","status-publish","hentry"],"_links":{"self":[{"href":"https:\/\/edublog.educastur.es\/ixuxu\/wp-json\/wp\/v2\/pages\/6988","targetHints":{"allow":["GET"]}}],"collection":[{"href":"https:\/\/edublog.educastur.es\/ixuxu\/wp-json\/wp\/v2\/pages"}],"about":[{"href":"https:\/\/edublog.educastur.es\/ixuxu\/wp-json\/wp\/v2\/types\/page"}],"author":[{"embeddable":true,"href":"https:\/\/edublog.educastur.es\/ixuxu\/wp-json\/wp\/v2\/users\/117"}],"replies":[{"embeddable":true,"href":"https:\/\/edublog.educastur.es\/ixuxu\/wp-json\/wp\/v2\/comments?post=6988"}],"version-history":[{"count":5,"href":"https:\/\/edublog.educastur.es\/ixuxu\/wp-json\/wp\/v2\/pages\/6988\/revisions"}],"predecessor-version":[{"id":6992,"href":"https:\/\/edublog.educastur.es\/ixuxu\/wp-json\/wp\/v2\/pages\/6988\/revisions\/6992"}],"up":[{"embeddable":true,"href":"https:\/\/edublog.educastur.es\/ixuxu\/wp-json\/wp\/v2\/pages\/984"}],"wp:attachment":[{"href":"https:\/\/edublog.educastur.es\/ixuxu\/wp-json\/wp\/v2\/media?parent=6988"}],"curies":[{"name":"wp","href":"https:\/\/api.w.org\/{rel}","templated":true}]}}

<p><a href="https://www.canva.com/design/DAEbvFXuQpw/h8af2Uj0RzwDU5Dryrk7ug/view"><img loading="lazy" decoding="async" class="aligncenter" src="https://imgbox.es/images/2021/06/10/educallinguaa884529073a7a2ac5.jpg" alt="" width="388" height="579" /></a></p>
<p><span class="d2edcug0 hpfvmrgz qv66sw1b c1et5uql lr9zc1uh a8c37x1j keod5gw0 nxhoafnm aigsh9s9 d3f4x2em fe6kdd0r mau55g9w c8b282yb iv3no6db jq4qci2q a3bd9o3v knj5qynh oo9gr5id" dir="auto">La Conseyería d&#8217;Educación acaba de sacar<strong><a href="https://www.canva.com/design/DAEbvFXuQpw/h8af2Uj0RzwDU5Dryrk7ug/view?utm_content=DAEbvFXuQpw&amp;utm_campaign=designshare&amp;utm_medium=link&amp;utm_source=publishsharelink&amp;fbclid=IwAR3Jon8ipc_k9rSej2r-h9kVLJ0ABAjawxFMoknLgSMDy5Q5Dvm0VSeeRSE#3"> un númberu nuevu del boletín Educallingua.</a></strong> Esta publicación, de periodicidá trimestral, recueye l&#8217;actualidá del ámbitu educativu no referío al asturianu y al gallego-asturianu, mesmo qu&#8217;información d&#8217;interés sobre actividaes culturales y lliteraries nes llingües propies d&#8217;Asturies. </span></p>
<p><span class="d2edcug0 hpfvmrgz qv66sw1b c1et5uql lr9zc1uh a8c37x1j keod5gw0 nxhoafnm aigsh9s9 d3f4x2em fe6kdd0r mau55g9w c8b282yb iv3no6db jq4qci2q a3bd9o3v knj5qynh oo9gr5id" dir="auto"><br />
Nel númberu d&#8217;esta temporada puen atopase artículos sobre la Selmana de les Lletres dedicada a Nel Amaro, el ciclu d&#8217;alcuentros lliterarios Autores nel Camín y otres actividaes entamaes pola Conseyería d&#8217;Educación y pola de Cultura, Política Llingüística y Turismu, referíes a la llingua y la lliteratura n&#8217;asturianu y en gallego-asturianu.</span></p>
<p>Pue accedese a la publicación nesti enllaz: <a class="oajrlxb2 g5ia77u1 qu0x051f esr5mh6w e9989ue4 r7d6kgcz rq0escxv nhd2j8a9 nc684nl6 p7hjln8o kvgmc6g5 cxmmr5t8 oygrvhab hcukyx3x jb3vyjys rz4wbd8a qt6c0cv9 a8nywdso i1ao9s8h esuyzwwr f1sip0of lzcic4wl py34i1dx gpro0wi8" role="link" href="https://www.canva.com/design/DAEbvFXuQpw/h8af2Uj0RzwDU5Dryrk7ug/view?utm_content=DAEbvFXuQpw&amp;utm_campaign=designshare&amp;utm_medium=link&amp;utm_source=publishsharelink&amp;fbclid=IwAR3Jon8ipc_k9rSej2r-h9kVLJ0ABAjawxFMoknLgSMDy5Q5Dvm0VSeeRSE#7" target="_blank" rel="nofollow noopener">https://www.canva.com/&#8230;/h8af2Uj0RzwDU5Dryrk7ug/view&#8230;</a></p>
<hr />
<p>&nbsp;</p>
<p>&nbsp;</p>

<p>La Conseyería d&#8217;Educación acaba de sacar un númberu nuevu del boletín Educallingua. Esta publicación, de periodicidá trimestral, recueye l&#8217;actualidá del ámbitu educativu no referío al asturianu y al gallego-asturianu, mesmo qu&#8217;información d&#8217;interés sobre actividaes culturales y lliteraries nes llingües propies d&#8217;Asturies. Nel númberu d&#8217;esta temporada puen atopase artículos sobre la Selmana de les Lletres dedicada [&hellip;]</p>
