{"id":708,"date":"2020-08-24T22:42:23","date_gmt":"2020-08-24T22:42:23","guid":{"rendered":"https:\/\/edublog.educastur.es\/ixuxu\/?page_id=708"},"modified":"2020-08-24T22:42:23","modified_gmt":"2020-08-24T22:42:23","slug":"una-casa-de-libro","status":"publish","type":"page","link":"https:\/\/edublog.educastur.es\/ixuxu\/poesia-2\/una-casa-de-libro\/","title":{"rendered":"\u201cUna casa de libro\u201d"},"content":{"rendered":"<div class=\"entry\">\n<p><img loading=\"lazy\" decoding=\"async\" class=\"\" src=\"https:\/\/imgbox.es\/images\/2020\/04\/23\/bolso25f2aad285a84a53.jpg\" width=\"266\" height=\"331\" \/><\/p>\n<p><strong><em>M\u00aa Rosa Serdio<\/em><\/strong>, <u>poeta, maestra y amiga<\/u>, comparte su fant\u00e1stico llibru de pomes <a href=\"http:\/\/www.digital.pintar-pintar.com\/bookcase\/combj\" target=\"_blank\" rel=\"noopener noreferrer\"><strong><em>\u201cBolso de niebla\u201d <\/em><\/strong><u>na Nubeteca.<\/u><\/a><\/p>\n<p><a href=\"https:\/\/imgbox.es\/images\/2020\/04\/23\/una-casa-de-librof8d0603a9a783864.jpg\" target=\"_blank\" rel=\"noopener noreferrer\"><img loading=\"lazy\" decoding=\"async\" class=\"\" src=\"https:\/\/imgbox.es\/images\/2020\/04\/23\/una-casa-de-librof8d0603a9a783864.jpg\" width=\"587\" height=\"362\" \/>ampl\u00eda <\/a><\/p>\n<p>G\u00fcei del\u00e9itanos cola llectura del poema <span style=\"color: #800080\"><strong><em>\u201cUna casa de libro\u201d<\/em><\/strong><\/span><em>.(p\u00e1xina 20-21)<\/em><\/p>\n<p><a href=\"https:\/\/imgbox.es\/images\/2020\/04\/23\/una-casa11fac79b9e386ea7.jpg\" target=\"_blank\" rel=\"noopener noreferrer\"><img loading=\"lazy\" decoding=\"async\" class=\"\" src=\"https:\/\/imgbox.es\/images\/2020\/04\/23\/una-casa11fac79b9e386ea7.jpg\" width=\"455\" height=\"791\" \/><\/a><\/p>\n<p>Esc\u00fachalu,<a href=\"https:\/\/www.facebook.com\/mariarosa.serdiogonzalez\/videos\/3184542314912390\/?flite=scwspnss&amp;extid=9OPuY0PxonYAvyUK\" target=\"_blank\" rel=\"noopener noreferrer\"> recit\u00e1u por Rosa<\/a>,<a href=\"https:\/\/www.facebook.com\/mariarosa.serdiogonzalez\/videos\/3184542314912390\/?flite=scwspnss&amp;extid=9OPuY0PxonYAvyUK\" target=\"_blank\" rel=\"noopener noreferrer\"> nesti enllaz<\/a><\/p>\n<\/div>\n","protected":false},"excerpt":{"rendered":"<p>M\u00aa Rosa Serdio, poeta, maestra y amiga, comparte su fant\u00e1stico llibru de pomes \u201cBolso de niebla\u201d na Nubeteca. ampl\u00eda G\u00fcei del\u00e9itanos cola llectura del poema \u201cUna casa de libro\u201d.(p\u00e1xina 20-21) Esc\u00fachalu, recit\u00e1u por Rosa, nesti enllaz<\/p>\n","protected":false},"author":117,"featured_media":0,"parent":221,"menu_order":0,"comment_status":"closed","ping_status":"closed","template":"","meta":{"footnotes":""},"class_list":["post-708","page","type-page","status-publish","hentry"],"_links":{"self":[{"href":"https:\/\/edublog.educastur.es\/ixuxu\/wp-json\/wp\/v2\/pages\/708","targetHints":{"allow":["GET"]}}],"collection":[{"href":"https:\/\/edublog.educastur.es\/ixuxu\/wp-json\/wp\/v2\/pages"}],"about":[{"href":"https:\/\/edublog.educastur.es\/ixuxu\/wp-json\/wp\/v2\/types\/page"}],"author":[{"embeddable":true,"href":"https:\/\/edublog.educastur.es\/ixuxu\/wp-json\/wp\/v2\/users\/117"}],"replies":[{"embeddable":true,"href":"https:\/\/edublog.educastur.es\/ixuxu\/wp-json\/wp\/v2\/comments?post=708"}],"version-history":[{"count":2,"href":"https:\/\/edublog.educastur.es\/ixuxu\/wp-json\/wp\/v2\/pages\/708\/revisions"}],"predecessor-version":[{"id":710,"href":"https:\/\/edublog.educastur.es\/ixuxu\/wp-json\/wp\/v2\/pages\/708\/revisions\/710"}],"up":[{"embeddable":true,"href":"https:\/\/edublog.educastur.es\/ixuxu\/wp-json\/wp\/v2\/pages\/221"}],"wp:attachment":[{"href":"https:\/\/edublog.educastur.es\/ixuxu\/wp-json\/wp\/v2\/media?parent=708"}],"curies":[{"name":"wp","href":"https:\/\/api.w.org\/{rel}","templated":true}]}}

<div class="entry">
<p><img loading="lazy" decoding="async" class="" src="https://imgbox.es/images/2020/04/23/bolso25f2aad285a84a53.jpg" width="266" height="331" /></p>
<p><strong><em>Mª Rosa Serdio</em></strong>, <u>poeta, maestra y amiga</u>, comparte su fantástico llibru de pomes <a href="http://www.digital.pintar-pintar.com/bookcase/combj" target="_blank" rel="noopener noreferrer"><strong><em>“Bolso de niebla” </em></strong><u>na Nubeteca.</u></a></p>
<p><a href="https://imgbox.es/images/2020/04/23/una-casa-de-librof8d0603a9a783864.jpg" target="_blank" rel="noopener noreferrer"><img loading="lazy" decoding="async" class="" src="https://imgbox.es/images/2020/04/23/una-casa-de-librof8d0603a9a783864.jpg" width="587" height="362" />amplía </a></p>
<p>Güei deléitanos cola llectura del poema <span style="color: #800080"><strong><em>“Una casa de libro”</em></strong></span><em>.(páxina 20-21)</em></p>
<p><a href="https://imgbox.es/images/2020/04/23/una-casa11fac79b9e386ea7.jpg" target="_blank" rel="noopener noreferrer"><img loading="lazy" decoding="async" class="" src="https://imgbox.es/images/2020/04/23/una-casa11fac79b9e386ea7.jpg" width="455" height="791" /></a></p>
<p>Escúchalu,<a href="https://www.facebook.com/mariarosa.serdiogonzalez/videos/3184542314912390/?flite=scwspnss&amp;extid=9OPuY0PxonYAvyUK" target="_blank" rel="noopener noreferrer"> recitáu por Rosa</a>,<a href="https://www.facebook.com/mariarosa.serdiogonzalez/videos/3184542314912390/?flite=scwspnss&amp;extid=9OPuY0PxonYAvyUK" target="_blank" rel="noopener noreferrer"> nesti enllaz</a></p>
</div>

<p>Mª Rosa Serdio, poeta, maestra y amiga, comparte su fantástico llibru de pomes “Bolso de niebla” na Nubeteca. amplía Güei deléitanos cola llectura del poema “Una casa de libro”.(páxina 20-21) Escúchalu, recitáu por Rosa, nesti enllaz</p>
