{"id":7868,"date":"2021-07-12T09:12:33","date_gmt":"2021-07-12T07:12:33","guid":{"rendered":"https:\/\/edublog.educastur.es\/ixuxu\/?page_id=7868"},"modified":"2021-07-12T09:12:33","modified_gmt":"2021-07-12T07:12:33","slug":"carlos-alba","status":"publish","type":"page","link":"https:\/\/edublog.educastur.es\/ixuxu\/asturiano\/entrevistes\/carlos-alba\/","title":{"rendered":"Carlos Alba"},"content":{"rendered":"<p style=\"text-align: center\"><a href=\"https:\/\/verasturies.com\/wp-content\/uploads\/2021\/03\/carlos_alba_garcia.jpg\"><img loading=\"lazy\" decoding=\"async\" class=\"alignnone\" src=\"https:\/\/verasturies.com\/wp-content\/uploads\/2021\/03\/carlos_alba_garcia.jpg\" alt=\"\" width=\"609\" height=\"274\" \/><\/a><\/p>\n<ul>\n<li><a href=\"https:\/\/verasturies.com\/carlos-alba-contar-cuentos-nasturiano-ye-una-tradicion-que-nun-pue-perdese\/?fbclid=IwAR1qCvkdYHXzahwp_PRLvBMncn7v-eAe1kwsM5BJRuNCgaHbikb8tmwhABI\">Carlos Alba: \u00abContar cuentos n\u2019asturiano ye una tradici\u00f3n que nun pue perdese\u00bb\u00a0<i class=\"fa fa-bookmark-o\"><\/i><\/a><\/li>\n<\/ul>\n<p><em>ac\u00edo n\u00b4Avil\u00e9s nel a\u00f1u 1972. Cri\u00f3se nel barriu La Marzaniella (Corvera), del que tien mui bonos recuerdos, y tami\u00e9n sobremanera de los d\u00edes que pasaba\u00b4n Cardo (Goz\u00f3n) onde viv\u00eden los sos g\u00fcelos maternos. La su familia paterna vieno de la sierra B\u00e9jar a trabayar a Ensidesa. Dende g\u00fcaje quiso estudiar Periodismu pero en llegando a la Complutense de Madrid pa facelo, afay\u00f3 otra vocaci\u00f3n mas fonda: el teatru. Y paez que pa xuntales a les dos lleg\u00f3 la narraci\u00f3n de cuentos, porque asina cuenta histories comu faen los periodistes, ya interpreta comu faen los actores. Lo dem\u00e1s, lo que correspuende a la vida p\u00fablica y profesional, podeis topalu \u00abper intern\u00e9\u00bb.<\/em><\/p>\n<p><strong>Un llugar pa perdese una fin de selmana<\/strong>:<\/p>\n<p>Los Oscos.<\/p>\n<p><strong>Un llugar pa vivir<\/strong>:<\/p>\n<p>Cand\u00e1s, sicas\u00ed toi percontentu\u2019n Santolaya de Nembro.<\/p>\n<p><strong>Un platu:<\/strong><\/p>\n<p>Pa comer en chigre un cachop\u00edn con una botelluca sidra. Pa\u2019n casa cualaquier combinaci\u00f3n d\u2019arroz, llegume y verdura.<\/p>\n<p><strong>Un postre:<\/strong><\/p>\n<p>Arroz con lleche.<\/p>\n<p><strong>Una playa pa pasar el d\u00eda:<\/strong><\/p>\n<p>Verdicio, Rodiles\u2026 sobremanera si tan los chiringos abiertos.<\/p>\n<p><strong><br \/>\nUn puebl\u00edn que nun podemos dexar de ver:<\/strong><\/p>\n<p>Cenera.<\/p>\n<p><strong>Un chigre pa tomar unos culinos:<\/strong><\/p>\n<p>Casa Paqu\u00edn o Casa Manuela en Perdones (Goz\u00f3n).<\/p>\n<p><strong>Un parque natural pa visitar:<\/strong><\/p>\n<p>Moniellos.<\/p>\n<p><strong>Una fiesta a la que nun faltar:<\/strong><\/p>\n<p>L\u2019Antroxu d\u2019Avil\u00e9s.<\/p>\n<p><strong>Un mus\u00e9u pa recomendar:<\/strong><\/p>\n<p>El de Bellas Artes d\u2019Uvi\u00e9u.<\/p>\n<p><strong>Un momentu de la hestoria d\u2019Asturies que te prestar\u00eda vivir:<\/strong><\/p>\n<p>La revoluci\u00f3n del 34.<\/p>\n<p><strong>Un baille pa pasalo bien:<\/strong><\/p>\n<p>La salsa\u2026 nuna fiesta de prao na que la m\u00fasica nun atruene demasiao.<\/p>\n<p><strong>Una pallabra n\u2019asturianu que te preste:<\/strong><\/p>\n<p>Asgaya.<\/p>\n<p><strong>Una tradici\u00f3n que nun pue perdese:<\/strong><\/p>\n<p>Cuntar cuentos (n\u2019asturiano sobremanera).<\/p>\n<p><strong>Una espresi\u00f3n n\u2019asturianu que te preste:<\/strong><\/p>\n<p>Ronca\u2019l mangu.<\/p>\n","protected":false},"excerpt":{"rendered":"<p>Carlos Alba: \u00abContar cuentos n\u2019asturiano ye una tradici\u00f3n que nun pue perdese\u00bb\u00a0 ac\u00edo n\u00b4Avil\u00e9s nel a\u00f1u 1972. Cri\u00f3se nel barriu La Marzaniella (Corvera), del que tien mui bonos recuerdos, y tami\u00e9n sobremanera de los d\u00edes que pasaba\u00b4n Cardo (Goz\u00f3n) onde viv\u00eden los sos g\u00fcelos maternos. La su familia paterna vieno de la sierra B\u00e9jar a [&hellip;]<\/p>\n","protected":false},"author":117,"featured_media":0,"parent":3151,"menu_order":0,"comment_status":"closed","ping_status":"closed","template":"","meta":{"footnotes":""},"class_list":["post-7868","page","type-page","status-publish","hentry"],"_links":{"self":[{"href":"https:\/\/edublog.educastur.es\/ixuxu\/wp-json\/wp\/v2\/pages\/7868","targetHints":{"allow":["GET"]}}],"collection":[{"href":"https:\/\/edublog.educastur.es\/ixuxu\/wp-json\/wp\/v2\/pages"}],"about":[{"href":"https:\/\/edublog.educastur.es\/ixuxu\/wp-json\/wp\/v2\/types\/page"}],"author":[{"embeddable":true,"href":"https:\/\/edublog.educastur.es\/ixuxu\/wp-json\/wp\/v2\/users\/117"}],"replies":[{"embeddable":true,"href":"https:\/\/edublog.educastur.es\/ixuxu\/wp-json\/wp\/v2\/comments?post=7868"}],"version-history":[{"count":2,"href":"https:\/\/edublog.educastur.es\/ixuxu\/wp-json\/wp\/v2\/pages\/7868\/revisions"}],"predecessor-version":[{"id":7870,"href":"https:\/\/edublog.educastur.es\/ixuxu\/wp-json\/wp\/v2\/pages\/7868\/revisions\/7870"}],"up":[{"embeddable":true,"href":"https:\/\/edublog.educastur.es\/ixuxu\/wp-json\/wp\/v2\/pages\/3151"}],"wp:attachment":[{"href":"https:\/\/edublog.educastur.es\/ixuxu\/wp-json\/wp\/v2\/media?parent=7868"}],"curies":[{"name":"wp","href":"https:\/\/api.w.org\/{rel}","templated":true}]}}

<p style="text-align: center"><a href="https://verasturies.com/wp-content/uploads/2021/03/carlos_alba_garcia.jpg"><img loading="lazy" decoding="async" class="alignnone" src="https://verasturies.com/wp-content/uploads/2021/03/carlos_alba_garcia.jpg" alt="" width="609" height="274" /></a></p>
<ul>
<li><a href="https://verasturies.com/carlos-alba-contar-cuentos-nasturiano-ye-una-tradicion-que-nun-pue-perdese/?fbclid=IwAR1qCvkdYHXzahwp_PRLvBMncn7v-eAe1kwsM5BJRuNCgaHbikb8tmwhABI">Carlos Alba: «Contar cuentos n’asturiano ye una tradición que nun pue perdese» <i class="fa fa-bookmark-o"></i></a></li>
</ul>
<p><em>acío n´Avilés nel añu 1972. Crióse nel barriu La Marzaniella (Corvera), del que tien mui bonos recuerdos, y tamién sobremanera de los díes que pasaba´n Cardo (Gozón) onde vivíen los sos güelos maternos. La su familia paterna vieno de la sierra Béjar a trabayar a Ensidesa. Dende güaje quiso estudiar Periodismu pero en llegando a la Complutense de Madrid pa facelo, afayó otra vocación mas fonda: el teatru. Y paez que pa xuntales a les dos llegó la narración de cuentos, porque asina cuenta histories comu faen los periodistes, ya interpreta comu faen los actores. Lo demás, lo que correspuende a la vida pública y profesional, podeis topalu «per interné».</em></p>
<p><strong>Un llugar pa perdese una fin de selmana</strong>:</p>
<p>Los Oscos.</p>
<p><strong>Un llugar pa vivir</strong>:</p>
<p>Candás, sicasí toi percontentu’n Santolaya de Nembro.</p>
<p><strong>Un platu:</strong></p>
<p>Pa comer en chigre un cachopín con una botelluca sidra. Pa’n casa cualaquier combinación d’arroz, llegume y verdura.</p>
<p><strong>Un postre:</strong></p>
<p>Arroz con lleche.</p>
<p><strong>Una playa pa pasar el día:</strong></p>
<p>Verdicio, Rodiles… sobremanera si tan los chiringos abiertos.</p>
<p><strong><br />
Un pueblín que nun podemos dexar de ver:</strong></p>
<p>Cenera.</p>
<p><strong>Un chigre pa tomar unos culinos:</strong></p>
<p>Casa Paquín o Casa Manuela en Perdones (Gozón).</p>
<p><strong>Un parque natural pa visitar:</strong></p>
<p>Moniellos.</p>
<p><strong>Una fiesta a la que nun faltar:</strong></p>
<p>L’Antroxu d’Avilés.</p>
<p><strong>Un muséu pa recomendar:</strong></p>
<p>El de Bellas Artes d’Uviéu.</p>
<p><strong>Un momentu de la hestoria d’Asturies que te prestaría vivir:</strong></p>
<p>La revolución del 34.</p>
<p><strong>Un baille pa pasalo bien:</strong></p>
<p>La salsa… nuna fiesta de prao na que la música nun atruene demasiao.</p>
<p><strong>Una pallabra n’asturianu que te preste:</strong></p>
<p>Asgaya.</p>
<p><strong>Una tradición que nun pue perdese:</strong></p>
<p>Cuntar cuentos (n’asturiano sobremanera).</p>
<p><strong>Una espresión n’asturianu que te preste:</strong></p>
<p>Ronca’l mangu.</p>

<p>Carlos Alba: «Contar cuentos n’asturiano ye una tradición que nun pue perdese»  acío n´Avilés nel añu 1972. Crióse nel barriu La Marzaniella (Corvera), del que tien mui bonos recuerdos, y tamién sobremanera de los díes que pasaba´n Cardo (Gozón) onde vivíen los sos güelos maternos. La su familia paterna vieno de la sierra Béjar a [&hellip;]</p>
