{"id":89,"date":"2020-07-17T16:54:18","date_gmt":"2020-07-17T16:54:18","guid":{"rendered":"https:\/\/edublog.educastur.es\/ixuxu\/?page_id=89"},"modified":"2023-08-13T12:54:18","modified_gmt":"2023-08-13T10:54:18","slug":"editoriales","status":"publish","type":"page","link":"https:\/\/edublog.educastur.es\/ixuxu\/editoriales\/","title":{"rendered":"EDITORIALES"},"content":{"rendered":"<ul>\n<li style=\"text-align: left\"><a href=\"https:\/\/www.pintar-pintar.com\/\"><strong>Pintar-pintar<\/strong><\/a><\/li>\n<li style=\"text-align: left\"><a href=\"https:\/\/www.trabe.org\/es\/inicio\/\">Ediciones Trabe<\/a><\/li>\n<li style=\"text-align: left\"><a href=\"https:\/\/improntaeditorial.wordpress.com\/lliteratura-nasturianu\/\">Impronta Editorial<\/a><\/li>\n<li style=\"text-align: left\"><a href=\"https:\/\/delallamaeditorial.com\">De la llama Editorial<\/a><\/li>\n<li style=\"text-align: left\"><a href=\"https:\/\/www.academiadelcineasturiano.com\/\">Academia del Cine Asturiano<\/a><\/li>\n<li style=\"text-align: left\">Mus\u00e9u del Pueblu d\u00b4Asturies: Web \/<a href=\"https:\/\/www.facebook.com\/MuseudelPuebludAsturies\"> Facebook<\/a><\/li>\n<li style=\"text-align: left\"><a href=\"https:\/\/fondos.gijon.es\/fotoweb\/archives\/5002-Fototeca\/\">Fototeca Gij\u00f3n<\/a><\/li>\n<li style=\"text-align: left\"><a href=\"https:\/\/www.territoriomuseo.com\">Territorio Museo<\/a><\/li>\n<\/ul>\n<p>&nbsp;<\/p>\n<p><a href=\"https:\/\/edublog.educastur.es\/ixuxu\/archivu-blogue\/\"><img loading=\"lazy\" decoding=\"async\" class=\"aligncenter\" src=\"https:\/\/encrypted-tbn0.gstatic.com\/images?q=tbn:ANd9GcTR28kVyfgd3qwCkn2ICP6JNBpKea-RZS3fF5sLEuFyAkmWuml3Qyn-alg-FidZmJD8Ug&amp;usqp=CAU\" width=\"180\" height=\"19\" \/><\/a><\/p>\n<p><a href=\"https:\/\/sadei.es\/inicio\"><img loading=\"lazy\" decoding=\"async\" class=\"aligncenter size-full\" src=\"https:\/\/www.sadei.es\/imgslogo\/logo_sadei.png\" width=\"134\" height=\"33\" \/><\/a><\/p>\n<ul>\n<li>Socied\u00e1 Asturianad&#8217;Estudios Econ\u00f3micos e Industriales:<a href=\"https:\/\/sadei.es\/inicio\"><strong> web<\/strong><\/a> \/\u00a0<a href=\"https:\/\/sadei.es\/sadei-divulga\"> Sadei Divulga<\/a> \/<\/li>\n<\/ul>\n<p><a href=\"https:\/\/edublog.educastur.es\/ixuxu\/archivu-blogue\/\"><img loading=\"lazy\" decoding=\"async\" class=\"aligncenter\" src=\"https:\/\/encrypted-tbn0.gstatic.com\/images?q=tbn:ANd9GcTR28kVyfgd3qwCkn2ICP6JNBpKea-RZS3fF5sLEuFyAkmWuml3Qyn-alg-FidZmJD8Ug&amp;usqp=CAU\" width=\"180\" height=\"19\" \/><\/a><a href=\"https:\/\/publicaciones.uniovi.es\/image\/image_gallery?uuid=1f878c63-5db0-4a80-a196-e02e2c754bff&amp;groupId=1302902&amp;t=1684748819157\"><img loading=\"lazy\" decoding=\"async\" class=\"aligncenter \" src=\"https:\/\/publicaciones.uniovi.es\/image\/image_gallery?uuid=1f878c63-5db0-4a80-a196-e02e2c754bff&amp;groupId=1302902&amp;t=1684748819157\" width=\"338\" height=\"478\" \/><\/a><\/p>\n<ul>\n<li><span class=\"x193iq5w xeuugli x13faqbe x1vvkbs x1xmvt09 x1lliihq x1s928wv xhkezso x1gmr53x x1cpjm7i x1fgarty x1943h6x xudqn12 x3x7a5m x1f6kntn xvq8zen xo1l8bm xzsf02u x1yc453h\" dir=\"auto\"><a href=\"https:\/\/l.facebook.com\/l.php?u=http%3A%2F%2Fwww.biblioasturias.com%2Fdirectorio%2Feditoriales%2F%3Ffbclid%3DIwAR10WLuDp4sefB0fr3Y_Bjj8XX5M2Jo2CyyxgXT0t25jRTFLC1i1ke0oDvo&amp;h=AT3a7XzUfBK2JtbfMBwzudMYcVztJeCejAz4HOOiKohbBO4rT7MqYLoCIboTG9myH1Yw2EAZ_vu0gPNfcaJoBvxpEeOTLCjhqsZsqbwqVYPfkRhV2ekQJgn7c8_z6ZvkJg&amp;__tn__=-UK-y-R&amp;c[0]=AT0t72u3hVdSoVXCuTfxuprAAXWNX2mXyMNaLAUYhIIOP6OI2RgReCiGqevyka2aETyukRf4wpY0oW_QsrFxGKnTKEMwEwSpUdVFn3dE1ug2vnrlF4zmF9aYsOsIQ50aInVgk3o_5vI-36VIkJkuVz_8YFsSzvlD9U5GLdnJ-IuIFb4SqRqVebpHf9nUT2A1bAS2YO0AUb1YBYepdWi2zRE4K350os5LrEZflVE\"><strong>DIRECTORIU d&#8217;EDITORIALES ASTURIANAS.<\/strong> <\/a><a class=\"x1i10hfl xjbqb8w x6umtig x1b1mbwd xaqea5y xav7gou x9f619 x1ypdohk xt0psk2 xe8uvvx xdj266r x11i5rnm xat24cr x1mh8g0r xexx8yu x4uap5 x18d9i69 xkhd6sd x16tdsg8 x1hl2dhg xggy1nq x1a2a7pz xt0b8zv x1fey0fg\" role=\"link\" href=\"https:\/\/l.facebook.com\/l.php?u=http%3A%2F%2Fwww.biblioasturias.com%2Fdirectorio%2Feditoriales%2F%3Ffbclid%3DIwAR10WLuDp4sefB0fr3Y_Bjj8XX5M2Jo2CyyxgXT0t25jRTFLC1i1ke0oDvo&amp;h=AT3a7XzUfBK2JtbfMBwzudMYcVztJeCejAz4HOOiKohbBO4rT7MqYLoCIboTG9myH1Yw2EAZ_vu0gPNfcaJoBvxpEeOTLCjhqsZsqbwqVYPfkRhV2ekQJgn7c8_z6ZvkJg&amp;__tn__=-UK-y-R&amp;c[0]=AT0t72u3hVdSoVXCuTfxuprAAXWNX2mXyMNaLAUYhIIOP6OI2RgReCiGqevyka2aETyukRf4wpY0oW_QsrFxGKnTKEMwEwSpUdVFn3dE1ug2vnrlF4zmF9aYsOsIQ50aInVgk3o_5vI-36VIkJkuVz_8YFsSzvlD9U5GLdnJ-IuIFb4SqRqVebpHf9nUT2A1bAS2YO0AUb1YBYepdWi2zRE4K350os5LrEZflVE\" target=\"_blank\" rel=\"nofollow noopener noreferrer\">http:\/\/www.biblioasturias.com\/directorio\/editoriales\/<\/a><\/span><\/li>\n<\/ul>\n<p align=\"center\">\n","protected":false},"excerpt":{"rendered":"<p>Pintar-pintar Ediciones Trabe Impronta Editorial De la llama Editorial Academia del Cine Asturiano Mus\u00e9u del Pueblu d\u00b4Asturies: Web \/ Facebook Fototeca Gij\u00f3n Territorio Museo &nbsp; Socied\u00e1 Asturianad&#8217;Estudios Econ\u00f3micos e Industriales: web \/\u00a0 Sadei Divulga \/ DIRECTORIU d&#8217;EDITORIALES ASTURIANAS. http:\/\/www.biblioasturias.com\/directorio\/editoriales\/<\/p>\n","protected":false},"author":117,"featured_media":0,"parent":0,"menu_order":0,"comment_status":"closed","ping_status":"closed","template":"","meta":{"footnotes":""},"class_list":["post-89","page","type-page","status-publish","hentry"],"_links":{"self":[{"href":"https:\/\/edublog.educastur.es\/ixuxu\/wp-json\/wp\/v2\/pages\/89","targetHints":{"allow":["GET"]}}],"collection":[{"href":"https:\/\/edublog.educastur.es\/ixuxu\/wp-json\/wp\/v2\/pages"}],"about":[{"href":"https:\/\/edublog.educastur.es\/ixuxu\/wp-json\/wp\/v2\/types\/page"}],"author":[{"embeddable":true,"href":"https:\/\/edublog.educastur.es\/ixuxu\/wp-json\/wp\/v2\/users\/117"}],"replies":[{"embeddable":true,"href":"https:\/\/edublog.educastur.es\/ixuxu\/wp-json\/wp\/v2\/comments?post=89"}],"version-history":[{"count":9,"href":"https:\/\/edublog.educastur.es\/ixuxu\/wp-json\/wp\/v2\/pages\/89\/revisions"}],"predecessor-version":[{"id":21356,"href":"https:\/\/edublog.educastur.es\/ixuxu\/wp-json\/wp\/v2\/pages\/89\/revisions\/21356"}],"wp:attachment":[{"href":"https:\/\/edublog.educastur.es\/ixuxu\/wp-json\/wp\/v2\/media?parent=89"}],"curies":[{"name":"wp","href":"https:\/\/api.w.org\/{rel}","templated":true}]}}

<ul>
<li style="text-align: left"><a href="https://www.pintar-pintar.com/"><strong>Pintar-pintar</strong></a></li>
<li style="text-align: left"><a href="https://www.trabe.org/es/inicio/">Ediciones Trabe</a></li>
<li style="text-align: left"><a href="https://improntaeditorial.wordpress.com/lliteratura-nasturianu/">Impronta Editorial</a></li>
<li style="text-align: left"><a href="https://delallamaeditorial.com">De la llama Editorial</a></li>
<li style="text-align: left"><a href="https://www.academiadelcineasturiano.com/">Academia del Cine Asturiano</a></li>
<li style="text-align: left">Muséu del Pueblu d´Asturies: Web /<a href="https://www.facebook.com/MuseudelPuebludAsturies"> Facebook</a></li>
<li style="text-align: left"><a href="https://fondos.gijon.es/fotoweb/archives/5002-Fototeca/">Fototeca Gijón</a></li>
<li style="text-align: left"><a href="https://www.territoriomuseo.com">Territorio Museo</a></li>
</ul>
<p>&nbsp;</p>
<p><a href="https://edublog.educastur.es/ixuxu/archivu-blogue/"><img loading="lazy" decoding="async" class="aligncenter" src="https://encrypted-tbn0.gstatic.com/images?q=tbn:ANd9GcTR28kVyfgd3qwCkn2ICP6JNBpKea-RZS3fF5sLEuFyAkmWuml3Qyn-alg-FidZmJD8Ug&amp;usqp=CAU" width="180" height="19" /></a></p>
<p><a href="https://sadei.es/inicio"><img loading="lazy" decoding="async" class="aligncenter size-full" src="https://www.sadei.es/imgslogo/logo_sadei.png" width="134" height="33" /></a></p>
<ul>
<li>Sociedá Asturianad&#8217;Estudios Económicos e Industriales:<a href="https://sadei.es/inicio"><strong> web</strong></a> / <a href="https://sadei.es/sadei-divulga"> Sadei Divulga</a> /</li>
</ul>
<p><a href="https://edublog.educastur.es/ixuxu/archivu-blogue/"><img loading="lazy" decoding="async" class="aligncenter" src="https://encrypted-tbn0.gstatic.com/images?q=tbn:ANd9GcTR28kVyfgd3qwCkn2ICP6JNBpKea-RZS3fF5sLEuFyAkmWuml3Qyn-alg-FidZmJD8Ug&amp;usqp=CAU" width="180" height="19" /></a><a href="https://publicaciones.uniovi.es/image/image_gallery?uuid=1f878c63-5db0-4a80-a196-e02e2c754bff&amp;groupId=1302902&amp;t=1684748819157"><img loading="lazy" decoding="async" class="aligncenter " src="https://publicaciones.uniovi.es/image/image_gallery?uuid=1f878c63-5db0-4a80-a196-e02e2c754bff&amp;groupId=1302902&amp;t=1684748819157" width="338" height="478" /></a></p>
<ul>
<li><span class="x193iq5w xeuugli x13faqbe x1vvkbs x1xmvt09 x1lliihq x1s928wv xhkezso x1gmr53x x1cpjm7i x1fgarty x1943h6x xudqn12 x3x7a5m x1f6kntn xvq8zen xo1l8bm xzsf02u x1yc453h" dir="auto"><a href="https://l.facebook.com/l.php?u=http%3A%2F%2Fwww.biblioasturias.com%2Fdirectorio%2Feditoriales%2F%3Ffbclid%3DIwAR10WLuDp4sefB0fr3Y_Bjj8XX5M2Jo2CyyxgXT0t25jRTFLC1i1ke0oDvo&amp;h=AT3a7XzUfBK2JtbfMBwzudMYcVztJeCejAz4HOOiKohbBO4rT7MqYLoCIboTG9myH1Yw2EAZ_vu0gPNfcaJoBvxpEeOTLCjhqsZsqbwqVYPfkRhV2ekQJgn7c8_z6ZvkJg&amp;__tn__=-UK-y-R&amp;c[0]=AT0t72u3hVdSoVXCuTfxuprAAXWNX2mXyMNaLAUYhIIOP6OI2RgReCiGqevyka2aETyukRf4wpY0oW_QsrFxGKnTKEMwEwSpUdVFn3dE1ug2vnrlF4zmF9aYsOsIQ50aInVgk3o_5vI-36VIkJkuVz_8YFsSzvlD9U5GLdnJ-IuIFb4SqRqVebpHf9nUT2A1bAS2YO0AUb1YBYepdWi2zRE4K350os5LrEZflVE"><strong>DIRECTORIU d&#8217;EDITORIALES ASTURIANAS.</strong> </a><a class="x1i10hfl xjbqb8w x6umtig x1b1mbwd xaqea5y xav7gou x9f619 x1ypdohk xt0psk2 xe8uvvx xdj266r x11i5rnm xat24cr x1mh8g0r xexx8yu x4uap5 x18d9i69 xkhd6sd x16tdsg8 x1hl2dhg xggy1nq x1a2a7pz xt0b8zv x1fey0fg" role="link" href="https://l.facebook.com/l.php?u=http%3A%2F%2Fwww.biblioasturias.com%2Fdirectorio%2Feditoriales%2F%3Ffbclid%3DIwAR10WLuDp4sefB0fr3Y_Bjj8XX5M2Jo2CyyxgXT0t25jRTFLC1i1ke0oDvo&amp;h=AT3a7XzUfBK2JtbfMBwzudMYcVztJeCejAz4HOOiKohbBO4rT7MqYLoCIboTG9myH1Yw2EAZ_vu0gPNfcaJoBvxpEeOTLCjhqsZsqbwqVYPfkRhV2ekQJgn7c8_z6ZvkJg&amp;__tn__=-UK-y-R&amp;c[0]=AT0t72u3hVdSoVXCuTfxuprAAXWNX2mXyMNaLAUYhIIOP6OI2RgReCiGqevyka2aETyukRf4wpY0oW_QsrFxGKnTKEMwEwSpUdVFn3dE1ug2vnrlF4zmF9aYsOsIQ50aInVgk3o_5vI-36VIkJkuVz_8YFsSzvlD9U5GLdnJ-IuIFb4SqRqVebpHf9nUT2A1bAS2YO0AUb1YBYepdWi2zRE4K350os5LrEZflVE" target="_blank" rel="nofollow noopener noreferrer">http://www.biblioasturias.com/directorio/editoriales/</a></span></li>
</ul>
<p align="center">

<p>Pintar-pintar Ediciones Trabe Impronta Editorial De la llama Editorial Academia del Cine Asturiano Muséu del Pueblu d´Asturies: Web / Facebook Fototeca Gijón Territorio Museo &nbsp; Sociedá Asturianad&#8217;Estudios Económicos e Industriales: web /  Sadei Divulga / DIRECTORIU d&#8217;EDITORIALES ASTURIANAS. http://www.biblioasturias.com/directorio/editoriales/</p>
