{"id":903,"date":"2020-09-07T21:26:25","date_gmt":"2020-09-07T19:26:25","guid":{"rendered":"https:\/\/edublog.educastur.es\/ixuxu\/?page_id=903"},"modified":"2020-09-07T21:31:21","modified_gmt":"2020-09-07T19:31:21","slug":"alitar-asturies","status":"publish","type":"page","link":"https:\/\/edublog.educastur.es\/ixuxu\/archivu-blogue\/articulos\/alitar-asturies\/","title":{"rendered":"Alitar Asturies"},"content":{"rendered":"<div class=\"article-header\">\n<h1>La hest\u00f3rica secci\u00f3n <strong><em>\u0093<a href=\"https:\/\/www.elcomercio.es\/sociedad\/alitar-asturies\/\"><span style=\"color: #008080\">Alitar Asturies\u0094<\/span><\/a><\/em> <\/strong>tolos martes nel diariu \u00abEl Comercio\u00bb<br \/>\n<a href=\"https:\/\/www.elcomercio.es\/sociedad\/alitar-asturies\/\"><span style=\"color: #008080\">Ver secci\u00f3n<\/span><\/a><\/h1>\n<div class=\"article-header-info\"><\/div>\n<\/div>\n<div class=\"foto_noticia\">La secci\u00f3n n\u0092asturianu espubl\u00edzase los martes y trata noticies culturales, con dellos art\u00edculos de fondu&#8230;\u00a0<strong> \u0093Alitar Asturies<\/strong>\u0094 entam\u00f3 pola iniciativa de Conceyu Bable embaxo\u0092l nome d\u00b4\u0092Estaya Rexonal y dempu\u00e9s d\u00b4\u0092un tiempu curtiu ensin presencia d\u0092asturianu n\u00b4\u0092El Comercio, recuper\u00f3se col nome col que mos lleg\u00f3 hasta g\u00fcei. La estaya entam\u00f3 llev\u00e1ndose n\u0092andecha polos miembros de Conceyu Bable, m\u00e1s tarde foi Ram\u00f3n d\u0092Andr\u00e9s, que tuvo que dexar la xesti\u00f3n de la secci\u00f3n en manes del so p\u00e1, l\u0092escritor y\u00e1 fallec\u00edu M\u00e1nfer de la Llera, pa m\u00e1s tarde llevala los dos a comu\u00f1a. La secci\u00f3n tuvo unos entamos m\u00e1s pol\u00edticos y col tiempu garr\u00f3 la forma d\u00b4<strong>\u0092una secci\u00f3n cultural centrada na cultura asturiana y na lliteratura na nuesa llingua.<\/strong> Les \u00faltimes etapes de la secci\u00f3n llev\u00e1ronles alantre Francisco \u00c1lvarez, Xurde Fern\u00e1ndez y Enrique Carballeira, responsable actual de la estaya. <strong><em>Descargar: <a href=\"https:\/\/www.google.com\/url?sa=i&amp;url=http%3A%2F%2Fwww.academiadelallingua.com%2Flletresasturianes%2Fpdf%2F1386244022Notes%2520y%2520anuncies.pdf&amp;psig=AOvVaw36Qb9Bmcq08uNDnvdrKyC2&amp;ust=1599583443102000&amp;source=images&amp;cd=vfe&amp;ved=0CAkQjhxqFwoTCPCchum-1-sCFQAAAAAdAAAAABAa\"><span style=\"color: #008080\">\u00abSeis a\u00f1os d\u00b4Alitar Asturies\u00bb<\/span><\/a><\/em><\/strong><\/div>\n<div><\/div>\n<div><img loading=\"lazy\" decoding=\"async\" class=\"aligncenter size-full wp-image-896\" src=\"http:\/\/edublog.educastur.es\/ixuxu\/files\/2020\/09\/diego.jpg\" alt=\"\" width=\"1199\" height=\"1568\" srcset=\"https:\/\/edublog.educastur.es\/ixuxu\/files\/2020\/09\/diego.jpg 1199w, https:\/\/edublog.educastur.es\/ixuxu\/files\/2020\/09\/diego-229x300.jpg 229w, https:\/\/edublog.educastur.es\/ixuxu\/files\/2020\/09\/diego-783x1024.jpg 783w, https:\/\/edublog.educastur.es\/ixuxu\/files\/2020\/09\/diego-768x1004.jpg 768w, https:\/\/edublog.educastur.es\/ixuxu\/files\/2020\/09\/diego-1175x1536.jpg 1175w, https:\/\/edublog.educastur.es\/ixuxu\/files\/2020\/09\/diego-1000x1308.jpg 1000w\" sizes=\"auto, (max-width: 1199px) 100vw, 1199px\" \/><\/div>\n<div><\/div>\n<ul>\n<li><a href=\"https:\/\/pbs.twimg.com\/media\/EZf0PH0WkAIyfOr?format=jpg&amp;name=large\">Escribir pa entender y entendese<\/a><\/li>\n<li>\n<div class=\"css-1dbjc4n r-xoduu5\"><span class=\"r-18u37iz\"><a class=\"css-4rbku5 css-18t94o4 css-901oao css-16my406 r-1n1174f r-1loqt21 r-1qd0xha r-ad9z0x r-bcqeeo r-qvutc0\" role=\"link\" href=\"https:\/\/twitter.com\/dsolislletres\" data-focusable=\"true\">@dsolislletres<\/a><\/span><\/div>\n<\/li>\n<\/ul>\n<hr \/>\n<div><\/div>\n<div><img loading=\"lazy\" decoding=\"async\" class=\"aligncenter size-full wp-image-897\" src=\"http:\/\/edublog.educastur.es\/ixuxu\/files\/2020\/09\/Maxi1.jpg\" alt=\"\" width=\"1754\" height=\"1275\" srcset=\"https:\/\/edublog.educastur.es\/ixuxu\/files\/2020\/09\/Maxi1.jpg 1754w, https:\/\/edublog.educastur.es\/ixuxu\/files\/2020\/09\/Maxi1-300x218.jpg 300w, https:\/\/edublog.educastur.es\/ixuxu\/files\/2020\/09\/Maxi1-1024x744.jpg 1024w, https:\/\/edublog.educastur.es\/ixuxu\/files\/2020\/09\/Maxi1-768x558.jpg 768w, https:\/\/edublog.educastur.es\/ixuxu\/files\/2020\/09\/Maxi1-1536x1117.jpg 1536w, https:\/\/edublog.educastur.es\/ixuxu\/files\/2020\/09\/Maxi1-1000x727.jpg 1000w, https:\/\/edublog.educastur.es\/ixuxu\/files\/2020\/09\/Maxi1-413x300.jpg 413w\" sizes=\"auto, (max-width: 1754px) 100vw, 1754px\" \/> <img loading=\"lazy\" decoding=\"async\" class=\"aligncenter size-full wp-image-898\" src=\"http:\/\/edublog.educastur.es\/ixuxu\/files\/2020\/09\/Maxi2.jpg\" alt=\"\" width=\"1699\" height=\"631\" srcset=\"https:\/\/edublog.educastur.es\/ixuxu\/files\/2020\/09\/Maxi2.jpg 1699w, https:\/\/edublog.educastur.es\/ixuxu\/files\/2020\/09\/Maxi2-300x111.jpg 300w, https:\/\/edublog.educastur.es\/ixuxu\/files\/2020\/09\/Maxi2-1024x380.jpg 1024w, https:\/\/edublog.educastur.es\/ixuxu\/files\/2020\/09\/Maxi2-768x285.jpg 768w, https:\/\/edublog.educastur.es\/ixuxu\/files\/2020\/09\/Maxi2-1536x570.jpg 1536w, https:\/\/edublog.educastur.es\/ixuxu\/files\/2020\/09\/Maxi2-1000x371.jpg 1000w, https:\/\/edublog.educastur.es\/ixuxu\/files\/2020\/09\/Maxi2-800x297.jpg 800w\" sizes=\"auto, (max-width: 1699px) 100vw, 1699px\" \/><\/div>\n<p>&nbsp;<\/p>\n<hr \/>\n<p><img loading=\"lazy\" decoding=\"async\" class=\"aligncenter size-full wp-image-904\" src=\"http:\/\/edublog.educastur.es\/ixuxu\/files\/2020\/09\/Inaciu.png\" alt=\"\" width=\"1332\" height=\"1310\" srcset=\"https:\/\/edublog.educastur.es\/ixuxu\/files\/2020\/09\/Inaciu.png 1332w, https:\/\/edublog.educastur.es\/ixuxu\/files\/2020\/09\/Inaciu-300x295.png 300w, https:\/\/edublog.educastur.es\/ixuxu\/files\/2020\/09\/Inaciu-1024x1007.png 1024w, https:\/\/edublog.educastur.es\/ixuxu\/files\/2020\/09\/Inaciu-768x755.png 768w, https:\/\/edublog.educastur.es\/ixuxu\/files\/2020\/09\/Inaciu-85x85.png 85w, https:\/\/edublog.educastur.es\/ixuxu\/files\/2020\/09\/Inaciu-1000x983.png 1000w, https:\/\/edublog.educastur.es\/ixuxu\/files\/2020\/09\/Inaciu-305x300.png 305w\" sizes=\"auto, (max-width: 1332px) 100vw, 1332px\" \/><\/p>\n<p>&nbsp;<\/p>\n<hr \/>\n<p><img loading=\"lazy\" decoding=\"async\" class=\"aligncenter size-full wp-image-905\" src=\"http:\/\/edublog.educastur.es\/ixuxu\/files\/2020\/09\/laura.jpg\" alt=\"\" width=\"738\" height=\"960\" srcset=\"https:\/\/edublog.educastur.es\/ixuxu\/files\/2020\/09\/laura.jpg 738w, https:\/\/edublog.educastur.es\/ixuxu\/files\/2020\/09\/laura-231x300.jpg 231w\" sizes=\"auto, (max-width: 738px) 100vw, 738px\" \/><\/p>\n<p>&nbsp;<\/p>\n<hr \/>\n","protected":false},"excerpt":{"rendered":"<p>La hest\u00f3rica secci\u00f3n \u0093Alitar Asturies\u0094 tolos martes nel diariu \u00abEl Comercio\u00bb Ver secci\u00f3n La secci\u00f3n n\u0092asturianu espubl\u00edzase los martes y trata noticies culturales, con dellos art\u00edculos de fondu&#8230;\u00a0 \u0093Alitar Asturies\u0094 entam\u00f3 pola iniciativa de Conceyu Bable embaxo\u0092l nome d\u00b4\u0092Estaya Rexonal y dempu\u00e9s d\u00b4\u0092un tiempu curtiu ensin presencia d\u0092asturianu n\u00b4\u0092El Comercio, recuper\u00f3se col nome col que [&hellip;]<\/p>\n","protected":false},"author":117,"featured_media":0,"parent":901,"menu_order":0,"comment_status":"closed","ping_status":"closed","template":"","meta":{"footnotes":""},"class_list":["post-903","page","type-page","status-publish","hentry"],"_links":{"self":[{"href":"https:\/\/edublog.educastur.es\/ixuxu\/wp-json\/wp\/v2\/pages\/903","targetHints":{"allow":["GET"]}}],"collection":[{"href":"https:\/\/edublog.educastur.es\/ixuxu\/wp-json\/wp\/v2\/pages"}],"about":[{"href":"https:\/\/edublog.educastur.es\/ixuxu\/wp-json\/wp\/v2\/types\/page"}],"author":[{"embeddable":true,"href":"https:\/\/edublog.educastur.es\/ixuxu\/wp-json\/wp\/v2\/users\/117"}],"replies":[{"embeddable":true,"href":"https:\/\/edublog.educastur.es\/ixuxu\/wp-json\/wp\/v2\/comments?post=903"}],"version-history":[{"count":3,"href":"https:\/\/edublog.educastur.es\/ixuxu\/wp-json\/wp\/v2\/pages\/903\/revisions"}],"predecessor-version":[{"id":908,"href":"https:\/\/edublog.educastur.es\/ixuxu\/wp-json\/wp\/v2\/pages\/903\/revisions\/908"}],"up":[{"embeddable":true,"href":"https:\/\/edublog.educastur.es\/ixuxu\/wp-json\/wp\/v2\/pages\/901"}],"wp:attachment":[{"href":"https:\/\/edublog.educastur.es\/ixuxu\/wp-json\/wp\/v2\/media?parent=903"}],"curies":[{"name":"wp","href":"https:\/\/api.w.org\/{rel}","templated":true}]}}

<div class="article-header">
<h1>La hestórica sección <strong><em><a href="https://www.elcomercio.es/sociedad/alitar-asturies/"><span style="color: #008080">Alitar Asturies</span></a></em> </strong>tolos martes nel diariu «El Comercio»<br />
<a href="https://www.elcomercio.es/sociedad/alitar-asturies/"><span style="color: #008080">Ver sección</span></a></h1>
<div class="article-header-info"></div>
</div>
<div class="foto_noticia">La sección nasturianu espublízase los martes y trata noticies culturales, con dellos artículos de fondu&#8230; <strong> Alitar Asturies</strong> entamó pola iniciativa de Conceyu Bable embaxol nome d´Estaya Rexonal y dempués d´un tiempu curtiu ensin presencia dasturianu n´El Comercio, recuperóse col nome col que mos llegó hasta güei. La estaya entamó llevándose nandecha polos miembros de Conceyu Bable, más tarde foi Ramón dAndrés, que tuvo que dexar la xestión de la sección en manes del so pá, lescritor yá fallecíu Mánfer de la Llera, pa más tarde llevala los dos a comuña. La sección tuvo unos entamos más políticos y col tiempu garró la forma d´<strong>una sección cultural centrada na cultura asturiana y na lliteratura na nuesa llingua.</strong> Les últimes etapes de la sección lleváronles alantre Francisco Álvarez, Xurde Fernández y Enrique Carballeira, responsable actual de la estaya. <strong><em>Descargar: <a href="https://www.google.com/url?sa=i&amp;url=http%3A%2F%2Fwww.academiadelallingua.com%2Flletresasturianes%2Fpdf%2F1386244022Notes%2520y%2520anuncies.pdf&amp;psig=AOvVaw36Qb9Bmcq08uNDnvdrKyC2&amp;ust=1599583443102000&amp;source=images&amp;cd=vfe&amp;ved=0CAkQjhxqFwoTCPCchum-1-sCFQAAAAAdAAAAABAa"><span style="color: #008080">«Seis años d´Alitar Asturies»</span></a></em></strong></div>
<div></div>
<div><img loading="lazy" decoding="async" class="aligncenter size-full wp-image-896" src="http://edublog.educastur.es/ixuxu/files/2020/09/diego.jpg" alt="" width="1199" height="1568" srcset="https://edublog.educastur.es/ixuxu/files/2020/09/diego.jpg 1199w, https://edublog.educastur.es/ixuxu/files/2020/09/diego-229x300.jpg 229w, https://edublog.educastur.es/ixuxu/files/2020/09/diego-783x1024.jpg 783w, https://edublog.educastur.es/ixuxu/files/2020/09/diego-768x1004.jpg 768w, https://edublog.educastur.es/ixuxu/files/2020/09/diego-1175x1536.jpg 1175w, https://edublog.educastur.es/ixuxu/files/2020/09/diego-1000x1308.jpg 1000w" sizes="auto, (max-width: 1199px) 100vw, 1199px" /></div>
<div></div>
<ul>
<li><a href="https://pbs.twimg.com/media/EZf0PH0WkAIyfOr?format=jpg&amp;name=large">Escribir pa entender y entendese</a></li>
<li>
<div class="css-1dbjc4n r-xoduu5"><span class="r-18u37iz"><a class="css-4rbku5 css-18t94o4 css-901oao css-16my406 r-1n1174f r-1loqt21 r-1qd0xha r-ad9z0x r-bcqeeo r-qvutc0" role="link" href="https://twitter.com/dsolislletres" data-focusable="true">@dsolislletres</a></span></div>
</li>
</ul>
<hr />
<div></div>
<div><img loading="lazy" decoding="async" class="aligncenter size-full wp-image-897" src="http://edublog.educastur.es/ixuxu/files/2020/09/Maxi1.jpg" alt="" width="1754" height="1275" srcset="https://edublog.educastur.es/ixuxu/files/2020/09/Maxi1.jpg 1754w, https://edublog.educastur.es/ixuxu/files/2020/09/Maxi1-300x218.jpg 300w, https://edublog.educastur.es/ixuxu/files/2020/09/Maxi1-1024x744.jpg 1024w, https://edublog.educastur.es/ixuxu/files/2020/09/Maxi1-768x558.jpg 768w, https://edublog.educastur.es/ixuxu/files/2020/09/Maxi1-1536x1117.jpg 1536w, https://edublog.educastur.es/ixuxu/files/2020/09/Maxi1-1000x727.jpg 1000w, https://edublog.educastur.es/ixuxu/files/2020/09/Maxi1-413x300.jpg 413w" sizes="auto, (max-width: 1754px) 100vw, 1754px" /> <img loading="lazy" decoding="async" class="aligncenter size-full wp-image-898" src="http://edublog.educastur.es/ixuxu/files/2020/09/Maxi2.jpg" alt="" width="1699" height="631" srcset="https://edublog.educastur.es/ixuxu/files/2020/09/Maxi2.jpg 1699w, https://edublog.educastur.es/ixuxu/files/2020/09/Maxi2-300x111.jpg 300w, https://edublog.educastur.es/ixuxu/files/2020/09/Maxi2-1024x380.jpg 1024w, https://edublog.educastur.es/ixuxu/files/2020/09/Maxi2-768x285.jpg 768w, https://edublog.educastur.es/ixuxu/files/2020/09/Maxi2-1536x570.jpg 1536w, https://edublog.educastur.es/ixuxu/files/2020/09/Maxi2-1000x371.jpg 1000w, https://edublog.educastur.es/ixuxu/files/2020/09/Maxi2-800x297.jpg 800w" sizes="auto, (max-width: 1699px) 100vw, 1699px" /></div>
<p>&nbsp;</p>
<hr />
<p><img loading="lazy" decoding="async" class="aligncenter size-full wp-image-904" src="http://edublog.educastur.es/ixuxu/files/2020/09/Inaciu.png" alt="" width="1332" height="1310" srcset="https://edublog.educastur.es/ixuxu/files/2020/09/Inaciu.png 1332w, https://edublog.educastur.es/ixuxu/files/2020/09/Inaciu-300x295.png 300w, https://edublog.educastur.es/ixuxu/files/2020/09/Inaciu-1024x1007.png 1024w, https://edublog.educastur.es/ixuxu/files/2020/09/Inaciu-768x755.png 768w, https://edublog.educastur.es/ixuxu/files/2020/09/Inaciu-85x85.png 85w, https://edublog.educastur.es/ixuxu/files/2020/09/Inaciu-1000x983.png 1000w, https://edublog.educastur.es/ixuxu/files/2020/09/Inaciu-305x300.png 305w" sizes="auto, (max-width: 1332px) 100vw, 1332px" /></p>
<p>&nbsp;</p>
<hr />
<p><img loading="lazy" decoding="async" class="aligncenter size-full wp-image-905" src="http://edublog.educastur.es/ixuxu/files/2020/09/laura.jpg" alt="" width="738" height="960" srcset="https://edublog.educastur.es/ixuxu/files/2020/09/laura.jpg 738w, https://edublog.educastur.es/ixuxu/files/2020/09/laura-231x300.jpg 231w" sizes="auto, (max-width: 738px) 100vw, 738px" /></p>
<p>&nbsp;</p>
<hr />

<p>La hestórica sección Alitar Asturies tolos martes nel diariu «El Comercio» Ver sección La sección nasturianu espublízase los martes y trata noticies culturales, con dellos artículos de fondu&#8230;  Alitar Asturies entamó pola iniciativa de Conceyu Bable embaxol nome d´Estaya Rexonal y dempués d´un tiempu curtiu ensin presencia dasturianu n´El Comercio, recuperóse col nome col que [&hellip;]</p>
