{"id":9615,"date":"2021-09-08T12:59:02","date_gmt":"2021-09-08T10:59:02","guid":{"rendered":"https:\/\/edublog.educastur.es\/ixuxu\/?page_id=9615"},"modified":"2021-09-08T12:59:02","modified_gmt":"2021-09-08T10:59:02","slug":"regala-llibros","status":"publish","type":"page","link":"https:\/\/edublog.educastur.es\/ixuxu\/asturiano\/campanes\/regala-llibros\/","title":{"rendered":"Regala llibros"},"content":{"rendered":"<div class=\"\">\n<div class=\"clearfix journal-content-article\" data-analytics-asset-id=\"2579423\" data-analytics-asset-title=\"El Principado pone en marcha una campa\u00f1a para promover la compra de m\u00fasica y literatura en lengua asturiana estas Navidades\" data-analytics-asset-type=\"web-content\">\n<h2 class=\"mb-0\">El Principado pone en marcha una campa\u00f1a para promover la compra de m\u00fasica y literatura en lengua asturiana estas Navidades<\/h2>\n<div class=\"plantilla-articulo plantilla-detalle-contenido\">\n<div class=\"link-print\"><a class=\"print\" title=\"Imprimir\">Imprimir<\/a><\/div>\n<div class=\"date\">20\/12\/2016<\/div>\n<div class=\"summary\">La iniciativa se desarrollar\u00e1 hasta el 30 de diciembre en p\u00e1ginas web, redes sociales y emisoras de radio<\/div>\n<div class=\"row\">\n<div class=\"contenido-article col-md-12\">\n<div class=\"description\">\n<p align=\"justify\">\n<p align=\"justify\">La Consejer\u00eda de Educaci\u00f3n y Cultura ha puesto en marcha una campa\u00f1a de comunicaci\u00f3n institucional para promocionar los productos culturales en lengua asturiana. Esta iniciativa se enmarca en el conjunto de medidas que la Direcci\u00f3n General de Planificaci\u00f3n Ling\u00fc\u00edstica dise\u00f1a para promover la normalizaci\u00f3n del asturiano en la vida sociocultural de la comunidad.<\/p>\n<p align=\"justify\">La campa\u00f1a utilizar\u00e1 lemas como <i>Regala n\u2019asturianu<\/i>, <i>A la xente que quies reg\u00e1la-yos un cach\u00edn d\u2019Asturies<\/i> o <i>\u00a1Qu\u00e9 bon regalu pa estes Navidaes!<\/i> para animar a la ciudadan\u00eda a que incluya los productos culturales en lengua asturiana entre sus regalos navide\u00f1os. Esta acci\u00f3n parte de la idea de que la m\u00fasica o la literatura en la lengua tradicional de Asturias puede ser un buen regalo para estas fechas.<\/p>\n<p align=\"justify\">Los materiales dise\u00f1ados para la campa\u00f1a se ir\u00e1n mostrando en diarios digitales, p\u00e1ginas web institucionales y redes sociales hasta el 30 de diciembre. Adem\u00e1s, se emitir\u00e1n cu\u00f1as radiof\u00f3nicas en los d\u00edas m\u00e1s se\u00f1alados de estas fiestas.<\/p>\n<p align=\"justify\"><a href=\"https:\/\/www.asturias.es\/webasturias\/GOBIERNO\/ACTUALIDAD\/imgs\/2016\/lliteratura_asturiana_viaxa.jpg\">Regala llibros y discos n&#8217;asturianu<\/a><\/p>\n<p align=\"justify\"><a href=\"https:\/\/www.asturias.es\/webasturias\/GOBIERNO\/ACTUALIDAD\/imgs\/2016\/musica_astures_navidaes.jpg\">Apl\u00edcate cola lliteratura asturina y&#8230; \u00a1viaxa!<\/a><\/p>\n<p><a href=\"https:\/\/www.asturias.es\/webasturias\/GOBIERNO\/ACTUALIDAD\/imgs\/2016\/regala_llibros%20discos_asturianu.jpg\">Musica d&#8217;asturies: un bon regalu pa estes navidades<\/a><\/div>\n<\/div>\n<\/div>\n<\/div>\n<\/div>\n<\/div>\n","protected":false},"excerpt":{"rendered":"<p>El Principado pone en marcha una campa\u00f1a para promover la compra de m\u00fasica y literatura en lengua asturiana estas Navidades Imprimir 20\/12\/2016 La iniciativa se desarrollar\u00e1 hasta el 30 de diciembre en p\u00e1ginas web, redes sociales y emisoras de radio La Consejer\u00eda de Educaci\u00f3n y Cultura ha puesto en marcha una campa\u00f1a de comunicaci\u00f3n institucional [&hellip;]<\/p>\n","protected":false},"author":117,"featured_media":0,"parent":142,"menu_order":0,"comment_status":"closed","ping_status":"closed","template":"","meta":{"footnotes":""},"class_list":["post-9615","page","type-page","status-publish","hentry"],"_links":{"self":[{"href":"https:\/\/edublog.educastur.es\/ixuxu\/wp-json\/wp\/v2\/pages\/9615","targetHints":{"allow":["GET"]}}],"collection":[{"href":"https:\/\/edublog.educastur.es\/ixuxu\/wp-json\/wp\/v2\/pages"}],"about":[{"href":"https:\/\/edublog.educastur.es\/ixuxu\/wp-json\/wp\/v2\/types\/page"}],"author":[{"embeddable":true,"href":"https:\/\/edublog.educastur.es\/ixuxu\/wp-json\/wp\/v2\/users\/117"}],"replies":[{"embeddable":true,"href":"https:\/\/edublog.educastur.es\/ixuxu\/wp-json\/wp\/v2\/comments?post=9615"}],"version-history":[{"count":1,"href":"https:\/\/edublog.educastur.es\/ixuxu\/wp-json\/wp\/v2\/pages\/9615\/revisions"}],"predecessor-version":[{"id":9616,"href":"https:\/\/edublog.educastur.es\/ixuxu\/wp-json\/wp\/v2\/pages\/9615\/revisions\/9616"}],"up":[{"embeddable":true,"href":"https:\/\/edublog.educastur.es\/ixuxu\/wp-json\/wp\/v2\/pages\/142"}],"wp:attachment":[{"href":"https:\/\/edublog.educastur.es\/ixuxu\/wp-json\/wp\/v2\/media?parent=9615"}],"curies":[{"name":"wp","href":"https:\/\/api.w.org\/{rel}","templated":true}]}}

<div class="">
<div class="clearfix journal-content-article" data-analytics-asset-id="2579423" data-analytics-asset-title="El Principado pone en marcha una campaña para promover la compra de música y literatura en lengua asturiana estas Navidades" data-analytics-asset-type="web-content">
<h2 class="mb-0">El Principado pone en marcha una campaña para promover la compra de música y literatura en lengua asturiana estas Navidades</h2>
<div class="plantilla-articulo plantilla-detalle-contenido">
<div class="link-print"><a class="print" title="Imprimir">Imprimir</a></div>
<div class="date">20/12/2016</div>
<div class="summary">La iniciativa se desarrollará hasta el 30 de diciembre en páginas web, redes sociales y emisoras de radio</div>
<div class="row">
<div class="contenido-article col-md-12">
<div class="description">
<p align="justify">
<p align="justify">La Consejería de Educación y Cultura ha puesto en marcha una campaña de comunicación institucional para promocionar los productos culturales en lengua asturiana. Esta iniciativa se enmarca en el conjunto de medidas que la Dirección General de Planificación Lingüística diseña para promover la normalización del asturiano en la vida sociocultural de la comunidad.</p>
<p align="justify">La campaña utilizará lemas como <i>Regala n’asturianu</i>, <i>A la xente que quies regála-yos un cachín d’Asturies</i> o <i>¡Qué bon regalu pa estes Navidaes!</i> para animar a la ciudadanía a que incluya los productos culturales en lengua asturiana entre sus regalos navideños. Esta acción parte de la idea de que la música o la literatura en la lengua tradicional de Asturias puede ser un buen regalo para estas fechas.</p>
<p align="justify">Los materiales diseñados para la campaña se irán mostrando en diarios digitales, páginas web institucionales y redes sociales hasta el 30 de diciembre. Además, se emitirán cuñas radiofónicas en los días más señalados de estas fiestas.</p>
<p align="justify"><a href="https://www.asturias.es/webasturias/GOBIERNO/ACTUALIDAD/imgs/2016/lliteratura_asturiana_viaxa.jpg">Regala llibros y discos n&#8217;asturianu</a></p>
<p align="justify"><a href="https://www.asturias.es/webasturias/GOBIERNO/ACTUALIDAD/imgs/2016/musica_astures_navidaes.jpg">Aplícate cola lliteratura asturina y&#8230; ¡viaxa!</a></p>
<p><a href="https://www.asturias.es/webasturias/GOBIERNO/ACTUALIDAD/imgs/2016/regala_llibros%20discos_asturianu.jpg">Musica d&#8217;asturies: un bon regalu pa estes navidades</a></div>
</div>
</div>
</div>
</div>
</div>

<p>El Principado pone en marcha una campaña para promover la compra de música y literatura en lengua asturiana estas Navidades Imprimir 20/12/2016 La iniciativa se desarrollará hasta el 30 de diciembre en páginas web, redes sociales y emisoras de radio La Consejería de Educación y Cultura ha puesto en marcha una campaña de comunicación institucional [&hellip;]</p>
