{"id":9771,"date":"2021-09-20T19:53:24","date_gmt":"2021-09-20T17:53:24","guid":{"rendered":"https:\/\/edublog.educastur.es\/ixuxu\/?page_id=9771"},"modified":"2021-09-20T19:59:26","modified_gmt":"2021-09-20T17:59:26","slug":"la-revalida","status":"publish","type":"page","link":"https:\/\/edublog.educastur.es\/ixuxu\/tv\/la-revalida\/","title":{"rendered":"La Rev\u00e1lida"},"content":{"rendered":"<p><a href=\"https:\/\/www.rtpa.es\/video:La%20revalida_551631866280.html\"><img loading=\"lazy\" decoding=\"async\" class=\"aligncenter\" src=\"https:\/\/www.rtpa.es\/fotos\/\/21\/09\/871631525841_cfakepathlarevalida.jpg\" alt=\"\" width=\"373\" height=\"210\" \/><\/a><\/p>\n<ul>\n<li><a href=\"https:\/\/www.rtpa.es\/video:La%20revalida_551631866280.html\">Ver en TPA<\/a> \/<a href=\"https:\/\/www.facebook.com\/larevalidatpa\/\">Facebook<\/a> \/<\/li>\n<li>Presenta: <a href=\"https:\/\/www.facebook.com\/maria.cotielloperez\">Mar\u00eda Cotiello<\/a> \/<\/li>\n<li><a href=\"https:\/\/edublog.educastur.es\/ixuxu\/tv\/la-revalida\">Ver n&#8217;IXUXU<\/a><\/li>\n<\/ul>\n<p style=\"text-align: center\"><a class=\"oajrlxb2 g5ia77u1 qu0x051f esr5mh6w e9989ue4 r7d6kgcz rq0escxv nhd2j8a9 nc684nl6 p7hjln8o kvgmc6g5 cxmmr5t8 oygrvhab hcukyx3x jb3vyjys rz4wbd8a qt6c0cv9 a8nywdso i1ao9s8h esuyzwwr f1sip0of lzcic4wl q66pz984 gpro0wi8 b1v8xokw\" role=\"link\" href=\"https:\/\/www.facebook.com\/larevalidatpa\/?__cft__[0]=AZXKlDriA_MqDmwDdfeN7duxn_bt4utTzLtWsULHhxC0Ccs6x9JCacvxgfqBGdK0PgYqBUVOjelS_S7Zz1nuB4Mj2QJecq32QtrAnxmUgmHzf_-1fDSLBPbnnS7K5KHIkCQCuIvoPa3mk-sKRFfLyxhue4wO3wvH0KWpTxj2pPPZng&amp;__tn__=kK-y-R\"><span class=\"nc684nl6\">La Rev\u00e1lida<\/span><\/a>, el primer concursu n&#8217;asturianu en &#8216;prime time&#8217; (horariu de m\u00e1xima audiencia) de la hestoria de la televisi\u00f3n asturiana.<\/p>\n<p style=\"text-align: center\">\n<!-- iframe plugin v.6.0 wordpress.org\/plugins\/iframe\/ -->\n<iframe loading=\"lazy\" src=\"https:\/\/www.facebook.com\/plugins\/video.php?height=311&#038;href=https%3A%2F%2Fwww.facebook.com%2Fmaria.cotielloperez%2Fvideos%2F541852790259052%2F&#038;show_text=false&#038;width=560&#038;t=0\" width=\"560\" height=\"311\" style=\"border:none;overflow:hidden\" scrolling=\"no\" frameborder=\"0\" allowfullscreen=\"true\" allow=\"autoplay; clipboard-write; encrypted-media; picture-in-picture; web-share\" 0=\"\/iframe\" class=\"iframe-class\"><\/iframe>\n<\/p>\n<p style=\"text-align: center\">\n<!-- iframe plugin v.6.0 wordpress.org\/plugins\/iframe\/ -->\n<iframe loading=\"lazy\" src=\"https:\/\/www.facebook.com\/plugins\/video.php?height=314&#038;href=https%3A%2F%2Fwww.facebook.com%2Flarevalidatpa%2Fvideos%2F945477036183980%2F&#038;show_text=false&#038;width=560&#038;t=0\" width=\"560\" height=\"314\" style=\"border:none;overflow:hidden\" scrolling=\"no\" frameborder=\"0\" allowfullscreen=\"true\" allow=\"autoplay; clipboard-write; encrypted-media; picture-in-picture; web-share\" 0=\"\/iframe\" class=\"iframe-class\"><\/iframe>\n<\/p>\n<ul>\n<li>\n<h2 class=\"entry-title\"><a href=\"https:\/\/edublog.educastur.es\/ixuxu\/2021\/09\/el-primer-concursu-televisivu-nasturianu-en-prime-time\/\" rel=\"bookmark\">El primer Concursu televisivu n\u2019asturianu en \u00abprime time\u00bb<\/a><\/h2>\n<\/li>\n<\/ul>\n<div class=\"kvgmc6g5 cxmmr5t8 oygrvhab hcukyx3x c1et5uql ii04i59q\">\n<div dir=\"auto\"><\/div>\n<\/div>\n<div class=\"o9v6fnle cxmmr5t8 oygrvhab hcukyx3x c1et5uql ii04i59q\"><\/div>\n<p>&nbsp;<\/p>\n","protected":false},"excerpt":{"rendered":"<p>Ver en TPA \/Facebook \/ Presenta: Mar\u00eda Cotiello \/ Ver n&#8217;IXUXU La Rev\u00e1lida, el primer concursu n&#8217;asturianu en &#8216;prime time&#8217; (horariu de m\u00e1xima audiencia) de la hestoria de la televisi\u00f3n asturiana. El primer Concursu televisivu n\u2019asturianu en \u00abprime time\u00bb &nbsp;<\/p>\n","protected":false},"author":117,"featured_media":0,"parent":299,"menu_order":0,"comment_status":"closed","ping_status":"closed","template":"","meta":{"footnotes":""},"class_list":["post-9771","page","type-page","status-publish","hentry"],"_links":{"self":[{"href":"https:\/\/edublog.educastur.es\/ixuxu\/wp-json\/wp\/v2\/pages\/9771","targetHints":{"allow":["GET"]}}],"collection":[{"href":"https:\/\/edublog.educastur.es\/ixuxu\/wp-json\/wp\/v2\/pages"}],"about":[{"href":"https:\/\/edublog.educastur.es\/ixuxu\/wp-json\/wp\/v2\/types\/page"}],"author":[{"embeddable":true,"href":"https:\/\/edublog.educastur.es\/ixuxu\/wp-json\/wp\/v2\/users\/117"}],"replies":[{"embeddable":true,"href":"https:\/\/edublog.educastur.es\/ixuxu\/wp-json\/wp\/v2\/comments?post=9771"}],"version-history":[{"count":5,"href":"https:\/\/edublog.educastur.es\/ixuxu\/wp-json\/wp\/v2\/pages\/9771\/revisions"}],"predecessor-version":[{"id":9775,"href":"https:\/\/edublog.educastur.es\/ixuxu\/wp-json\/wp\/v2\/pages\/9771\/revisions\/9775"}],"up":[{"embeddable":true,"href":"https:\/\/edublog.educastur.es\/ixuxu\/wp-json\/wp\/v2\/pages\/299"}],"wp:attachment":[{"href":"https:\/\/edublog.educastur.es\/ixuxu\/wp-json\/wp\/v2\/media?parent=9771"}],"curies":[{"name":"wp","href":"https:\/\/api.w.org\/{rel}","templated":true}]}}

La Reválida

<p><a href="https://www.rtpa.es/video:La%20revalida_551631866280.html"><img loading="lazy" decoding="async" class="aligncenter" src="https://www.rtpa.es/fotos//21/09/871631525841_cfakepathlarevalida.jpg" alt="" width="373" height="210" /></a></p>
<ul>
<li><a href="https://www.rtpa.es/video:La%20revalida_551631866280.html">Ver en TPA</a> /<a href="https://www.facebook.com/larevalidatpa/">Facebook</a> /</li>
<li>Presenta: <a href="https://www.facebook.com/maria.cotielloperez">María Cotiello</a> /</li>
<li><a href="https://edublog.educastur.es/ixuxu/tv/la-revalida">Ver n&#8217;IXUXU</a></li>
</ul>
<p style="text-align: center"><a class="oajrlxb2 g5ia77u1 qu0x051f esr5mh6w e9989ue4 r7d6kgcz rq0escxv nhd2j8a9 nc684nl6 p7hjln8o kvgmc6g5 cxmmr5t8 oygrvhab hcukyx3x jb3vyjys rz4wbd8a qt6c0cv9 a8nywdso i1ao9s8h esuyzwwr f1sip0of lzcic4wl q66pz984 gpro0wi8 b1v8xokw" role="link" href="https://www.facebook.com/larevalidatpa/?__cft__[0]=AZXKlDriA_MqDmwDdfeN7duxn_bt4utTzLtWsULHhxC0Ccs6x9JCacvxgfqBGdK0PgYqBUVOjelS_S7Zz1nuB4Mj2QJecq32QtrAnxmUgmHzf_-1fDSLBPbnnS7K5KHIkCQCuIvoPa3mk-sKRFfLyxhue4wO3wvH0KWpTxj2pPPZng&amp;__tn__=kK-y-R"><span class="nc684nl6">La Reválida</span></a>, el primer concursu n&#8217;asturianu en &#8216;prime time&#8217; (horariu de máxima audiencia) de la hestoria de la televisión asturiana.</p>
<p style="text-align: center">
<!-- iframe plugin v.6.0 wordpress.org/plugins/iframe/ -->
<iframe loading="lazy" src="https://www.facebook.com/plugins/video.php?height=311&#038;href=https%3A%2F%2Fwww.facebook.com%2Fmaria.cotielloperez%2Fvideos%2F541852790259052%2F&#038;show_text=false&#038;width=560&#038;t=0" width="560" height="311" style="border:none;overflow:hidden" scrolling="no" frameborder="0" allowfullscreen="true" allow="autoplay; clipboard-write; encrypted-media; picture-in-picture; web-share" 0="/iframe" class="iframe-class"></iframe>
</p>
<p style="text-align: center">
<!-- iframe plugin v.6.0 wordpress.org/plugins/iframe/ -->
<iframe loading="lazy" src="https://www.facebook.com/plugins/video.php?height=314&#038;href=https%3A%2F%2Fwww.facebook.com%2Flarevalidatpa%2Fvideos%2F945477036183980%2F&#038;show_text=false&#038;width=560&#038;t=0" width="560" height="314" style="border:none;overflow:hidden" scrolling="no" frameborder="0" allowfullscreen="true" allow="autoplay; clipboard-write; encrypted-media; picture-in-picture; web-share" 0="/iframe" class="iframe-class"></iframe>
</p>
<ul>
<li>
<h2 class="entry-title"><a href="https://edublog.educastur.es/ixuxu/2021/09/el-primer-concursu-televisivu-nasturianu-en-prime-time/" rel="bookmark">El primer Concursu televisivu n’asturianu en «prime time»</a></h2>
</li>
</ul>
<div class="kvgmc6g5 cxmmr5t8 oygrvhab hcukyx3x c1et5uql ii04i59q">
<div dir="auto"></div>
</div>
<div class="o9v6fnle cxmmr5t8 oygrvhab hcukyx3x c1et5uql ii04i59q"></div>
<p>&nbsp;</p>

<p>Ver en TPA /Facebook / Presenta: María Cotiello / Ver n&#8217;IXUXU La Reválida, el primer concursu n&#8217;asturianu en &#8216;prime time&#8217; (horariu de máxima audiencia) de la hestoria de la televisión asturiana. El primer Concursu televisivu n’asturianu en «prime time» &nbsp;</p>
