{"id":979,"date":"2020-09-08T15:38:13","date_gmt":"2020-09-08T13:38:13","guid":{"rendered":"https:\/\/edublog.educastur.es\/ixuxu\/?page_id=979"},"modified":"2020-09-08T15:43:53","modified_gmt":"2020-09-08T13:43:53","slug":"conocer-asturies","status":"publish","type":"page","link":"https:\/\/edublog.educastur.es\/ixuxu\/noticies-3\/conocer-asturies\/","title":{"rendered":"Conocer Asturies"},"content":{"rendered":"<p><span style=\"font-size: 20px\"><a href=\"https:\/\/conocerasturias.es\/\"><img loading=\"lazy\" decoding=\"async\" class=\"\" src=\"https:\/\/conocerasturias.es\/wp-content\/uploads\/conocerasturias.png\" width=\"498\" height=\"113\" \/><\/a><\/span><\/p>\n<ul>\n<li><a href=\"https:\/\/conocerasturias.es\/\"><span style=\"font-size: 20px\">Accede<\/span><\/a><\/li>\n<li><span style=\"font-size: 20px\"><a href=\"https:\/\/conocerasturias.es\/?s=viaxast\">Revista <em><strong>\u00abViaxast\u00bb<\/strong><\/em><\/a><\/span><\/li>\n<li><a href=\"https:\/\/issuu.com\/search?q=viaxast\"><span style=\"font-size: 20px\">Ver n\u00b4ISSUU<\/span><\/a><\/li>\n<\/ul>\n<div class=\"td-page-header\">\n<div class=\"search-page-search-wrap\">\n<div class=\"td_search_subtitle\"><\/div>\n<\/div>\n<\/div>\n<div class=\"td_module_16 td_module_wrap td-animation-stack td-meta-info-hide\">\n<div class=\"td-module-thumb\"><a href=\"https:\/\/issuu.com\/conocerasturias\/docs\/viaxast_9__web\"><img loading=\"lazy\" decoding=\"async\" class=\"entry-thumb\" title=\"ViaxAST 9\" src=\"https:\/\/conocerasturias.es\/wp-content\/uploads\/Portada-9.png\" alt=\"\" width=\"301\" height=\"422\" \/><\/a><a title=\"ViaxAST 9\" href=\"https:\/\/conocerasturias.es\/viaxast-9\/\" rel=\"bookmark\">ViaxAST 9<\/a><\/div>\n<div class=\"item-details\">\n<div class=\"td-module-meta-info\"><a class=\"td-post-category\" href=\"https:\/\/conocerasturias.es\/category\/revista-viaxast\/\">Revista ViaxAST<\/a><\/div>\n<div class=\"td-excerpt\">Revista Conocer Asturies-Viaxast. N\u00famberu: 9 Data: payares 2019 Puedes lleela calcando equ\u00ed<\/div>\n<\/div>\n<\/div>\n<div class=\"td_module_16 td_module_wrap td-animation-stack td-meta-info-hide\">\n<div class=\"td-module-thumb\"><a href=\"https:\/\/issuu.com\/conocerasturias\/docs\/viaxast_8_web\"><img loading=\"lazy\" decoding=\"async\" class=\"entry-thumb\" title=\"ViaxAST 8\" src=\"https:\/\/conocerasturias.es\/wp-content\/uploads\/Captura-de-pantalla-2019-10-29-a-las-14.02.01.png\" alt=\"\" width=\"300\" height=\"424\" \/><\/a><a title=\"ViaxAST 8\" href=\"https:\/\/conocerasturias.es\/viaxast-8\/\" rel=\"bookmark\">ViaxAST 8<\/a><\/div>\n<div class=\"item-details\">\n<div class=\"td-module-meta-info\"><a class=\"td-post-category\" href=\"https:\/\/conocerasturias.es\/category\/revista-viaxast\/\">Revista ViaxAST<\/a><\/div>\n<div class=\"td-excerpt\">Revista Conocer Asturies-Viaxast. N\u00famberu: 8 Data: agostu 2019 Puedes lleela calcando equ\u00ed<\/div>\n<\/div>\n<\/div>\n<div class=\"td_module_16 td_module_wrap td-animation-stack td-meta-info-hide\">\n<div class=\"td-module-thumb\"><a href=\"https:\/\/issuu.com\/conocerasturias\/docs\/viaxast_7_web\"><img loading=\"lazy\" decoding=\"async\" class=\"entry-thumb\" title=\"ViaxAST 7\" src=\"https:\/\/conocerasturias.es\/wp-content\/uploads\/Captura-de-pantalla-2019-10-29-a-las-14.01.39.png\" alt=\"\" width=\"300\" height=\"424\" \/><\/a><a title=\"ViaxAST 7\" href=\"https:\/\/conocerasturias.es\/viaxast-7\/\" rel=\"bookmark\">ViaxAST 7<\/a><\/div>\n<div class=\"item-details\">\n<div class=\"td-module-meta-info\"><a class=\"td-post-category\" href=\"https:\/\/conocerasturias.es\/category\/revista-viaxast\/\">Revista ViaxAST<\/a><\/div>\n<div class=\"td-excerpt\">Revista Conocer Asturies-Viaxast. N\u00famberu: 7 Data: xunu 2019 Puedes lleela calcando equ\u00ed<\/div>\n<\/div>\n<\/div>\n<div class=\"td_module_16 td_module_wrap td-animation-stack td-meta-info-hide\">\n<div class=\"td-module-thumb\"><a href=\"https:\/\/issuu.com\/conocerasturias\/docs\/viaxast_6__web\"><img loading=\"lazy\" decoding=\"async\" class=\"entry-thumb\" title=\"ViaxAST 6\" src=\"https:\/\/conocerasturias.es\/wp-content\/uploads\/Captura-de-pantalla-2019-10-29-a-las-14.01.15.png\" alt=\"\" width=\"301\" height=\"425\" \/><\/a><a title=\"ViaxAST 6\" href=\"https:\/\/conocerasturias.es\/viaxast-6\/\" rel=\"bookmark\">ViaxAST 6<\/a><\/div>\n<div class=\"item-details\">\n<div class=\"td-module-meta-info\"><a class=\"td-post-category\" href=\"https:\/\/conocerasturias.es\/category\/revista-viaxast\/\">Revista ViaxAST<\/a><\/div>\n<div class=\"td-excerpt\">Revista Conocer Asturies-Viaxast. N\u00famberu: 6 Data: marzu 2019 Puedes lleela calcando equ\u00ed<\/div>\n<\/div>\n<\/div>\n<div class=\"td_module_16 td_module_wrap td-animation-stack td-meta-info-hide\">\n<div class=\"td-module-thumb\"><a href=\"https:\/\/issuu.com\/conocerasturias\/docs\/viaxast_5_prueba\"><img loading=\"lazy\" decoding=\"async\" class=\"entry-thumb\" title=\"ViaxAST 5\" src=\"https:\/\/conocerasturias.es\/wp-content\/uploads\/Captura-de-pantalla-2019-10-29-a-las-14.00.36.png\" alt=\"\" width=\"302\" height=\"426\" \/><\/a><a title=\"ViaxAST 5\" href=\"https:\/\/conocerasturias.es\/viaxast-5\/\" rel=\"bookmark\">ViaxAST 5<\/a><\/div>\n<div class=\"item-details\">\n<div class=\"td-module-meta-info\"><a class=\"td-post-category\" href=\"https:\/\/conocerasturias.es\/category\/revista-viaxast\/\">Revista ViaxAST<\/a><\/div>\n<div class=\"td-excerpt\">Revista Conocer Asturies-Viaxast. N\u00famberu: 5 Data: payares 2018 Puedes lleela calcando equ\u00ed<\/div>\n<\/div>\n<\/div>\n<div class=\"td_module_16 td_module_wrap td-animation-stack td-meta-info-hide\">\n<div class=\"td-module-thumb\"><a href=\"https:\/\/issuu.com\/conocerasturias\/docs\/viaxast_4\"><img loading=\"lazy\" decoding=\"async\" class=\"entry-thumb\" title=\"ViaxAST 4\" src=\"https:\/\/conocerasturias.es\/wp-content\/uploads\/Captura-de-pantalla-2019-10-29-a-las-14.00.03.png\" alt=\"\" width=\"300\" height=\"424\" \/><\/a><a title=\"ViaxAST 4\" href=\"https:\/\/conocerasturias.es\/viaxast-4\/\" rel=\"bookmark\">ViaxAST 4<\/a><\/div>\n<div class=\"item-details\">\n<div class=\"td-module-meta-info\"><a class=\"td-post-category\" href=\"https:\/\/conocerasturias.es\/category\/revista-viaxast\/\">Revista ViaxAST<\/a><\/div>\n<div class=\"td-excerpt\">Revista Conocer Asturies-Viaxast. N\u00famberu: 4 Data: agostu 2018 Puedes lleela calcando equ\u00ed<\/div>\n<\/div>\n<\/div>\n<div class=\"td_module_16 td_module_wrap td-animation-stack td-meta-info-hide\">\n<div class=\"td-module-thumb\"><a href=\"https:\/\/issuu.com\/conocerasturias\/docs\/viaxast_3_\"><img loading=\"lazy\" decoding=\"async\" class=\"entry-thumb\" title=\"ViaxAST 3\" src=\"https:\/\/conocerasturias.es\/wp-content\/uploads\/Captura-de-pantalla-2019-10-29-a-las-13.59.26.png\" alt=\"\" width=\"300\" height=\"422\" \/><\/a><a title=\"ViaxAST 3\" href=\"https:\/\/conocerasturias.es\/viaxast-3\/\" rel=\"bookmark\">ViaxAST 3<\/a><\/div>\n<div class=\"item-details\">\n<div class=\"td-module-meta-info\"><a class=\"td-post-category\" href=\"https:\/\/conocerasturias.es\/category\/revista-viaxast\/\">Revista ViaxAST<\/a><\/div>\n<div class=\"td-excerpt\">Revista Conocer Asturies-Viaxast. N\u00famberu: 3 Data: xunu 2018 Puedes lleela calcando equ\u00ed<\/div>\n<\/div>\n<\/div>\n<div class=\"td_module_16 td_module_wrap td-animation-stack td-meta-info-hide\">\n<div class=\"td-module-thumb\"><a href=\"https:\/\/issuu.com\/conocerasturias\/docs\/viaxast_issuu\"><img loading=\"lazy\" decoding=\"async\" class=\"entry-thumb\" title=\"ViaxAST 2\" src=\"https:\/\/conocerasturias.es\/wp-content\/uploads\/Captura-de-pantalla-2019-10-29-a-las-13.58.54.png\" alt=\"\" width=\"301\" height=\"419\" \/><\/a><a title=\"ViaxAST 2\" href=\"https:\/\/conocerasturias.es\/viaxast-2\/\" rel=\"bookmark\">ViaxAST 2<\/a><\/div>\n<div class=\"item-details\">\n<div class=\"td-module-meta-info\"><a class=\"td-post-category\" href=\"https:\/\/conocerasturias.es\/category\/revista-viaxast\/\">Revista ViaxAST<\/a><\/div>\n<div class=\"td-excerpt\">Revista Conocer Asturies-Viaxast. N\u00famberu: 2 Data: marzu 2018 Puedes lleela calcando equ\u00ed<\/div>\n<\/div>\n<\/div>\n<div class=\"td_module_16 td_module_wrap td-animation-stack td-meta-info-hide\">\n<div class=\"td-module-thumb\"><a href=\"https:\/\/issuu.com\/conocerasturias\/docs\/revista_viaxast_final\"><img loading=\"lazy\" decoding=\"async\" class=\"entry-thumb\" title=\"ViaxAST 1\" src=\"https:\/\/conocerasturias.es\/wp-content\/uploads\/Captura-de-pantalla-2019-10-29-a-las-13.58.29.png\" alt=\"\" width=\"301\" height=\"425\" \/><\/a><a title=\"ViaxAST 1\" href=\"https:\/\/conocerasturias.es\/viaxast-1\/\" rel=\"bookmark\">ViaxAST 1<\/a><\/div>\n<div class=\"item-details\">\n<div class=\"td-module-meta-info\"><a class=\"td-post-category\" href=\"https:\/\/conocerasturias.es\/category\/revista-viaxast\/\">Revista ViaxAST<\/a><\/div>\n<div class=\"td-excerpt\">Revista Conocer Asturies-Viaxast. N\u00famberu: 1. Data: payares 2017 Puedes lleela calcando equ\u00ed<\/div>\n<\/div>\n<\/div>\n<div class=\"td_module_16 td_module_wrap td-animation-stack td-meta-info-hide\">\n<div class=\"td-module-thumb\"><a class=\"td-image-wrap \" title=\"Nuevo n\u00famero de la revista de \u2018Conocer Asturies\u2019\" href=\"https:\/\/conocerasturias.es\/nuevo-numero-de-la-revista-de-conocer-asturies\/\" rel=\"bookmark\"><img loading=\"lazy\" decoding=\"async\" class=\"entry-thumb\" title=\"Nuevo n\u00famero de la revista de \u2018Conocer Asturies\u2019\" src=\"https:\/\/conocerasturias.es\/wp-content\/uploads\/revista-conocer-asturies-9-scaled.jpg\" alt=\"\" width=\"395\" height=\"262\" \/><\/a><\/div>\n<div class=\"item-details\">\n<h3 class=\"entry-title td-module-title\"><a title=\"Nuevo n\u00famero de la revista de \u2018Conocer Asturies\u2019\" href=\"https:\/\/conocerasturias.es\/nuevo-numero-de-la-revista-de-conocer-asturies\/\" rel=\"bookmark\">Nuevo n\u00famero de la revista de \u2018Conocer Asturies\u2019<\/a><\/h3>\n<div class=\"td-module-meta-info\"><a class=\"td-post-category\" href=\"https:\/\/conocerasturias.es\/category\/actualidad\/\">Actualidad<\/a><\/div>\n<div class=\"td-excerpt\">La revista de &#8216;Conocer Asturies&#8217; vuelve con un n\u00famero cargado de tradici\u00f3n. En esta nueva entrega correspondiente al oto\u00f1o\/invierno, la publicaci\u00f3n recorre algunas de&#8230;<\/div>\n<\/div>\n<\/div>\n<p>&nbsp;<\/p>\n<p>&nbsp;<\/p>\n","protected":false},"excerpt":{"rendered":"<p>Accede Revista \u00abViaxast\u00bb Ver n\u00b4ISSUU ViaxAST 9 Revista ViaxAST Revista Conocer Asturies-Viaxast. N\u00famberu: 9 Data: payares 2019 Puedes lleela calcando equ\u00ed ViaxAST 8 Revista ViaxAST Revista Conocer Asturies-Viaxast. N\u00famberu: 8 Data: agostu 2019 Puedes lleela calcando equ\u00ed ViaxAST 7 Revista ViaxAST Revista Conocer Asturies-Viaxast. N\u00famberu: 7 Data: xunu 2019 Puedes lleela calcando equ\u00ed ViaxAST 6 [&hellip;]<\/p>\n","protected":false},"author":117,"featured_media":0,"parent":120,"menu_order":0,"comment_status":"closed","ping_status":"closed","template":"","meta":{"footnotes":""},"class_list":["post-979","page","type-page","status-publish","hentry"],"_links":{"self":[{"href":"https:\/\/edublog.educastur.es\/ixuxu\/wp-json\/wp\/v2\/pages\/979","targetHints":{"allow":["GET"]}}],"collection":[{"href":"https:\/\/edublog.educastur.es\/ixuxu\/wp-json\/wp\/v2\/pages"}],"about":[{"href":"https:\/\/edublog.educastur.es\/ixuxu\/wp-json\/wp\/v2\/types\/page"}],"author":[{"embeddable":true,"href":"https:\/\/edublog.educastur.es\/ixuxu\/wp-json\/wp\/v2\/users\/117"}],"replies":[{"embeddable":true,"href":"https:\/\/edublog.educastur.es\/ixuxu\/wp-json\/wp\/v2\/comments?post=979"}],"version-history":[{"count":4,"href":"https:\/\/edublog.educastur.es\/ixuxu\/wp-json\/wp\/v2\/pages\/979\/revisions"}],"predecessor-version":[{"id":983,"href":"https:\/\/edublog.educastur.es\/ixuxu\/wp-json\/wp\/v2\/pages\/979\/revisions\/983"}],"up":[{"embeddable":true,"href":"https:\/\/edublog.educastur.es\/ixuxu\/wp-json\/wp\/v2\/pages\/120"}],"wp:attachment":[{"href":"https:\/\/edublog.educastur.es\/ixuxu\/wp-json\/wp\/v2\/media?parent=979"}],"curies":[{"name":"wp","href":"https:\/\/api.w.org\/{rel}","templated":true}]}}