{"id":1160,"date":"2020-11-09T20:13:08","date_gmt":"2020-11-09T18:13:08","guid":{"rendered":"https:\/\/edublog.educastur.es\/ixuxullingua\/?page_id=1160"},"modified":"2021-10-20T18:41:33","modified_gmt":"2021-10-20T16:41:33","slug":"sesion-02b","status":"publish","type":"page","link":"https:\/\/edublog.educastur.es\/ixuxullingua\/3-terceru\/terceru-20-21\/02-primer-trimestre\/sesion-02b\/","title":{"rendered":"Sesi\u00f3n 02b"},"content":{"rendered":"<ul>\n<li><a href=\"https:\/\/www.oviedo.es\/descubre\/con-f-de-fiesta\/folixa\/el-desarme\">Ver Noticia Ayto. de Oviedo<\/a><\/li>\n<\/ul>\n<p><img loading=\"lazy\" decoding=\"async\" class=\"alignleft size-full\" src=\"https:\/\/cateringdelnorte.es\/wp-content\/uploads\/2018\/10\/educastur.jpg\" width=\"646\" height=\"330\" \/><\/p>\n<p><a href=\"https:\/\/carniceriasrodera.com\/wp-content\/uploads\/2017\/10\/desarme-1.jpg\"><img loading=\"lazy\" decoding=\"async\" class=\"alignnone size-full\" src=\"https:\/\/carniceriasrodera.com\/wp-content\/uploads\/2017\/10\/desarme-1.jpg\" width=\"636\" height=\"424\" \/><\/a><\/p>\n<p><b>El desarme<\/b> es una <a title=\"Fiesta\" href=\"https:\/\/es.wikipedia.org\/wiki\/Fiesta\">fiesta<\/a> tradicional que se celebra en la ciudad espa\u00f1ola de <a title=\"Oviedo\" href=\"https:\/\/es.wikipedia.org\/wiki\/Oviedo\">Oviedo<\/a>, capital del <a class=\"mw-redirect\" title=\"Principado de Asturias\" href=\"https:\/\/es.wikipedia.org\/wiki\/Principado_de_Asturias\">Principado de Asturias<\/a>. <a href=\"https:\/\/es.wikipedia.org\/wiki\/El_desarme\">(Ver historia).<\/a> <strong>Fiesta de Inter\u00e9s Tur\u00edstico Regional. <\/strong>Cada <a title=\"19 de octubre\" href=\"https:\/\/es.wikipedia.org\/wiki\/19_de_octubre\">19 de octubre<\/a> sus restaurantes presentan el cartel anunciador: <b>\u00a1Hay desarme\u00a1<\/b>.<\/p>\n<p><a href=\"https:\/\/www.oviedo.es\/documents\/25041\/191872\/Cartel_011019.jpg\/de8e6b9c-79e0-4daf-b986-875949672102?t=1570704559716\"><img loading=\"lazy\" decoding=\"async\" class=\"alignnone \" src=\"https:\/\/www.oviedo.es\/documents\/25041\/191872\/Cartel_011019.jpg\/de8e6b9c-79e0-4daf-b986-875949672102?t=1570704559716\" width=\"214\" height=\"301\" \/><\/a>\/ <a href=\"https:\/\/1.bp.blogspot.com\/-F2mHsOOvnYc\/XaS2TnqdkrI\/AAAAAAAANAM\/Phdu0wMSaFgC7LBJPfdyrxaiLYA0Pu9GgCLcBGAsYHQ\/s640\/Desarme%2B2019%2Ben%2BAsturias%2B%25284%2529.jpg\"><img loading=\"lazy\" decoding=\"async\" class=\"alignnone \" src=\"https:\/\/1.bp.blogspot.com\/-F2mHsOOvnYc\/XaS2TnqdkrI\/AAAAAAAANAM\/Phdu0wMSaFgC7LBJPfdyrxaiLYA0Pu9GgCLcBGAsYHQ\/s640\/Desarme%2B2019%2Ben%2BAsturias%2B%25284%2529.jpg\" width=\"203\" height=\"299\" \/><\/a><\/p>\n<p>La exitosa fiesta gastron\u00f3mica ofrece invariablemente, en restaurantes y casas particulares, el suculento men\u00fa especial formado por <a class=\"mw-redirect\" title=\"Garbanzo\" href=\"https:\/\/es.wikipedia.org\/wiki\/Garbanzo\">garbanzos<\/a> con <a class=\"mw-redirect\" title=\"Bacalao\" href=\"https:\/\/es.wikipedia.org\/wiki\/Bacalao\">bacalao<\/a> y <a class=\"mw-redirect\" title=\"Espinaca\" href=\"https:\/\/es.wikipedia.org\/wiki\/Espinaca\">espinacas<\/a>, <a title=\"Callos a la asturiana\" href=\"https:\/\/es.wikipedia.org\/wiki\/Callos_a_la_asturiana\">callos a la asturiana<\/a> y <a title=\"Arroz con leche\" href=\"https:\/\/es.wikipedia.org\/wiki\/Arroz_con_leche\">arroz con leche<\/a>.<\/p>\n<p><a href=\"http:\/\/edublog.educastur.es\/corredoria3\/files\/2020\/10\/image003.jpg\"><img loading=\"lazy\" decoding=\"async\" class=\"size-full wp-image-1711 alignleft\" src=\"http:\/\/edublog.educastur.es\/corredoria3\/files\/2020\/10\/image003.jpg\" alt=\"\" width=\"178\" height=\"164\" \/><\/a><\/p>\n<p>&nbsp;<\/p>\n<p>&nbsp;<\/p>\n<p>&nbsp;<\/p>\n<p><a href=\"http:\/\/edublog.educastur.es\/corredoria3\/files\/2020\/10\/vi-capitulo-de-cofradia-de-el-desarme-27.jpg\"><img loading=\"lazy\" decoding=\"async\" class=\"aligncenter size-full wp-image-1712\" src=\"http:\/\/edublog.educastur.es\/corredoria3\/files\/2020\/10\/vi-capitulo-de-cofradia-de-el-desarme-27.jpg\" alt=\"\" width=\"800\" height=\"533\" \/><\/a><\/p>\n<p>&nbsp;<\/p>\n<ul>\n<li><a href=\"https:\/\/www.youtube.com\/watch?v=0rLXH1I7eEk\">Ver video<\/a><\/li>\n<\/ul>\n\n<!-- iframe plugin v.6.0 wordpress.org\/plugins\/iframe\/ -->\n<iframe loading=\"lazy\" width=\"588\" height=\"331\" src=\"https:\/\/www.youtube.com\/embed\/0rLXH1I7eEk\" scrolling=\"yes\" class=\"iframe-class\" frameborder=\"0\"><\/iframe>\n\n<p><a href=\"https:\/\/www.oviedo.es\/documents\/25041\/191872\/desarme.jpg\/5051aaf9-0023-4046-8b02-1c0d1b11d439?t=1530195781608\"><img loading=\"lazy\" decoding=\"async\" class=\"alignnone size-full\" src=\"https:\/\/www.oviedo.es\/documents\/25041\/191872\/desarme.jpg\/5051aaf9-0023-4046-8b02-1c0d1b11d439?t=1530195781608\" width=\"1500\" height=\"997\" \/><\/a><\/p>\n<p>El Desarme, <strong>una de las tradiciones culinarias y gastron\u00f3micas m\u00e1s antiguas de Espa\u00f1a<\/strong>, es buen ejemplo. <strong>Desde hace casi dos siglos<\/strong>, Oviedo lo celebra, <strong>cada 19 de octubre. <\/strong>La base hist\u00f3rica de las Guerras Carlistas ha devenido en leyenda \u00e9pica con <strong>distintas versiones<\/strong>, que no restan m\u00e9rito a la pac\u00edfica victoria que origin\u00f3 la fiesta del Desarme.<\/p>\n<p><strong>La m\u00e1s aceptada<\/strong> asegura que all\u00e1 por <strong>1856 <\/strong>y a las afueras de Oviedo, uno de los bandos disfrutaba de una copiosa comida que ten\u00eda como plato principal garbanzos con bacalao y espinacas, descuido que aprovech\u00f3 el enemigo para robarle las armas.<\/p>\n<p><strong>Otra interpretaci\u00f3n<\/strong> remite al 18 de octubre de 1836, cuando Oviedo logr\u00f3 repeler el m\u00e1s fuerte de los ataques carlistas, tras lo que la ciudad conmemor\u00f3 su victoria con un men\u00fa compuesto por garbanzos con bacalao, origen del plato principal del men\u00fa del Desarme.<\/p>\n<p><strong>Incluso hay una tercera versi\u00f3n<\/strong>. Se dice que los ovetenses, sin medios para afrontar un asalto a la ciudad, dejaron entrar a los enemigos y les invitaron \u00aba una comilona\u00bb con el consabido y contundente potaje, que les llev\u00f3 al sopor y a la siesta, momento que aprovecharon para robarles el armamento.<\/p>\n<p style=\"text-align: center\">\n<!-- iframe plugin v.6.0 wordpress.org\/plugins\/iframe\/ -->\n<iframe loading=\"lazy\" src=\"https:\/\/www.facebook.com\/plugins\/post.php?href=https%3A%2F%2Fwww.facebook.com%2Fphoto.php%3Ffbid%3D3989767774371280%26set%3Da.106420296039400%26type%3D3&#038;show_text=true&#038;width=500\" width=\"500\" height=\"497\" style=\"border:none;overflow:hidden\" scrolling=\"no\" frameborder=\"0\" allowfullscreen=\"true\" allow=\"autoplay; clipboard-write; encrypted-media; picture-in-picture; web-share\" 0=\"\/iframe\" class=\"iframe-class\"><\/iframe>\n<\/p>\n<ul>\n<li><a href=\"https:\/\/www.facebook.com\/photo\/?fbid=3989767774371280&amp;set=pcb.3989771721037552\"><span style=\"font-size: 14pt\"><strong>Enllaz al c\u00f3mic<\/strong><\/span><\/a><\/li>\n<\/ul>\n","protected":false},"excerpt":{"rendered":"<p>Ver Noticia Ayto. de Oviedo El desarme es una fiesta tradicional que se celebra en la ciudad espa\u00f1ola de Oviedo, capital del Principado de Asturias. (Ver historia). Fiesta de Inter\u00e9s Tur\u00edstico Regional. Cada 19 de octubre sus restaurantes presentan el cartel anunciador: \u00a1Hay desarme\u00a1. \/ La exitosa fiesta gastron\u00f3mica ofrece invariablemente, en restaurantes y casas [&hellip;]<\/p>\n","protected":false},"author":117,"featured_media":0,"parent":214,"menu_order":0,"comment_status":"closed","ping_status":"closed","template":"","meta":{"footnotes":""},"class_list":["post-1160","page","type-page","status-publish","hentry","post-preview"],"_links":{"self":[{"href":"https:\/\/edublog.educastur.es\/ixuxullingua\/wp-json\/wp\/v2\/pages\/1160","targetHints":{"allow":["GET"]}}],"collection":[{"href":"https:\/\/edublog.educastur.es\/ixuxullingua\/wp-json\/wp\/v2\/pages"}],"about":[{"href":"https:\/\/edublog.educastur.es\/ixuxullingua\/wp-json\/wp\/v2\/types\/page"}],"author":[{"embeddable":true,"href":"https:\/\/edublog.educastur.es\/ixuxullingua\/wp-json\/wp\/v2\/users\/117"}],"replies":[{"embeddable":true,"href":"https:\/\/edublog.educastur.es\/ixuxullingua\/wp-json\/wp\/v2\/comments?post=1160"}],"version-history":[{"count":4,"href":"https:\/\/edublog.educastur.es\/ixuxullingua\/wp-json\/wp\/v2\/pages\/1160\/revisions"}],"predecessor-version":[{"id":3001,"href":"https:\/\/edublog.educastur.es\/ixuxullingua\/wp-json\/wp\/v2\/pages\/1160\/revisions\/3001"}],"up":[{"embeddable":true,"href":"https:\/\/edublog.educastur.es\/ixuxullingua\/wp-json\/wp\/v2\/pages\/214"}],"wp:attachment":[{"href":"https:\/\/edublog.educastur.es\/ixuxullingua\/wp-json\/wp\/v2\/media?parent=1160"}],"curies":[{"name":"wp","href":"https:\/\/api.w.org\/{rel}","templated":true}]}}

Sesión 02b

<ul>
<li><a href="https://www.oviedo.es/descubre/con-f-de-fiesta/folixa/el-desarme">Ver Noticia Ayto. de Oviedo</a></li>
</ul>
<p><img loading="lazy" decoding="async" class="alignleft size-full" src="https://cateringdelnorte.es/wp-content/uploads/2018/10/educastur.jpg" width="646" height="330" /></p>
<p><a href="https://carniceriasrodera.com/wp-content/uploads/2017/10/desarme-1.jpg"><img loading="lazy" decoding="async" class="alignnone size-full" src="https://carniceriasrodera.com/wp-content/uploads/2017/10/desarme-1.jpg" width="636" height="424" /></a></p>
<p><b>El desarme</b> es una <a title="Fiesta" href="https://es.wikipedia.org/wiki/Fiesta">fiesta</a> tradicional que se celebra en la ciudad española de <a title="Oviedo" href="https://es.wikipedia.org/wiki/Oviedo">Oviedo</a>, capital del <a class="mw-redirect" title="Principado de Asturias" href="https://es.wikipedia.org/wiki/Principado_de_Asturias">Principado de Asturias</a>. <a href="https://es.wikipedia.org/wiki/El_desarme">(Ver historia).</a> <strong>Fiesta de Interés Turístico Regional. </strong>Cada <a title="19 de octubre" href="https://es.wikipedia.org/wiki/19_de_octubre">19 de octubre</a> sus restaurantes presentan el cartel anunciador: <b>¡Hay desarme¡</b>.</p>
<p><a href="https://www.oviedo.es/documents/25041/191872/Cartel_011019.jpg/de8e6b9c-79e0-4daf-b986-875949672102?t=1570704559716"><img loading="lazy" decoding="async" class="alignnone " src="https://www.oviedo.es/documents/25041/191872/Cartel_011019.jpg/de8e6b9c-79e0-4daf-b986-875949672102?t=1570704559716" width="214" height="301" /></a>/ <a href="https://1.bp.blogspot.com/-F2mHsOOvnYc/XaS2TnqdkrI/AAAAAAAANAM/Phdu0wMSaFgC7LBJPfdyrxaiLYA0Pu9GgCLcBGAsYHQ/s640/Desarme%2B2019%2Ben%2BAsturias%2B%25284%2529.jpg"><img loading="lazy" decoding="async" class="alignnone " src="https://1.bp.blogspot.com/-F2mHsOOvnYc/XaS2TnqdkrI/AAAAAAAANAM/Phdu0wMSaFgC7LBJPfdyrxaiLYA0Pu9GgCLcBGAsYHQ/s640/Desarme%2B2019%2Ben%2BAsturias%2B%25284%2529.jpg" width="203" height="299" /></a></p>
<p>La exitosa fiesta gastronómica ofrece invariablemente, en restaurantes y casas particulares, el suculento menú especial formado por <a class="mw-redirect" title="Garbanzo" href="https://es.wikipedia.org/wiki/Garbanzo">garbanzos</a> con <a class="mw-redirect" title="Bacalao" href="https://es.wikipedia.org/wiki/Bacalao">bacalao</a> y <a class="mw-redirect" title="Espinaca" href="https://es.wikipedia.org/wiki/Espinaca">espinacas</a>, <a title="Callos a la asturiana" href="https://es.wikipedia.org/wiki/Callos_a_la_asturiana">callos a la asturiana</a> y <a title="Arroz con leche" href="https://es.wikipedia.org/wiki/Arroz_con_leche">arroz con leche</a>.</p>
<p><a href="http://edublog.educastur.es/corredoria3/files/2020/10/image003.jpg"><img loading="lazy" decoding="async" class="size-full wp-image-1711 alignleft" src="http://edublog.educastur.es/corredoria3/files/2020/10/image003.jpg" alt="" width="178" height="164" /></a></p>
<p>&nbsp;</p>
<p>&nbsp;</p>
<p>&nbsp;</p>
<p><a href="http://edublog.educastur.es/corredoria3/files/2020/10/vi-capitulo-de-cofradia-de-el-desarme-27.jpg"><img loading="lazy" decoding="async" class="aligncenter size-full wp-image-1712" src="http://edublog.educastur.es/corredoria3/files/2020/10/vi-capitulo-de-cofradia-de-el-desarme-27.jpg" alt="" width="800" height="533" /></a></p>
<p>&nbsp;</p>
<ul>
<li><a href="https://www.youtube.com/watch?v=0rLXH1I7eEk">Ver video</a></li>
</ul>

<!-- iframe plugin v.6.0 wordpress.org/plugins/iframe/ -->
<iframe loading="lazy" width="588" height="331" src="https://www.youtube.com/embed/0rLXH1I7eEk" scrolling="yes" class="iframe-class" frameborder="0"></iframe>

<p><a href="https://www.oviedo.es/documents/25041/191872/desarme.jpg/5051aaf9-0023-4046-8b02-1c0d1b11d439?t=1530195781608"><img loading="lazy" decoding="async" class="alignnone size-full" src="https://www.oviedo.es/documents/25041/191872/desarme.jpg/5051aaf9-0023-4046-8b02-1c0d1b11d439?t=1530195781608" width="1500" height="997" /></a></p>
<p>El Desarme, <strong>una de las tradiciones culinarias y gastronómicas más antiguas de España</strong>, es buen ejemplo. <strong>Desde hace casi dos siglos</strong>, Oviedo lo celebra, <strong>cada 19 de octubre. </strong>La base histórica de las Guerras Carlistas ha devenido en leyenda épica con <strong>distintas versiones</strong>, que no restan mérito a la pacífica victoria que originó la fiesta del Desarme.</p>
<p><strong>La más aceptada</strong> asegura que allá por <strong>1856 </strong>y a las afueras de Oviedo, uno de los bandos disfrutaba de una copiosa comida que tenía como plato principal garbanzos con bacalao y espinacas, descuido que aprovechó el enemigo para robarle las armas.</p>
<p><strong>Otra interpretación</strong> remite al 18 de octubre de 1836, cuando Oviedo logró repeler el más fuerte de los ataques carlistas, tras lo que la ciudad conmemoró su victoria con un menú compuesto por garbanzos con bacalao, origen del plato principal del menú del Desarme.</p>
<p><strong>Incluso hay una tercera versión</strong>. Se dice que los ovetenses, sin medios para afrontar un asalto a la ciudad, dejaron entrar a los enemigos y les invitaron «a una comilona» con el consabido y contundente potaje, que les llevó al sopor y a la siesta, momento que aprovecharon para robarles el armamento.</p>
<p style="text-align: center">
<!-- iframe plugin v.6.0 wordpress.org/plugins/iframe/ -->
<iframe loading="lazy" src="https://www.facebook.com/plugins/post.php?href=https%3A%2F%2Fwww.facebook.com%2Fphoto.php%3Ffbid%3D3989767774371280%26set%3Da.106420296039400%26type%3D3&#038;show_text=true&#038;width=500" width="500" height="497" style="border:none;overflow:hidden" scrolling="no" frameborder="0" allowfullscreen="true" allow="autoplay; clipboard-write; encrypted-media; picture-in-picture; web-share" 0="/iframe" class="iframe-class"></iframe>
</p>
<ul>
<li><a href="https://www.facebook.com/photo/?fbid=3989767774371280&amp;set=pcb.3989771721037552"><span style="font-size: 14pt"><strong>Enllaz al cómic</strong></span></a></li>
</ul>

<p>Ver Noticia Ayto. de Oviedo El desarme es una fiesta tradicional que se celebra en la ciudad española de Oviedo, capital del Principado de Asturias. (Ver historia). Fiesta de Interés Turístico Regional. Cada 19 de octubre sus restaurantes presentan el cartel anunciador: ¡Hay desarme¡. / La exitosa fiesta gastronómica ofrece invariablemente, en restaurantes y casas [&hellip;]</p>
